-- https://www.phpmyadmin.net/
--

START TRANSACTION;



--
-- Database: `db4395_triforchange`
--

-- --------------------------------------------------------

--
-- Table structure for table `wp_t4changecommentmeta`
--

CREATE TABLE `wp_t4changecommentmeta` (
  `meta_id` bigint(20) UNSIGNED NOT NULL,
  `comment_id` bigint(20) UNSIGNED NOT NULL DEFAULT '0',
  `meta_key` varchar(255) DEFAULT NULL,
  `meta_value` longtext
) ENGINE=MyISAM DEFAULT CHARSET=utf8;

-- --------------------------------------------------------

--
-- Table structure for table `wp_t4changecomments`
--

CREATE TABLE `wp_t4changecomments` (
  `comment_ID` bigint(20) UNSIGNED NOT NULL,
  `comment_post_ID` bigint(20) UNSIGNED NOT NULL DEFAULT '0',
  `comment_author` tinytext NOT NULL,
  `comment_author_email` varchar(100) NOT NULL DEFAULT '',
  `comment_author_url` varchar(200) NOT NULL DEFAULT '',
  `comment_author_IP` varchar(100) NOT NULL DEFAULT '',
  `comment_date` datetime NOT NULL DEFAULT '0000-00-00 00:00:00',
  `comment_date_gmt` datetime NOT NULL DEFAULT '0000-00-00 00:00:00',
  `comment_content` text NOT NULL,
  `comment_karma` int(11) NOT NULL DEFAULT '0',
  `comment_approved` varchar(20) NOT NULL DEFAULT '1',
  `comment_agent` varchar(255) NOT NULL DEFAULT '',
  `comment_type` varchar(20) NOT NULL DEFAULT '',
  `comment_parent` bigint(20) UNSIGNED NOT NULL DEFAULT '0',
  `user_id` bigint(20) UNSIGNED NOT NULL DEFAULT '0'
) ENGINE=MyISAM DEFAULT CHARSET=utf8;

--
-- Dumping data for table `wp_t4changecomments`
--

INSERT INTO `wp_t4changecomments` (`comment_ID`, `comment_post_ID`, `comment_author`, `comment_author_email`, `comment_author_url`, `comment_author_IP`, `comment_date`, `comment_date_gmt`, `comment_content`, `comment_karma`, `comment_approved`, `comment_agent`, `comment_type`, `comment_parent`, `user_id`) VALUES
(1, 1, 'Mr WordPress', '', 'http://wordpress.org/', '', '2013-12-31 20:10:59', '2013-12-31 20:10:59', 'Hi, this is a comment.\nTo delete a comment, just log in and view the post&#039;s comments. There you will have the option to edit or delete them.', 0, '1', '', '', 0, 0);

-- --------------------------------------------------------

--
-- Table structure for table `wp_t4changelinks`
--

CREATE TABLE `wp_t4changelinks` (
  `link_id` bigint(20) UNSIGNED NOT NULL,
  `link_url` varchar(255) NOT NULL DEFAULT '',
  `link_name` varchar(255) NOT NULL DEFAULT '',
  `link_image` varchar(255) NOT NULL DEFAULT '',
  `link_target` varchar(25) NOT NULL DEFAULT '',
  `link_description` varchar(255) NOT NULL DEFAULT '',
  `link_visible` varchar(20) NOT NULL DEFAULT 'Y',
  `link_owner` bigint(20) UNSIGNED NOT NULL DEFAULT '1',
  `link_rating` int(11) NOT NULL DEFAULT '0',
  `link_updated` datetime NOT NULL DEFAULT '0000-00-00 00:00:00',
  `link_rel` varchar(255) NOT NULL DEFAULT '',
  `link_notes` mediumtext NOT NULL,
  `link_rss` varchar(255) NOT NULL DEFAULT ''
) ENGINE=MyISAM DEFAULT CHARSET=utf8;

-- --------------------------------------------------------

--
-- Table structure for table `wp_t4changeoptions`
--

CREATE TABLE `wp_t4changeoptions` (
  `option_id` bigint(20) UNSIGNED NOT NULL,
  `option_name` varchar(64) NOT NULL DEFAULT '',
  `option_value` longtext NOT NULL,
  `autoload` varchar(20) NOT NULL DEFAULT 'yes'
) ENGINE=MyISAM DEFAULT CHARSET=utf8;

--
-- Dumping data for table `wp_t4changeoptions`
--

INSERT INTO `wp_t4changeoptions` (`option_id`, `option_name`, `option_value`, `autoload`) VALUES
(1, 'siteurl', 'http://triforchange.com', 'yes'),
(2, 'blogname', 'TriforChange.com', 'yes'),
(3, 'blogdescription', 'Making a difference one race at a time.', 'yes'),
(4, 'users_can_register', '0', 'yes'),
(5, 'admin_email', 'berchman@berchman.com', 'yes'),
(6, 'start_of_week', '1', 'yes'),
(7, 'use_balanceTags', '0', 'yes'),
(8, 'use_smilies', '1', 'yes'),
(9, 'require_name_email', '1', 'yes'),
(10, 'comments_notify', '1', 'yes'),
(11, 'posts_per_rss', '10', 'yes'),
(12, 'rss_use_excerpt', '0', 'yes'),
(13, 'mailserver_url', 'mail.example.com', 'yes'),
(14, 'mailserver_login', 'login@example.com', 'yes'),
(15, 'mailserver_pass', 'password', 'yes'),
(16, 'mailserver_port', '110', 'yes'),
(17, 'default_category', '1', 'yes'),
(18, 'default_comment_status', 'closed', 'yes'),
(19, 'default_ping_status', 'open', 'yes'),
(20, 'default_pingback_flag', '', 'yes'),
(21, 'posts_per_page', '10', 'yes'),
(22, 'date_format', 'F j, Y', 'yes'),
(23, 'time_format', 'g:i a', 'yes'),
(24, 'links_updated_date_format', 'F j, Y g:i a', 'yes'),
(28, 'comment_moderation', '', 'yes'),
(29, 'moderation_notify', '1', 'yes'),
(30, 'permalink_structure', '/%postname%/', 'yes'),
(31, 'gzipcompression', '0', 'yes'),
(32, 'hack_file', '0', 'yes'),
(33, 'blog_charset', 'UTF-8', 'yes'),
(34, 'moderation_keys', '', 'no'),
(35, 'active_plugins', 'a:0:{}', 'yes'),
(36, 'home', 'http://triforchange.com', 'yes'),
(37, 'category_base', '', 'yes'),
(38, 'ping_sites', 'http://rpc.pingomatic.com/', 'yes'),
(39, 'advanced_edit', '0', 'yes'),
(40, 'comment_max_links', '2', 'yes'),
(41, 'gmt_offset', '0', 'yes'),
(42, 'default_email_category', '1', 'yes'),
(43, 'recently_edited', 'a:2:{i:0;s:86:\"/nfs/c01/h13/mnt/4395/domains/triforchange.com/html/wp-content/themes/graphy/style.css\";i:2;s:0:\"\";}', 'no'),
(44, 'template', 'graphy', 'yes'),
(45, 'stylesheet', 'graphy', 'yes'),
(46, 'comment_whitelist', '1', 'yes'),
(47, 'blacklist_keys', '', 'no'),
(48, 'comment_registration', '', 'yes'),
(49, 'html_type', 'text/html', 'yes'),
(50, 'use_trackback', '0', 'yes'),
(51, 'default_role', 'subscriber', 'yes'),
(52, 'db_version', '30135', 'yes'),
(53, 'uploads_use_yearmonth_folders', '1', 'yes'),
(54, 'upload_path', '', 'yes'),
(55, 'blog_public', '0', 'yes'),
(56, 'default_link_category', '2', 'yes'),
(57, 'show_on_front', 'page', 'yes'),
(58, 'tag_base', '', 'yes'),
(59, 'show_avatars', '1', 'yes'),
(60, 'avatar_rating', 'G', 'yes'),
(61, 'upload_url_path', '', 'yes'),
(62, 'thumbnail_size_w', '150', 'yes'),
(63, 'thumbnail_size_h', '150', 'yes'),
(64, 'thumbnail_crop', '1', 'yes'),
(65, 'medium_size_w', '300', 'yes'),
(66, 'medium_size_h', '300', 'yes'),
(67, 'avatar_default', 'mystery', 'yes'),
(68, 'large_size_w', '1024', 'yes'),
(69, 'large_size_h', '1024', 'yes'),
(70, 'image_default_link_type', 'file', 'yes'),
(71, 'image_default_size', '', 'yes'),
(72, 'image_default_align', '', 'yes'),
(73, 'close_comments_for_old_posts', '', 'yes'),
(74, 'close_comments_days_old', '14', 'yes'),
(75, 'thread_comments', '1', 'yes'),
(76, 'thread_comments_depth', '5', 'yes'),
(77, 'page_comments', '', 'yes'),
(78, 'comments_per_page', '50', 'yes'),
(79, 'default_comments_page', 'newest', 'yes'),
(80, 'comment_order', 'asc', 'yes'),
(81, 'sticky_posts', 'a:0:{}', 'yes'),
(82, 'widget_categories', 'a:2:{i:2;a:4:{s:5:\"title\";s:0:\"\";s:5:\"count\";i:0;s:12:\"hierarchical\";i:0;s:8:\"dropdown\";i:0;}s:12:\"_multiwidget\";i:1;}', 'yes'),
(83, 'widget_text', 'a:0:{}', 'yes'),
(84, 'widget_rss', 'a:0:{}', 'yes'),
(85, 'uninstall_plugins', 'a:0:{}', 'no'),
(86, 'timezone_string', '', 'yes'),
(87, 'page_for_posts', '12', 'yes'),
(88, 'page_on_front', '7', 'yes'),
(89, 'default_post_format', '0', 'yes'),
(90, 'link_manager_enabled', '0', 'yes'),
(91, 'initial_db_version', '26691', 'yes'),
(92, 'wp_t4changeuser_roles', 'a:5:{s:13:\"administrator\";a:2:{s:4:\"name\";s:13:\"Administrator\";s:12:\"capabilities\";a:62:{s:13:\"switch_themes\";b:1;s:11:\"edit_themes\";b:1;s:16:\"activate_plugins\";b:1;s:12:\"edit_plugins\";b:1;s:10:\"edit_users\";b:1;s:10:\"edit_files\";b:1;s:14:\"manage_options\";b:1;s:17:\"moderate_comments\";b:1;s:17:\"manage_categories\";b:1;s:12:\"manage_links\";b:1;s:12:\"upload_files\";b:1;s:6:\"import\";b:1;s:15:\"unfiltered_html\";b:1;s:10:\"edit_posts\";b:1;s:17:\"edit_others_posts\";b:1;s:20:\"edit_published_posts\";b:1;s:13:\"publish_posts\";b:1;s:10:\"edit_pages\";b:1;s:4:\"read\";b:1;s:8:\"level_10\";b:1;s:7:\"level_9\";b:1;s:7:\"level_8\";b:1;s:7:\"level_7\";b:1;s:7:\"level_6\";b:1;s:7:\"level_5\";b:1;s:7:\"level_4\";b:1;s:7:\"level_3\";b:1;s:7:\"level_2\";b:1;s:7:\"level_1\";b:1;s:7:\"level_0\";b:1;s:17:\"edit_others_pages\";b:1;s:20:\"edit_published_pages\";b:1;s:13:\"publish_pages\";b:1;s:12:\"delete_pages\";b:1;s:19:\"delete_others_pages\";b:1;s:22:\"delete_published_pages\";b:1;s:12:\"delete_posts\";b:1;s:19:\"delete_others_posts\";b:1;s:22:\"delete_published_posts\";b:1;s:20:\"delete_private_posts\";b:1;s:18:\"edit_private_posts\";b:1;s:18:\"read_private_posts\";b:1;s:20:\"delete_private_pages\";b:1;s:18:\"edit_private_pages\";b:1;s:18:\"read_private_pages\";b:1;s:12:\"delete_users\";b:1;s:12:\"create_users\";b:1;s:17:\"unfiltered_upload\";b:1;s:14:\"edit_dashboard\";b:1;s:14:\"update_plugins\";b:1;s:14:\"delete_plugins\";b:1;s:15:\"install_plugins\";b:1;s:13:\"update_themes\";b:1;s:14:\"install_themes\";b:1;s:11:\"update_core\";b:1;s:10:\"list_users\";b:1;s:12:\"remove_users\";b:1;s:9:\"add_users\";b:1;s:13:\"promote_users\";b:1;s:18:\"edit_theme_options\";b:1;s:13:\"delete_themes\";b:1;s:6:\"export\";b:1;}}s:6:\"editor\";a:2:{s:4:\"name\";s:6:\"Editor\";s:12:\"capabilities\";a:34:{s:17:\"moderate_comments\";b:1;s:17:\"manage_categories\";b:1;s:12:\"manage_links\";b:1;s:12:\"upload_files\";b:1;s:15:\"unfiltered_html\";b:1;s:10:\"edit_posts\";b:1;s:17:\"edit_others_posts\";b:1;s:20:\"edit_published_posts\";b:1;s:13:\"publish_posts\";b:1;s:10:\"edit_pages\";b:1;s:4:\"read\";b:1;s:7:\"level_7\";b:1;s:7:\"level_6\";b:1;s:7:\"level_5\";b:1;s:7:\"level_4\";b:1;s:7:\"level_3\";b:1;s:7:\"level_2\";b:1;s:7:\"level_1\";b:1;s:7:\"level_0\";b:1;s:17:\"edit_others_pages\";b:1;s:20:\"edit_published_pages\";b:1;s:13:\"publish_pages\";b:1;s:12:\"delete_pages\";b:1;s:19:\"delete_others_pages\";b:1;s:22:\"delete_published_pages\";b:1;s:12:\"delete_posts\";b:1;s:19:\"delete_others_posts\";b:1;s:22:\"delete_published_posts\";b:1;s:20:\"delete_private_posts\";b:1;s:18:\"edit_private_posts\";b:1;s:18:\"read_private_posts\";b:1;s:20:\"delete_private_pages\";b:1;s:18:\"edit_private_pages\";b:1;s:18:\"read_private_pages\";b:1;}}s:6:\"author\";a:2:{s:4:\"name\";s:6:\"Author\";s:12:\"capabilities\";a:10:{s:12:\"upload_files\";b:1;s:10:\"edit_posts\";b:1;s:20:\"edit_published_posts\";b:1;s:13:\"publish_posts\";b:1;s:4:\"read\";b:1;s:7:\"level_2\";b:1;s:7:\"level_1\";b:1;s:7:\"level_0\";b:1;s:12:\"delete_posts\";b:1;s:22:\"delete_published_posts\";b:1;}}s:11:\"contributor\";a:2:{s:4:\"name\";s:11:\"Contributor\";s:12:\"capabilities\";a:5:{s:10:\"edit_posts\";b:1;s:4:\"read\";b:1;s:7:\"level_1\";b:1;s:7:\"level_0\";b:1;s:12:\"delete_posts\";b:1;}}s:10:\"subscriber\";a:2:{s:4:\"name\";s:10:\"Subscriber\";s:12:\"capabilities\";a:2:{s:4:\"read\";b:1;s:7:\"level_0\";b:1;}}}', 'yes'),
(93, 'widget_search', 'a:2:{i:2;a:1:{s:5:\"title\";s:0:\"\";}s:12:\"_multiwidget\";i:1;}', 'yes'),
(94, 'widget_recent-posts', 'a:2:{i:2;a:2:{s:5:\"title\";s:0:\"\";s:6:\"number\";i:5;}s:12:\"_multiwidget\";i:1;}', 'yes'),
(95, 'widget_recent-comments', 'a:2:{i:2;a:2:{s:5:\"title\";s:0:\"\";s:6:\"number\";i:5;}s:12:\"_multiwidget\";i:1;}', 'yes'),
(96, 'widget_archives', 'a:2:{i:2;a:3:{s:5:\"title\";s:0:\"\";s:5:\"count\";i:0;s:8:\"dropdown\";i:0;}s:12:\"_multiwidget\";i:1;}', 'yes'),
(97, 'widget_meta', 'a:2:{i:2;a:1:{s:5:\"title\";s:0:\"\";}s:12:\"_multiwidget\";i:1;}', 'yes'),
(98, 'sidebars_widgets', 'a:7:{s:19:\"wp_inactive_widgets\";a:3:{i:0;s:10:\"archives-2\";i:1;s:8:\"search-2\";i:2;s:12:\"categories-2\";}s:7:\"sidebar\";a:3:{i:0;s:14:\"recent-posts-2\";i:1;s:17:\"recent-comments-2\";i:2;s:6:\"meta-2\";}s:8:\"footer-1\";a:0:{}s:8:\"footer-2\";N;s:8:\"footer-3\";N;s:8:\"footer-4\";N;s:13:\"array_version\";i:3;}', 'yes'),
(133, 'recently_activated', 'a:0:{}', 'yes'),
(99, 'jetpack_activated', '3', 'yes'),
(101, 'cron', 'a:4:{i:1509762308;a:1:{s:30:\"wp_scheduled_auto_draft_delete\";a:1:{s:32:\"40cd750bba9870f18aada2478b24840a\";a:3:{s:8:\"schedule\";s:5:\"daily\";s:4:\"args\";a:0:{}s:8:\"interval\";i:86400;}}}i:1509783070;a:3:{s:16:\"wp_version_check\";a:1:{s:32:\"40cd750bba9870f18aada2478b24840a\";a:3:{s:8:\"schedule\";s:10:\"twicedaily\";s:4:\"args\";a:0:{}s:8:\"interval\";i:43200;}}s:17:\"wp_update_plugins\";a:1:{s:32:\"40cd750bba9870f18aada2478b24840a\";a:3:{s:8:\"schedule\";s:10:\"twicedaily\";s:4:\"args\";a:0:{}s:8:\"interval\";i:43200;}}s:16:\"wp_update_themes\";a:1:{s:32:\"40cd750bba9870f18aada2478b24840a\";a:3:{s:8:\"schedule\";s:10:\"twicedaily\";s:4:\"args\";a:0:{}s:8:\"interval\";i:43200;}}}i:1509826288;a:1:{s:19:\"wp_scheduled_delete\";a:1:{s:32:\"40cd750bba9870f18aada2478b24840a\";a:3:{s:8:\"schedule\";s:5:\"daily\";s:4:\"args\";a:0:{}s:8:\"interval\";i:86400;}}}s:7:\"version\";i:2;}', 'yes'),
(102, 'jetpack_options', 'a:2:{s:7:\"version\";s:14:\"2.7:1388520669\";s:11:\"old_version\";s:14:\"2.7:1388520669\";}', 'yes'),
(11667, '_transient_mailserver_last_checked', '1', 'no'),
(352, 'auto_core_update_notified', 'a:4:{s:4:\"type\";s:7:\"success\";s:5:\"email\";s:21:\"berchman@berchman.com\";s:7:\"version\";s:6:\"4.1.20\";s:9:\"timestamp\";i:1509493277;}', 'yes'),
(17228, '_site_transient_timeout_theme_roots', '1509761426', 'yes'),
(17229, '_site_transient_theme_roots', 'a:8:{s:10:\"Rive_Theme\";s:7:\"/themes\";s:9:\"ex-astris\";s:7:\"/themes\";s:6:\"graphy\";s:7:\"/themes\";s:9:\"stargazer\";s:7:\"/themes\";s:13:\"twentyfifteen\";s:7:\"/themes\";s:14:\"twentyfourteen\";s:7:\"/themes\";s:14:\"twentythirteen\";s:7:\"/themes\";s:12:\"twentytwelve\";s:7:\"/themes\";}', 'yes'),
(134, 'of_template', 'a:65:{i:0;a:3:{s:4:\"name\";s:16:\"General settings\";s:4:\"type\";s:7:\"heading\";s:10:\"menu_class\";s:12:\"icon-cog-alt\";}i:1;a:5:{s:4:\"name\";s:12:\"Website Logo\";s:4:\"desc\";s:38:\"Upload a custom logo for your Website.\";s:2:\"id\";s:11:\"ch_sitelogo\";s:5:\"order\";s:0:\"\";s:4:\"type\";s:6:\"upload\";}i:2;a:6:{s:4:\"name\";s:14:\"Default Layout\";s:4:\"desc\";s:73:\"Select a layout style.<br />(full, left side sidebar, right side sidebar)\";s:2:\"id\";s:15:\"ch_layout_style\";s:5:\"order\";s:4:\"full\";s:4:\"type\";s:10:\"font-icons\";s:7:\"options\";a:3:{s:4:\"left\";s:12:\"icon-th-list\";s:4:\"full\";s:9:\"icon-menu\";s:5:\"right\";s:18:\"icon-th-list-right\";}}i:3;a:5:{s:4:\"name\";s:17:\"Login Screen Logo\";s:4:\"desc\";s:21:\"Upload a custom logo.\";s:2:\"id\";s:13:\"ch_login_logo\";s:5:\"order\";s:0:\"\";s:4:\"type\";s:6:\"upload\";}i:4;a:5:{s:4:\"name\";s:7:\"Favicon\";s:4:\"desc\";s:38:\"Upload an image to use as your favicon\";s:2:\"id\";s:10:\"ch_favicon\";s:5:\"order\";s:0:\"\";s:4:\"type\";s:6:\"upload\";}i:5;a:5:{s:4:\"name\";s:19:\"Disable Breadcrumbs\";s:4:\"desc\";s:36:\"Breadcrumbs are displayed by default\";s:2:\"id\";s:13:\"ch_breadcrumb\";s:5:\"order\";s:5:\"false\";s:4:\"type\";s:8:\"checkbox\";}i:6;a:5:{s:4:\"name\";s:20:\"Breadcrumb Delimiter\";s:4:\"desc\";s:63:\"This is the symbol that will appear in between your breadcrumbs\";s:2:\"id\";s:23:\"ch_breadcrumb_delimiter\";s:5:\"order\";s:0:\"\";s:4:\"type\";s:4:\"text\";}i:7;a:5:{s:4:\"name\";s:37:\"Tracking Code or any other JavaScript\";s:4:\"desc\";s:54:\"Google Analytics tracking code or any other JavaScript\";s:2:\"id\";s:16:\"ch_tracking_code\";s:5:\"order\";s:0:\"\";s:4:\"type\";s:8:\"textarea\";}i:8;a:2:{s:4:\"name\";s:0:\"\";s:4:\"type\";s:11:\"group_close\";}i:9;a:2:{s:4:\"name\";s:15:\"Payment gateway\";s:4:\"type\";s:10:\"block_open\";}i:10;a:6:{s:4:\"name\";s:13:\"Currency code\";s:4:\"desc\";s:39:\"Select one of available currency codes.\";s:2:\"id\";s:23:\"ch_paypal_currency_code\";s:5:\"order\";s:3:\"USD\";s:4:\"type\";s:6:\"select\";s:7:\"options\";a:14:{i:0;s:3:\"USD\";i:1;s:3:\"AUD\";i:2;s:3:\"CAD\";i:3;s:3:\"CZK\";i:4;s:3:\"DDK\";i:5;s:3:\"EUR\";i:6;s:3:\"HKD\";i:7;s:3:\"HUF\";i:8;s:3:\"JPY\";i:9;s:3:\"NZD\";i:10;s:3:\"PLN\";i:11;s:3:\"GBP\";i:12;s:3:\"SEK\";i:13;s:3:\"CHF\";}}i:11;a:6:{s:4:\"name\";s:15:\"Currency symbol\";s:4:\"desc\";s:39:\"Select one of available currency signs.\";s:2:\"id\";s:16:\"ch_currency_sign\";s:5:\"order\";s:1:\"$\";s:4:\"type\";s:6:\"select\";s:7:\"options\";a:11:{i:0;s:1:\"$\";i:1;s:3:\"Kč\";i:2;s:2:\"Kr\";i:3;s:3:\"€\";i:4;s:3:\"HK$\";i:5;s:2:\"Ft\";i:6;s:2:\"¥\";i:7;s:3:\"zł\";i:8;s:2:\"£\";i:9;s:2:\"kr\";i:10;s:3:\"CHF\";}}i:12;a:5:{s:4:\"name\";s:17:\"Thank you page ID\";s:4:\"desc\";s:17:\"Thank you page ID\";s:2:\"id\";s:18:\"ch_paypal_thankyou\";s:5:\"order\";s:0:\"\";s:4:\"type\";s:4:\"text\";}i:13;a:6:{s:4:\"name\";s:15:\"Payment gateway\";s:4:\"desc\";s:79:\"Please select which payment gateway you would like to use for causes donations.\";s:2:\"id\";s:18:\"ch_payment_gateway\";s:5:\"order\";s:25:\"Select a payment gateway:\";s:4:\"type\";s:12:\"group_select\";s:7:\"options\";a:2:{i:0;s:6:\"PayPal\";i:1;s:13:\"Authorize.net\";}}i:14;a:5:{s:4:\"name\";s:15:\"Payment gateway\";s:4:\"type\";s:7:\"heading\";s:11:\"group_class\";s:12:\"group_paypal\";s:5:\"no_id\";b:1;s:10:\"menu_class\";s:16:\"icon-credit-card\";}i:15;a:5:{s:4:\"name\";s:12:\"PayPal email\";s:4:\"desc\";s:50:\"PayPal business email which will receive donations\";s:2:\"id\";s:15:\"ch_paypal_email\";s:5:\"order\";s:0:\"\";s:4:\"type\";s:4:\"text\";}i:16;a:5:{s:4:\"name\";s:16:\"PayPal page logo\";s:4:\"desc\";s:51:\"Upload a custom logo for your PayPal donation page.\";s:2:\"id\";s:13:\"ch_paypallogo\";s:5:\"order\";s:0:\"\";s:4:\"type\";s:6:\"upload\";}i:17;a:2:{s:4:\"name\";s:0:\"\";s:4:\"type\";s:11:\"group_close\";}i:18;a:4:{s:4:\"name\";s:0:\"\";s:4:\"type\";s:10:\"group_open\";s:11:\"group_class\";s:18:\"group_authorizenet\";s:5:\"no_id\";b:1;}i:19;a:5:{s:4:\"name\";s:12:\"API Login ID\";s:4:\"desc\";s:12:\"API Login ID\";s:2:\"id\";s:15:\"ch_api_login_id\";s:5:\"order\";s:0:\"\";s:4:\"type\";s:4:\"text\";}i:20;a:5:{s:4:\"name\";s:15:\"Transaction Key\";s:4:\"desc\";s:15:\"Transaction Key\";s:2:\"id\";s:18:\"ch_transaction_key\";s:5:\"order\";s:0:\"\";s:4:\"type\";s:4:\"text\";}i:21;a:2:{s:4:\"name\";s:0:\"\";s:4:\"type\";s:11:\"group_close\";}i:22;a:2:{s:4:\"name\";s:0:\"\";s:4:\"type\";s:11:\"block_close\";}i:23;a:3:{s:4:\"name\";s:23:\"Twitter widget settings\";s:4:\"type\";s:7:\"heading\";s:10:\"menu_class\";s:12:\"icon-twitter\";}i:24;a:5:{s:4:\"name\";s:12:\"Consumer key\";s:4:\"desc\";s:42:\"Please enter your Twitter API consumer key\";s:2:\"id\";s:23:\"ch_twitter_consumer_key\";s:5:\"order\";s:0:\"\";s:4:\"type\";s:4:\"text\";}i:25;a:5:{s:4:\"name\";s:15:\"Consumer secret\";s:4:\"desc\";s:45:\"Please enter your Twitter API consumer secret\";s:2:\"id\";s:26:\"ch_twitter_consumer_secret\";s:5:\"order\";s:0:\"\";s:4:\"type\";s:4:\"text\";}i:26;a:5:{s:4:\"name\";s:12:\"Access token\";s:4:\"desc\";s:47:\"Please enter your Twitter API User Access token\";s:2:\"id\";s:21:\"ch_twitter_user_token\";s:5:\"order\";s:0:\"\";s:4:\"type\";s:4:\"text\";}i:27;a:5:{s:4:\"name\";s:19:\"Access token secret\";s:4:\"desc\";s:54:\"Please enter your Twitter API User Access token secret\";s:2:\"id\";s:22:\"ch_twitter_user_secret\";s:5:\"order\";s:0:\"\";s:4:\"type\";s:4:\"text\";}i:28;a:2:{s:4:\"name\";s:0:\"\";s:4:\"type\";s:11:\"group_close\";}i:29;a:3:{s:4:\"name\";s:21:\"Tiled header settings\";s:4:\"type\";s:7:\"heading\";s:10:\"menu_class\";s:13:\"icon-th-large\";}i:30;a:6:{s:4:\"name\";s:23:\"Select projects from...\";s:4:\"desc\";s:108:\"You have two options, either to select all projects from parent page or select projects based on exact id\'s.\";s:2:\"id\";s:23:\"ch_select_projects_from\";s:5:\"order\";s:12:\"Select from:\";s:4:\"type\";s:6:\"select\";s:7:\"options\";a:2:{i:0;s:11:\"parent page\";i:1;s:10:\"exact id\'s\";}}i:31;a:5:{s:4:\"name\";s:12:\"Project ID\'s\";s:4:\"desc\";s:67:\"Specify one or more ID\'s separated by \';\'. Example: 123;456;543;211\";s:2:\"id\";s:14:\"ch_project_ids\";s:5:\"order\";s:0:\"\";s:4:\"type\";s:4:\"text\";}i:32;a:6:{s:4:\"name\";s:12:\"Hover effect\";s:4:\"desc\";s:32:\"Tiled header image hover effect.\";s:2:\"id\";s:21:\"ch_tiled_hover_effect\";s:5:\"order\";s:16:\"Select a effect:\";s:4:\"type\";s:6:\"select\";s:7:\"options\";a:4:{i:0;s:6:\"normal\";i:1;s:6:\"linear\";i:2;s:4:\"ease\";i:3;s:7:\"ease-in\";}}i:33;a:6:{s:4:\"name\";s:24:\"Hover effect slide speed\";s:4:\"desc\";s:96:\"Enter the desired amount of time in which hover effect should complete itself (in milliseconds).\";s:2:\"id\";s:20:\"ch_tiled_hover_speed\";s:5:\"order\";s:3:\"300\";s:4:\"type\";s:4:\"text\";s:6:\"slider\";s:3:\"yes\";}i:34;a:6:{s:4:\"name\";s:13:\"Images effect\";s:4:\"desc\";s:26:\"Tiled header image effect.\";s:2:\"id\";s:21:\"ch_tiled_image_effect\";s:5:\"order\";s:16:\"Select a effect:\";s:4:\"type\";s:6:\"select\";s:7:\"options\";a:2:{i:0;s:15:\"black_and_white\";i:1;s:7:\"colored\";}}i:35;a:2:{s:4:\"name\";s:0:\"\";s:4:\"type\";s:11:\"group_close\";}i:36;a:3:{s:4:\"name\";s:14:\"Content slider\";s:4:\"type\";s:7:\"heading\";s:10:\"menu_class\";s:12:\"icon-picture\";}i:37;a:6:{s:4:\"name\";s:15:\"Slider category\";s:4:\"desc\";s:60:\"Select category that will be used for generating the slides.\";s:2:\"id\";s:23:\"ch_coin_slider_category\";s:5:\"order\";s:18:\"Select a category:\";s:4:\"type\";s:6:\"select\";s:7:\"options\";a:2:{i:0;s:18:\"Select a category:\";i:1;s:13:\"Uncategorized\";}}i:38;a:5:{s:4:\"name\";s:12:\"Slider title\";s:4:\"desc\";s:25:\"Please enter slider title\";s:2:\"id\";s:23:\"ch_content_slider_title\";s:5:\"order\";s:24:\"<span>Latest</span> News\";s:4:\"type\";s:4:\"text\";}i:39;a:2:{s:4:\"name\";s:0:\"\";s:4:\"type\";s:11:\"group_close\";}i:40;a:3:{s:4:\"name\";s:12:\"CSS settings\";s:4:\"type\";s:7:\"heading\";s:10:\"menu_class\";s:8:\"icon-css\";}i:41;a:5:{s:4:\"name\";s:10:\"Custom CSS\";s:4:\"desc\";s:26:\"Custom CSS to your website\";s:2:\"id\";s:13:\"ch_custom_css\";s:5:\"order\";s:0:\"\";s:4:\"type\";s:8:\"textarea\";}i:42;a:2:{s:4:\"name\";s:0:\"\";s:4:\"type\";s:11:\"group_close\";}i:43;a:3:{s:4:\"name\";s:19:\"JavaScript settings\";s:4:\"type\";s:7:\"heading\";s:10:\"menu_class\";s:11:\"icon-code-1\";}i:44;a:5:{s:4:\"name\";s:30:\"Google Maps API Key (v2 or v3)\";s:4:\"desc\";s:41:\"Enter your Google Maps API Key (v2 or v3)\";s:2:\"id\";s:22:\"ch_google_maps_api_key\";s:5:\"order\";s:0:\"\";s:4:\"type\";s:4:\"text\";}i:45;a:2:{s:4:\"name\";s:0:\"\";s:4:\"type\";s:11:\"group_close\";}i:46;a:3:{s:4:\"name\";s:10:\"Typography\";s:4:\"type\";s:7:\"heading\";s:10:\"menu_class\";s:9:\"icon-font\";}i:47;a:10:{s:4:\"name\";s:19:\"Primary font (dark)\";s:4:\"desc\";s:23:\"Primary font dark style\";s:2:\"id\";s:20:\"ch_primary_font_dark\";s:5:\"order\";s:0:\"\";s:4:\"type\";s:4:\"font\";s:6:\"min_px\";s:1:\"8\";s:6:\"max_px\";s:2:\"25\";s:6:\"min_ln\";s:1:\"8\";s:6:\"max_ln\";s:2:\"50\";s:5:\"color\";s:6:\"333333\";}i:48;a:10:{s:4:\"name\";s:18:\"Headings font (H1)\";s:4:\"desc\";s:19:\"Headings font style\";s:2:\"id\";s:19:\"ch_headings_font_h1\";s:5:\"order\";s:0:\"\";s:4:\"type\";s:4:\"font\";s:6:\"min_px\";s:1:\"8\";s:6:\"max_px\";s:2:\"35\";s:6:\"min_ln\";s:1:\"8\";s:6:\"max_ln\";s:2:\"50\";s:5:\"color\";s:6:\"000000\";}i:49;a:10:{s:4:\"name\";s:18:\"Headings font (H2)\";s:4:\"desc\";s:19:\"Headings font style\";s:2:\"id\";s:19:\"ch_headings_font_h2\";s:5:\"order\";s:0:\"\";s:4:\"type\";s:4:\"font\";s:6:\"min_px\";s:1:\"8\";s:6:\"max_px\";s:2:\"35\";s:6:\"min_ln\";s:1:\"8\";s:6:\"max_ln\";s:2:\"50\";s:5:\"color\";s:6:\"000000\";}i:50;a:10:{s:4:\"name\";s:18:\"Headings font (H3)\";s:4:\"desc\";s:19:\"Headings font style\";s:2:\"id\";s:19:\"ch_headings_font_h3\";s:5:\"order\";s:0:\"\";s:4:\"type\";s:4:\"font\";s:6:\"min_px\";s:1:\"8\";s:6:\"max_px\";s:2:\"35\";s:6:\"min_ln\";s:1:\"8\";s:6:\"max_ln\";s:2:\"50\";s:5:\"color\";s:6:\"000000\";}i:51;a:10:{s:4:\"name\";s:18:\"Headings font (H4)\";s:4:\"desc\";s:19:\"Headings font style\";s:2:\"id\";s:19:\"ch_headings_font_h4\";s:5:\"order\";s:0:\"\";s:4:\"type\";s:4:\"font\";s:6:\"min_px\";s:1:\"8\";s:6:\"max_px\";s:2:\"35\";s:6:\"min_ln\";s:1:\"8\";s:6:\"max_ln\";s:2:\"50\";s:5:\"color\";s:6:\"000000\";}i:52;a:10:{s:4:\"name\";s:18:\"Headings font (H5)\";s:4:\"desc\";s:19:\"Headings font style\";s:2:\"id\";s:19:\"ch_headings_font_h5\";s:5:\"order\";s:0:\"\";s:4:\"type\";s:4:\"font\";s:6:\"min_px\";s:1:\"8\";s:6:\"max_px\";s:2:\"35\";s:6:\"min_ln\";s:1:\"8\";s:6:\"max_ln\";s:2:\"50\";s:5:\"color\";s:6:\"000000\";}i:53;a:10:{s:4:\"name\";s:18:\"Headings font (H6)\";s:4:\"desc\";s:19:\"Headings font style\";s:2:\"id\";s:19:\"ch_headings_font_h6\";s:5:\"order\";s:0:\"\";s:4:\"type\";s:4:\"font\";s:6:\"min_px\";s:1:\"8\";s:6:\"max_px\";s:2:\"35\";s:6:\"min_ln\";s:1:\"8\";s:6:\"max_ln\";s:2:\"50\";s:5:\"color\";s:6:\"000000\";}i:54;a:10:{s:4:\"name\";s:28:\"Footer headings font (light)\";s:4:\"desc\";s:26:\"Footer headings font style\";s:2:\"id\";s:17:\"ch_footer_heading\";s:5:\"order\";s:0:\"\";s:4:\"type\";s:4:\"font\";s:6:\"min_px\";s:1:\"8\";s:6:\"max_px\";s:2:\"35\";s:6:\"min_ln\";s:1:\"8\";s:6:\"max_ln\";s:2:\"50\";s:5:\"color\";s:6:\"ffffff\";}i:55;a:10:{s:4:\"name\";s:24:\"Footer text font (light)\";s:4:\"desc\";s:22:\"Footer text font style\";s:2:\"id\";s:14:\"ch_footer_text\";s:5:\"order\";s:0:\"\";s:4:\"type\";s:4:\"font\";s:6:\"min_px\";s:1:\"8\";s:6:\"max_px\";s:2:\"35\";s:6:\"min_ln\";s:1:\"8\";s:6:\"max_ln\";s:2:\"50\";s:5:\"color\";s:6:\"5d5d5d\";}i:56;a:10:{s:4:\"name\";s:17:\"Normal links font\";s:4:\"desc\";s:23:\"Normal links font style\";s:2:\"id\";s:13:\"ch_links_font\";s:5:\"order\";s:0:\"\";s:4:\"type\";s:4:\"font\";s:6:\"min_px\";s:1:\"8\";s:6:\"max_px\";s:2:\"35\";s:6:\"min_ln\";s:1:\"8\";s:6:\"max_ln\";s:2:\"50\";s:5:\"color\";s:6:\"266dc4\";}i:57;a:10:{s:4:\"name\";s:17:\"Footer links font\";s:4:\"desc\";s:23:\"Footer links font style\";s:2:\"id\";s:15:\"ch_footer_links\";s:5:\"order\";s:0:\"\";s:4:\"type\";s:4:\"font\";s:6:\"min_px\";s:1:\"8\";s:6:\"max_px\";s:2:\"35\";s:6:\"min_ln\";s:1:\"8\";s:6:\"max_ln\";s:2:\"50\";s:5:\"color\";s:6:\"ffffff\";}i:58;a:2:{s:4:\"name\";s:0:\"\";s:4:\"type\";s:11:\"group_close\";}i:59;a:3:{s:4:\"name\";s:6:\"Footer\";s:4:\"type\";s:7:\"heading\";s:10:\"menu_class\";s:12:\"icon-sitemap\";}i:60;a:7:{s:4:\"name\";s:14:\"Footer Columns\";s:4:\"desc\";s:68:\"Select the number of columns you would like to display in the footer\";s:2:\"id\";s:17:\"ch_footer_columns\";s:5:\"order\";s:1:\"4\";s:4:\"type\";s:6:\"select\";s:7:\"options\";a:4:{i:0;s:1:\"1\";i:1;s:1:\"2\";i:2;s:1:\"3\";i:3;s:1:\"4\";}s:6:\"slider\";s:3:\"yes\";}i:61;a:2:{s:4:\"name\";s:0:\"\";s:4:\"type\";s:11:\"group_close\";}i:62;a:3:{s:4:\"name\";s:8:\"404 page\";s:4:\"type\";s:7:\"heading\";s:10:\"menu_class\";s:16:\"icon-attention-1\";}i:63;a:6:{s:4:\"name\";s:14:\"404 Page Title\";s:4:\"desc\";s:58:\"Set the page title that is displayed on the 404 Error Page\";s:2:\"id\";s:12:\"ch_404_title\";s:5:\"order\";s:40:\"This is somewhat embarrassing, isn\'t it?\";s:4:\"type\";s:4:\"text\";s:6:\"slider\";s:2:\"no\";}i:64;a:5:{s:4:\"name\";s:11:\"404 Message\";s:4:\"desc\";s:55:\"Set the message that is displayed on the 404 Error Page\";s:2:\"id\";s:14:\"ch_404_message\";s:5:\"order\";s:107:\"It seems we can’t find what you’re looking for. Perhaps searching, or one of the links below, can help.\";s:4:\"type\";s:8:\"textarea\";}}', 'yes'),
(135, 'of_themename', 'Charity', 'yes'),
(136, 'of_shortname', 'ch', 'yes'),
(138, 'current_theme', 'Graphy', 'yes'),
(139, 'theme_mods_Rive_Theme', 'a:2:{i:0;b:0;s:16:\"sidebars_widgets\";a:2:{s:4:\"time\";i:1395024828;s:4:\"data\";a:6:{s:19:\"wp_inactive_widgets\";a:0:{}s:15:\"slider-position\";a:6:{i:0;s:8:\"search-2\";i:1;s:14:\"recent-posts-2\";i:2;s:17:\"recent-comments-2\";i:3;s:10:\"archives-2\";i:4;s:12:\"categories-2\";i:5;s:6:\"meta-2\";}s:9:\"sidebar-1\";a:0:{}s:9:\"sidebar-2\";a:0:{}s:9:\"sidebar-3\";N;s:9:\"sidebar-4\";N;}}}', 'yes'),
(140, 'theme_switched', '', 'yes'),
(159, 'category_children', 'a:0:{}', 'yes'),
(160, 'pagenavi_options', 'a:14:{s:10:\"pages_text\";s:0:\"\";s:12:\"current_text\";s:13:\"%PAGE_NUMBER%\";s:9:\"page_text\";s:13:\"%PAGE_NUMBER%\";s:10:\"first_text\";s:7:\"&laquo;\";s:9:\"last_text\";s:7:\"&raquo;\";s:9:\"next_text\";s:7:\"&raquo;\";s:9:\"prev_text\";s:7:\"&laquo;\";s:13:\"dotright_text\";s:3:\"...\";s:12:\"dotleft_text\";s:3:\"...\";s:5:\"style\";i:1;s:9:\"num_pages\";i:5;s:11:\"always_show\";i:0;s:23:\"num_larger_page_numbers\";i:5;s:28:\"larger_page_numbers_multiple\";i:5;}', 'yes'),
(841, 'theme_mods_ex-astris', 'a:11:{i:0;b:0;s:16:\"header_textcolor\";s:6:\"252525\";s:16:\"background_color\";s:6:\"2d2d2d\";s:12:\"header_image\";s:13:\"remove-header\";s:16:\"background_image\";s:83:\"http://triforchange.com/wp-content/themes/ex-astris/images/backgrounds/mountain.jpg\";s:17:\"background_repeat\";s:6:\"repeat\";s:21:\"background_position_x\";s:4:\"left\";s:21:\"background_attachment\";s:5:\"fixed\";s:13:\"color_primary\";s:6:\"111111\";s:12:\"theme_layout\";s:9:\"1c-narrow\";s:16:\"sidebars_widgets\";a:2:{s:4:\"time\";i:1395122827;s:4:\"data\";a:3:{s:19:\"wp_inactive_widgets\";a:0:{}s:7:\"primary\";a:3:{i:0;s:14:\"recent-posts-2\";i:1;s:17:\"recent-comments-2\";i:2;s:6:\"meta-2\";}s:10:\"subsidiary\";a:0:{}}}}', 'yes'),
(5294, '_transient_random_seed', '066786a62e84acddd1d1c532c8370d45', 'yes'),
(11666, '_transient_timeout_mailserver_last_checked', '1468492337', 'no'),
(6818, 'rewrite_rules', 'a:69:{s:47:\"category/(.+?)/feed/(feed|rdf|rss|rss2|atom)/?$\";s:52:\"index.php?category_name=$matches[1]&feed=$matches[2]\";s:42:\"category/(.+?)/(feed|rdf|rss|rss2|atom)/?$\";s:52:\"index.php?category_name=$matches[1]&feed=$matches[2]\";s:35:\"category/(.+?)/page/?([0-9]{1,})/?$\";s:53:\"index.php?category_name=$matches[1]&paged=$matches[2]\";s:17:\"category/(.+?)/?$\";s:35:\"index.php?category_name=$matches[1]\";s:44:\"tag/([^/]+)/feed/(feed|rdf|rss|rss2|atom)/?$\";s:42:\"index.php?tag=$matches[1]&feed=$matches[2]\";s:39:\"tag/([^/]+)/(feed|rdf|rss|rss2|atom)/?$\";s:42:\"index.php?tag=$matches[1]&feed=$matches[2]\";s:32:\"tag/([^/]+)/page/?([0-9]{1,})/?$\";s:43:\"index.php?tag=$matches[1]&paged=$matches[2]\";s:14:\"tag/([^/]+)/?$\";s:25:\"index.php?tag=$matches[1]\";s:45:\"type/([^/]+)/feed/(feed|rdf|rss|rss2|atom)/?$\";s:50:\"index.php?post_format=$matches[1]&feed=$matches[2]\";s:40:\"type/([^/]+)/(feed|rdf|rss|rss2|atom)/?$\";s:50:\"index.php?post_format=$matches[1]&feed=$matches[2]\";s:33:\"type/([^/]+)/page/?([0-9]{1,})/?$\";s:51:\"index.php?post_format=$matches[1]&paged=$matches[2]\";s:15:\"type/([^/]+)/?$\";s:33:\"index.php?post_format=$matches[1]\";s:12:\"robots\\.txt$\";s:18:\"index.php?robots=1\";s:48:\".*wp-(atom|rdf|rss|rss2|feed|commentsrss2)\\.php$\";s:18:\"index.php?feed=old\";s:20:\".*wp-app\\.php(/.*)?$\";s:19:\"index.php?error=403\";s:18:\".*wp-register.php$\";s:23:\"index.php?register=true\";s:32:\"feed/(feed|rdf|rss|rss2|atom)/?$\";s:27:\"index.php?&feed=$matches[1]\";s:27:\"(feed|rdf|rss|rss2|atom)/?$\";s:27:\"index.php?&feed=$matches[1]\";s:20:\"page/?([0-9]{1,})/?$\";s:28:\"index.php?&paged=$matches[1]\";s:27:\"comment-page-([0-9]{1,})/?$\";s:38:\"index.php?&page_id=7&cpage=$matches[1]\";s:41:\"comments/feed/(feed|rdf|rss|rss2|atom)/?$\";s:42:\"index.php?&feed=$matches[1]&withcomments=1\";s:36:\"comments/(feed|rdf|rss|rss2|atom)/?$\";s:42:\"index.php?&feed=$matches[1]&withcomments=1\";s:44:\"search/(.+)/feed/(feed|rdf|rss|rss2|atom)/?$\";s:40:\"index.php?s=$matches[1]&feed=$matches[2]\";s:39:\"search/(.+)/(feed|rdf|rss|rss2|atom)/?$\";s:40:\"index.php?s=$matches[1]&feed=$matches[2]\";s:32:\"search/(.+)/page/?([0-9]{1,})/?$\";s:41:\"index.php?s=$matches[1]&paged=$matches[2]\";s:14:\"search/(.+)/?$\";s:23:\"index.php?s=$matches[1]\";s:47:\"author/([^/]+)/feed/(feed|rdf|rss|rss2|atom)/?$\";s:50:\"index.php?author_name=$matches[1]&feed=$matches[2]\";s:42:\"author/([^/]+)/(feed|rdf|rss|rss2|atom)/?$\";s:50:\"index.php?author_name=$matches[1]&feed=$matches[2]\";s:35:\"author/([^/]+)/page/?([0-9]{1,})/?$\";s:51:\"index.php?author_name=$matches[1]&paged=$matches[2]\";s:17:\"author/([^/]+)/?$\";s:33:\"index.php?author_name=$matches[1]\";s:69:\"([0-9]{4})/([0-9]{1,2})/([0-9]{1,2})/feed/(feed|rdf|rss|rss2|atom)/?$\";s:80:\"index.php?year=$matches[1]&monthnum=$matches[2]&day=$matches[3]&feed=$matches[4]\";s:64:\"([0-9]{4})/([0-9]{1,2})/([0-9]{1,2})/(feed|rdf|rss|rss2|atom)/?$\";s:80:\"index.php?year=$matches[1]&monthnum=$matches[2]&day=$matches[3]&feed=$matches[4]\";s:57:\"([0-9]{4})/([0-9]{1,2})/([0-9]{1,2})/page/?([0-9]{1,})/?$\";s:81:\"index.php?year=$matches[1]&monthnum=$matches[2]&day=$matches[3]&paged=$matches[4]\";s:39:\"([0-9]{4})/([0-9]{1,2})/([0-9]{1,2})/?$\";s:63:\"index.php?year=$matches[1]&monthnum=$matches[2]&day=$matches[3]\";s:56:\"([0-9]{4})/([0-9]{1,2})/feed/(feed|rdf|rss|rss2|atom)/?$\";s:64:\"index.php?year=$matches[1]&monthnum=$matches[2]&feed=$matches[3]\";s:51:\"([0-9]{4})/([0-9]{1,2})/(feed|rdf|rss|rss2|atom)/?$\";s:64:\"index.php?year=$matches[1]&monthnum=$matches[2]&feed=$matches[3]\";s:44:\"([0-9]{4})/([0-9]{1,2})/page/?([0-9]{1,})/?$\";s:65:\"index.php?year=$matches[1]&monthnum=$matches[2]&paged=$matches[3]\";s:26:\"([0-9]{4})/([0-9]{1,2})/?$\";s:47:\"index.php?year=$matches[1]&monthnum=$matches[2]\";s:43:\"([0-9]{4})/feed/(feed|rdf|rss|rss2|atom)/?$\";s:43:\"index.php?year=$matches[1]&feed=$matches[2]\";s:38:\"([0-9]{4})/(feed|rdf|rss|rss2|atom)/?$\";s:43:\"index.php?year=$matches[1]&feed=$matches[2]\";s:31:\"([0-9]{4})/page/?([0-9]{1,})/?$\";s:44:\"index.php?year=$matches[1]&paged=$matches[2]\";s:13:\"([0-9]{4})/?$\";s:26:\"index.php?year=$matches[1]\";s:27:\".?.+?/attachment/([^/]+)/?$\";s:32:\"index.php?attachment=$matches[1]\";s:37:\".?.+?/attachment/([^/]+)/trackback/?$\";s:37:\"index.php?attachment=$matches[1]&tb=1\";s:57:\".?.+?/attachment/([^/]+)/feed/(feed|rdf|rss|rss2|atom)/?$\";s:49:\"index.php?attachment=$matches[1]&feed=$matches[2]\";s:52:\".?.+?/attachment/([^/]+)/(feed|rdf|rss|rss2|atom)/?$\";s:49:\"index.php?attachment=$matches[1]&feed=$matches[2]\";s:52:\".?.+?/attachment/([^/]+)/comment-page-([0-9]{1,})/?$\";s:50:\"index.php?attachment=$matches[1]&cpage=$matches[2]\";s:20:\"(.?.+?)/trackback/?$\";s:35:\"index.php?pagename=$matches[1]&tb=1\";s:40:\"(.?.+?)/feed/(feed|rdf|rss|rss2|atom)/?$\";s:47:\"index.php?pagename=$matches[1]&feed=$matches[2]\";s:35:\"(.?.+?)/(feed|rdf|rss|rss2|atom)/?$\";s:47:\"index.php?pagename=$matches[1]&feed=$matches[2]\";s:28:\"(.?.+?)/page/?([0-9]{1,})/?$\";s:48:\"index.php?pagename=$matches[1]&paged=$matches[2]\";s:35:\"(.?.+?)/comment-page-([0-9]{1,})/?$\";s:48:\"index.php?pagename=$matches[1]&cpage=$matches[2]\";s:20:\"(.?.+?)(/[0-9]+)?/?$\";s:47:\"index.php?pagename=$matches[1]&page=$matches[2]\";s:27:\"[^/]+/attachment/([^/]+)/?$\";s:32:\"index.php?attachment=$matches[1]\";s:37:\"[^/]+/attachment/([^/]+)/trackback/?$\";s:37:\"index.php?attachment=$matches[1]&tb=1\";s:57:\"[^/]+/attachment/([^/]+)/feed/(feed|rdf|rss|rss2|atom)/?$\";s:49:\"index.php?attachment=$matches[1]&feed=$matches[2]\";s:52:\"[^/]+/attachment/([^/]+)/(feed|rdf|rss|rss2|atom)/?$\";s:49:\"index.php?attachment=$matches[1]&feed=$matches[2]\";s:52:\"[^/]+/attachment/([^/]+)/comment-page-([0-9]{1,})/?$\";s:50:\"index.php?attachment=$matches[1]&cpage=$matches[2]\";s:20:\"([^/]+)/trackback/?$\";s:31:\"index.php?name=$matches[1]&tb=1\";s:40:\"([^/]+)/feed/(feed|rdf|rss|rss2|atom)/?$\";s:43:\"index.php?name=$matches[1]&feed=$matches[2]\";s:35:\"([^/]+)/(feed|rdf|rss|rss2|atom)/?$\";s:43:\"index.php?name=$matches[1]&feed=$matches[2]\";s:28:\"([^/]+)/page/?([0-9]{1,})/?$\";s:44:\"index.php?name=$matches[1]&paged=$matches[2]\";s:35:\"([^/]+)/comment-page-([0-9]{1,})/?$\";s:44:\"index.php?name=$matches[1]&cpage=$matches[2]\";s:20:\"([^/]+)(/[0-9]+)?/?$\";s:43:\"index.php?name=$matches[1]&page=$matches[2]\";s:16:\"[^/]+/([^/]+)/?$\";s:32:\"index.php?attachment=$matches[1]\";s:26:\"[^/]+/([^/]+)/trackback/?$\";s:37:\"index.php?attachment=$matches[1]&tb=1\";s:46:\"[^/]+/([^/]+)/feed/(feed|rdf|rss|rss2|atom)/?$\";s:49:\"index.php?attachment=$matches[1]&feed=$matches[2]\";s:41:\"[^/]+/([^/]+)/(feed|rdf|rss|rss2|atom)/?$\";s:49:\"index.php?attachment=$matches[1]&feed=$matches[2]\";s:41:\"[^/]+/([^/]+)/comment-page-([0-9]{1,})/?$\";s:50:\"index.php?attachment=$matches[1]&cpage=$matches[2]\";}', 'yes'),
(836, 'theme_mods_twentyfourteen', 'a:1:{s:16:\"sidebars_widgets\";a:2:{s:4:\"time\";i:1395122611;s:4:\"data\";a:4:{s:19:\"wp_inactive_widgets\";a:0:{}s:9:\"sidebar-1\";a:6:{i:0;s:8:\"search-2\";i:1;s:14:\"recent-posts-2\";i:2;s:17:\"recent-comments-2\";i:3;s:10:\"archives-2\";i:4;s:12:\"categories-2\";i:5;s:6:\"meta-2\";}s:9:\"sidebar-2\";a:0:{}s:9:\"sidebar-3\";a:0:{}}}}', 'yes'),
(837, 'theme_mods_twentythirteen', 'a:2:{i:0;b:0;s:16:\"sidebars_widgets\";a:2:{s:4:\"time\";i:1395122779;s:4:\"data\";a:3:{s:19:\"wp_inactive_widgets\";a:0:{}s:9:\"sidebar-1\";a:6:{i:0;s:8:\"search-2\";i:1;s:14:\"recent-posts-2\";i:2;s:17:\"recent-comments-2\";i:3;s:10:\"archives-2\";i:4;s:12:\"categories-2\";i:5;s:6:\"meta-2\";}s:9:\"sidebar-2\";a:0:{}}}}', 'yes'),
(1220, 'db_upgraded', '', 'yes'),
(1917, 'nav_menu_options', 'a:2:{i:0;b:0;s:8:\"auto_add\";a:1:{i:0;i:2;}}', 'yes'),
(5290, 'WPLANG', '', 'yes'),
(843, 'theme_mods_graphy', 'a:12:{i:0;b:0;s:27:\"graphy_hide_blogdescription\";s:0:\"\";s:11:\"graphy_logo\";s:0:\"\";s:23:\"graphy_replace_blogname\";s:0:\"\";s:24:\"graphy_add_border_radius\";s:0:\"\";s:17:\"graphy_link_color\";s:7:\"#a62425\";s:23:\"graphy_link_hover_color\";s:7:\"#b85051\";s:18:\"graphy_hide_search\";s:0:\"\";s:14:\"graphy_content\";s:7:\"summary\";s:18:\"graphy_hide_author\";s:0:\"\";s:20:\"graphy_hide_category\";s:0:\"\";s:18:\"nav_menu_locations\";a:1:{s:7:\"primary\";i:2;}}', 'yes'),
(17232, '_transient_doing_cron', '1510465666.5464310646057128906250', 'yes'),
(17191, '_site_transient_update_core', 'O:8:\"stdClass\":4:{s:7:\"updates\";a:8:{i:0;O:8:\"stdClass\":10:{s:8:\"response\";s:7:\"upgrade\";s:8:\"download\";s:59:\"https://downloads.wordpress.org/release/wordpress-4.8.3.zip\";s:6:\"locale\";s:5:\"en_US\";s:8:\"packages\";O:8:\"stdClass\":5:{s:4:\"full\";s:59:\"https://downloads.wordpress.org/release/wordpress-4.8.3.zip\";s:10:\"no_content\";s:70:\"https://downloads.wordpress.org/release/wordpress-4.8.3-no-content.zip\";s:11:\"new_bundled\";s:71:\"https://downloads.wordpress.org/release/wordpress-4.8.3-new-bundled.zip\";s:7:\"partial\";b:0;s:8:\"rollback\";b:0;}s:7:\"current\";s:5:\"4.8.3\";s:7:\"version\";s:5:\"4.8.3\";s:11:\"php_version\";s:5:\"5.2.4\";s:13:\"mysql_version\";s:3:\"5.0\";s:11:\"new_bundled\";s:3:\"4.7\";s:15:\"partial_version\";s:0:\"\";}i:1;O:8:\"stdClass\":11:{s:8:\"response\";s:10:\"autoupdate\";s:8:\"download\";s:59:\"https://downloads.wordpress.org/release/wordpress-4.8.3.zip\";s:6:\"locale\";s:5:\"en_US\";s:8:\"packages\";O:8:\"stdClass\":5:{s:4:\"full\";s:59:\"https://downloads.wordpress.org/release/wordpress-4.8.3.zip\";s:10:\"no_content\";s:70:\"https://downloads.wordpress.org/release/wordpress-4.8.3-no-content.zip\";s:11:\"new_bundled\";s:71:\"https://downloads.wordpress.org/release/wordpress-4.8.3-new-bundled.zip\";s:7:\"partial\";b:0;s:8:\"rollback\";b:0;}s:7:\"current\";s:5:\"4.8.3\";s:7:\"version\";s:5:\"4.8.3\";s:11:\"php_version\";s:5:\"5.2.4\";s:13:\"mysql_version\";s:3:\"5.0\";s:11:\"new_bundled\";s:3:\"4.7\";s:15:\"partial_version\";s:0:\"\";s:9:\"new_files\";s:1:\"1\";}i:2;O:8:\"stdClass\":11:{s:8:\"response\";s:10:\"autoupdate\";s:8:\"download\";s:59:\"https://downloads.wordpress.org/release/wordpress-4.7.7.zip\";s:6:\"locale\";s:5:\"en_US\";s:8:\"packages\";O:8:\"stdClass\":5:{s:4:\"full\";s:59:\"https://downloads.wordpress.org/release/wordpress-4.7.7.zip\";s:10:\"no_content\";s:70:\"https://downloads.wordpress.org/release/wordpress-4.7.7-no-content.zip\";s:11:\"new_bundled\";s:71:\"https://downloads.wordpress.org/release/wordpress-4.7.7-new-bundled.zip\";s:7:\"partial\";b:0;s:8:\"rollback\";b:0;}s:7:\"current\";s:5:\"4.7.7\";s:7:\"version\";s:5:\"4.7.7\";s:11:\"php_version\";s:5:\"5.2.4\";s:13:\"mysql_version\";s:3:\"5.0\";s:11:\"new_bundled\";s:3:\"4.7\";s:15:\"partial_version\";s:0:\"\";s:9:\"new_files\";s:1:\"1\";}i:3;O:8:\"stdClass\":11:{s:8:\"response\";s:10:\"autoupdate\";s:8:\"download\";s:59:\"https://downloads.wordpress.org/release/wordpress-4.6.8.zip\";s:6:\"locale\";s:5:\"en_US\";s:8:\"packages\";O:8:\"stdClass\":5:{s:4:\"full\";s:59:\"https://downloads.wordpress.org/release/wordpress-4.6.8.zip\";s:10:\"no_content\";s:70:\"https://downloads.wordpress.org/release/wordpress-4.6.8-no-content.zip\";s:11:\"new_bundled\";s:71:\"https://downloads.wordpress.org/release/wordpress-4.6.8-new-bundled.zip\";s:7:\"partial\";b:0;s:8:\"rollback\";b:0;}s:7:\"current\";s:5:\"4.6.8\";s:7:\"version\";s:5:\"4.6.8\";s:11:\"php_version\";s:5:\"5.2.4\";s:13:\"mysql_version\";s:3:\"5.0\";s:11:\"new_bundled\";s:3:\"4.7\";s:15:\"partial_version\";s:0:\"\";s:9:\"new_files\";s:1:\"1\";}i:4;O:8:\"stdClass\":11:{s:8:\"response\";s:10:\"autoupdate\";s:8:\"download\";s:60:\"https://downloads.wordpress.org/release/wordpress-4.5.11.zip\";s:6:\"locale\";s:5:\"en_US\";s:8:\"packages\";O:8:\"stdClass\":5:{s:4:\"full\";s:60:\"https://downloads.wordpress.org/release/wordpress-4.5.11.zip\";s:10:\"no_content\";s:71:\"https://downloads.wordpress.org/release/wordpress-4.5.11-no-content.zip\";s:11:\"new_bundled\";s:72:\"https://downloads.wordpress.org/release/wordpress-4.5.11-new-bundled.zip\";s:7:\"partial\";b:0;s:8:\"rollback\";b:0;}s:7:\"current\";s:6:\"4.5.11\";s:7:\"version\";s:6:\"4.5.11\";s:11:\"php_version\";s:5:\"5.2.4\";s:13:\"mysql_version\";s:3:\"5.0\";s:11:\"new_bundled\";s:3:\"4.7\";s:15:\"partial_version\";s:0:\"\";s:9:\"new_files\";s:1:\"1\";}i:5;O:8:\"stdClass\":11:{s:8:\"response\";s:10:\"autoupdate\";s:8:\"download\";s:60:\"https://downloads.wordpress.org/release/wordpress-4.4.12.zip\";s:6:\"locale\";s:5:\"en_US\";s:8:\"packages\";O:8:\"stdClass\":5:{s:4:\"full\";s:60:\"https://downloads.wordpress.org/release/wordpress-4.4.12.zip\";s:10:\"no_content\";s:71:\"https://downloads.wordpress.org/release/wordpress-4.4.12-no-content.zip\";s:11:\"new_bundled\";s:72:\"https://downloads.wordpress.org/release/wordpress-4.4.12-new-bundled.zip\";s:7:\"partial\";b:0;s:8:\"rollback\";b:0;}s:7:\"current\";s:6:\"4.4.12\";s:7:\"version\";s:6:\"4.4.12\";s:11:\"php_version\";s:5:\"5.2.4\";s:13:\"mysql_version\";s:3:\"5.0\";s:11:\"new_bundled\";s:3:\"4.7\";s:15:\"partial_version\";s:0:\"\";s:9:\"new_files\";s:1:\"1\";}i:6;O:8:\"stdClass\":11:{s:8:\"response\";s:10:\"autoupdate\";s:8:\"download\";s:60:\"https://downloads.wordpress.org/release/wordpress-4.3.13.zip\";s:6:\"locale\";s:5:\"en_US\";s:8:\"packages\";O:8:\"stdClass\":5:{s:4:\"full\";s:60:\"https://downloads.wordpress.org/release/wordpress-4.3.13.zip\";s:10:\"no_content\";s:71:\"https://downloads.wordpress.org/release/wordpress-4.3.13-no-content.zip\";s:11:\"new_bundled\";s:72:\"https://downloads.wordpress.org/release/wordpress-4.3.13-new-bundled.zip\";s:7:\"partial\";b:0;s:8:\"rollback\";b:0;}s:7:\"current\";s:6:\"4.3.13\";s:7:\"version\";s:6:\"4.3.13\";s:11:\"php_version\";s:5:\"5.2.4\";s:13:\"mysql_version\";s:3:\"5.0\";s:11:\"new_bundled\";s:3:\"4.7\";s:15:\"partial_version\";s:0:\"\";s:9:\"new_files\";s:1:\"1\";}i:7;O:8:\"stdClass\":11:{s:8:\"response\";s:10:\"autoupdate\";s:8:\"download\";s:60:\"https://downloads.wordpress.org/release/wordpress-4.2.17.zip\";s:6:\"locale\";s:5:\"en_US\";s:8:\"packages\";O:8:\"stdClass\":5:{s:4:\"full\";s:60:\"https://downloads.wordpress.org/release/wordpress-4.2.17.zip\";s:10:\"no_content\";s:71:\"https://downloads.wordpress.org/release/wordpress-4.2.17-no-content.zip\";s:11:\"new_bundled\";s:72:\"https://downloads.wordpress.org/release/wordpress-4.2.17-new-bundled.zip\";s:7:\"partial\";b:0;s:8:\"rollback\";b:0;}s:7:\"current\";s:6:\"4.2.17\";s:7:\"version\";s:6:\"4.2.17\";s:11:\"php_version\";s:5:\"5.2.4\";s:13:\"mysql_version\";s:3:\"5.0\";s:11:\"new_bundled\";s:3:\"4.7\";s:15:\"partial_version\";s:0:\"\";s:9:\"new_files\";s:1:\"1\";}}s:12:\"last_checked\";i:1509759625;s:15:\"version_checked\";s:6:\"4.1.20\";s:12:\"translations\";a:0:{}}', 'yes'),
(17230, '_site_transient_update_themes', 'O:8:\"stdClass\":4:{s:12:\"last_checked\";i:1509759626;s:7:\"checked\";a:8:{s:10:\"Rive_Theme\";s:3:\"1.9\";s:9:\"ex-astris\";s:5:\"1.0.4\";s:6:\"graphy\";s:5:\"1.0.2\";s:9:\"stargazer\";s:5:\"1.0.1\";s:13:\"twentyfifteen\";s:3:\"1.0\";s:14:\"twentyfourteen\";s:3:\"1.0\";s:14:\"twentythirteen\";s:3:\"1.1\";s:12:\"twentytwelve\";s:3:\"1.3\";}s:8:\"response\";a:6:{s:6:\"graphy\";a:4:{s:5:\"theme\";s:6:\"graphy\";s:11:\"new_version\";s:5:\"2.2.1\";s:3:\"url\";s:36:\"https://wordpress.org/themes/graphy/\";s:7:\"package\";s:54:\"https://downloads.wordpress.org/theme/graphy.2.2.1.zip\";}s:9:\"stargazer\";a:4:{s:5:\"theme\";s:9:\"stargazer\";s:11:\"new_version\";s:5:\"3.0.0\";s:3:\"url\";s:39:\"https://wordpress.org/themes/stargazer/\";s:7:\"package\";s:57:\"https://downloads.wordpress.org/theme/stargazer.3.0.0.zip\";}s:13:\"twentyfifteen\";a:4:{s:5:\"theme\";s:13:\"twentyfifteen\";s:11:\"new_version\";s:3:\"1.8\";s:3:\"url\";s:43:\"https://wordpress.org/themes/twentyfifteen/\";s:7:\"package\";s:59:\"https://downloads.wordpress.org/theme/twentyfifteen.1.8.zip\";}s:14:\"twentyfourteen\";a:4:{s:5:\"theme\";s:14:\"twentyfourteen\";s:11:\"new_version\";s:3:\"2.0\";s:3:\"url\";s:44:\"https://wordpress.org/themes/twentyfourteen/\";s:7:\"package\";s:60:\"https://downloads.wordpress.org/theme/twentyfourteen.2.0.zip\";}s:14:\"twentythirteen\";a:4:{s:5:\"theme\";s:14:\"twentythirteen\";s:11:\"new_version\";s:3:\"2.2\";s:3:\"url\";s:44:\"https://wordpress.org/themes/twentythirteen/\";s:7:\"package\";s:60:\"https://downloads.wordpress.org/theme/twentythirteen.2.2.zip\";}s:12:\"twentytwelve\";a:4:{s:5:\"theme\";s:12:\"twentytwelve\";s:11:\"new_version\";s:3:\"2.3\";s:3:\"url\";s:42:\"https://wordpress.org/themes/twentytwelve/\";s:7:\"package\";s:58:\"https://downloads.wordpress.org/theme/twentytwelve.2.3.zip\";}}s:12:\"translations\";a:0:{}}', 'yes'),
(17231, '_site_transient_update_plugins', 'O:8:\"stdClass\":4:{s:12:\"last_checked\";i:1509759626;s:8:\"response\";a:1:{s:19:\"akismet/akismet.php\";O:8:\"stdClass\":11:{s:2:\"id\";s:21:\"w.org/plugins/akismet\";s:4:\"slug\";s:7:\"akismet\";s:6:\"plugin\";s:19:\"akismet/akismet.php\";s:11:\"new_version\";s:3:\"4.0\";s:3:\"url\";s:38:\"https://wordpress.org/plugins/akismet/\";s:7:\"package\";s:54:\"https://downloads.wordpress.org/plugin/akismet.4.0.zip\";s:5:\"icons\";a:3:{s:2:\"1x\";s:59:\"https://ps.w.org/akismet/assets/icon-128x128.png?rev=969272\";s:2:\"2x\";s:59:\"https://ps.w.org/akismet/assets/icon-256x256.png?rev=969272\";s:7:\"default\";s:59:\"https://ps.w.org/akismet/assets/icon-256x256.png?rev=969272\";}s:7:\"banners\";a:2:{s:2:\"1x\";s:61:\"https://ps.w.org/akismet/assets/banner-772x250.jpg?rev=479904\";s:7:\"default\";s:61:\"https://ps.w.org/akismet/assets/banner-772x250.jpg?rev=479904\";}s:11:\"banners_rtl\";a:0:{}s:6:\"tested\";s:5:\"4.8.3\";s:13:\"compatibility\";a:0:{}}}s:12:\"translations\";a:0:{}s:9:\"no_update\";a:2:{s:9:\"hello.php\";O:8:\"stdClass\":9:{s:2:\"id\";s:25:\"w.org/plugins/hello-dolly\";s:4:\"slug\";s:11:\"hello-dolly\";s:6:\"plugin\";s:9:\"hello.php\";s:11:\"new_version\";s:3:\"1.6\";s:3:\"url\";s:42:\"https://wordpress.org/plugins/hello-dolly/\";s:7:\"package\";s:58:\"https://downloads.wordpress.org/plugin/hello-dolly.1.6.zip\";s:5:\"icons\";a:3:{s:2:\"1x\";s:63:\"https://ps.w.org/hello-dolly/assets/icon-128x128.jpg?rev=969907\";s:2:\"2x\";s:63:\"https://ps.w.org/hello-dolly/assets/icon-256x256.jpg?rev=969907\";s:7:\"default\";s:63:\"https://ps.w.org/hello-dolly/assets/icon-256x256.jpg?rev=969907\";}s:7:\"banners\";a:2:{s:2:\"1x\";s:65:\"https://ps.w.org/hello-dolly/assets/banner-772x250.png?rev=478342\";s:7:\"default\";s:65:\"https://ps.w.org/hello-dolly/assets/banner-772x250.png?rev=478342\";}s:11:\"banners_rtl\";a:0:{}}s:19:\"jetpack/jetpack.php\";O:8:\"stdClass\":11:{s:2:\"id\";s:21:\"w.org/plugins/jetpack\";s:4:\"slug\";s:7:\"jetpack\";s:6:\"plugin\";s:19:\"jetpack/jetpack.php\";s:11:\"new_version\";s:3:\"5.4\";s:3:\"url\";s:38:\"https://wordpress.org/plugins/jetpack/\";s:7:\"package\";s:54:\"https://downloads.wordpress.org/plugin/jetpack.5.4.zip\";s:5:\"icons\";a:4:{s:2:\"1x\";s:59:\"https://ps.w.org/jetpack/assets/icon-128x128.png?rev=969908\";s:2:\"2x\";s:59:\"https://ps.w.org/jetpack/assets/icon-256x256.png?rev=969908\";s:3:\"svg\";s:51:\"https://ps.w.org/jetpack/assets/icon.svg?rev=969908\";s:7:\"default\";s:51:\"https://ps.w.org/jetpack/assets/icon.svg?rev=969908\";}s:7:\"banners\";a:3:{s:2:\"2x\";s:63:\"https://ps.w.org/jetpack/assets/banner-1544x500.png?rev=1173629\";s:2:\"1x\";s:62:\"https://ps.w.org/jetpack/assets/banner-772x250.png?rev=1173629\";s:7:\"default\";s:63:\"https://ps.w.org/jetpack/assets/banner-1544x500.png?rev=1173629\";}s:11:\"banners_rtl\";a:0:{}s:6:\"tested\";s:5:\"4.8.3\";s:13:\"compatibility\";a:0:{}}}}', 'yes');

-- --------------------------------------------------------

--
-- Table structure for table `wp_t4changepostmeta`
--

CREATE TABLE `wp_t4changepostmeta` (
  `meta_id` bigint(20) UNSIGNED NOT NULL,
  `post_id` bigint(20) UNSIGNED NOT NULL DEFAULT '0',
  `meta_key` varchar(255) DEFAULT NULL,
  `meta_value` longtext
) ENGINE=MyISAM DEFAULT CHARSET=utf8;

--
-- Dumping data for table `wp_t4changepostmeta`
--

INSERT INTO `wp_t4changepostmeta` (`meta_id`, `post_id`, `meta_key`, `meta_value`) VALUES
(1, 2, '_wp_page_template', 'default'),
(2, 4, '_edit_last', '1'),
(6, 4, 'sbg_selected_sidebar_replacement', 'a:5:{i:0;s:1:\"0\";i:1;s:1:\"0\";i:2;s:1:\"0\";i:3;s:1:\"0\";i:4;s:1:\"0\";}'),
(5, 4, 'sbg_selected_sidebar', 'a:5:{i:0;s:1:\"0\";i:1;s:1:\"0\";i:2;s:1:\"0\";i:3;s:1:\"0\";i:4;s:1:\"0\";}'),
(7, 4, 'save-the-planet-text-1', 'It\'s destroying the planet'),
(8, 4, 'save-the-planet-text-2', 'It\'s mass, mechanized murder'),
(9, 4, 'save-the-planet-text-3', 'It\'s destroying the planet'),
(10, 4, 'save-the-planet-text-4', 'It\'s destroying the planet'),
(11, 4, 'save-the-planet-text-5-1', 'It\'s destroying the planet'),
(12, 4, 'save-the-planet-text-5-2', 'It\'s destroying the planet'),
(13, 4, 'save-the-planet-text-5-3', 'It\'s destroying the planet'),
(14, 4, 'save-the-planet-help-us-text', 'Help Us'),
(15, 4, 'save-the-planet-website-url', 'http://www.triforchange.com'),
(16, 4, 'save-the-planet-text-color', 'ffffff'),
(17, 4, 'save-the-planet-bg-color', '310404'),
(18, 4, 'save-the-planet-submit-button-bg-color', 'ffffff'),
(19, 4, 'save-the-planet-submit-button-color', '310404'),
(20, 4, 'save-the-planet-music-on', 'on'),
(21, 4, 'save-the-planet-display-social', '1'),
(22, 4, 'lp-selected-template', 'save-the-planet'),
(23, 4, 'lp-main-headline', 'Make a difference'),
(24, 4, 'lp-custom-css', ''),
(25, 4, 'lp-custom-js', ''),
(26, 4, '_edit_lock', '1395024596:1'),
(27, 2, '_edit_lock', '1402342558:1'),
(28, 2, '_edit_last', '1'),
(34, 2, 'sbg_selected_sidebar_replacement', 'a:5:{i:0;s:1:\"0\";i:1;s:1:\"0\";i:2;s:1:\"0\";i:3;s:1:\"0\";i:4;s:1:\"0\";}'),
(33, 2, 'sbg_selected_sidebar', 'a:5:{i:0;s:1:\"0\";i:1;s:1:\"0\";i:2;s:1:\"0\";i:3;s:1:\"0\";i:4;s:1:\"0\";}'),
(35, 7, '_edit_lock', '1396235699:2'),
(36, 7, '_edit_last', '1'),
(37, 7, '_wp_page_template', 'nosidebar.php'),
(38, 12, '_edit_last', '1'),
(39, 12, '_edit_lock', '1402341661:1'),
(40, 12, '_wp_page_template', 'default'),
(42, 20, '_edit_lock', '1402341607:1'),
(43, 20, '_edit_last', '1'),
(44, 20, '_wp_page_template', 'default'),
(45, 22, '_edit_lock', '1417236066:1'),
(46, 22, '_edit_last', '1'),
(47, 22, '_wp_page_template', 'default'),
(48, 25, '_edit_lock', '1402342553:1'),
(49, 25, '_edit_last', '1'),
(50, 25, '_wp_page_template', 'default'),
(51, 27, '_menu_item_type', 'post_type'),
(52, 27, '_menu_item_menu_item_parent', '0'),
(53, 27, '_menu_item_object_id', '7'),
(54, 27, '_menu_item_object', 'page'),
(55, 27, '_menu_item_target', ''),
(56, 27, '_menu_item_classes', 'a:1:{i:0;s:0:\"\";}'),
(57, 27, '_menu_item_xfn', ''),
(58, 27, '_menu_item_url', ''),
(60, 28, '_menu_item_type', 'post_type'),
(61, 28, '_menu_item_menu_item_parent', '0'),
(62, 28, '_menu_item_object_id', '12'),
(63, 28, '_menu_item_object', 'page'),
(64, 28, '_menu_item_target', ''),
(65, 28, '_menu_item_classes', 'a:1:{i:0;s:0:\"\";}'),
(66, 28, '_menu_item_xfn', ''),
(67, 28, '_menu_item_url', ''),
(69, 29, '_menu_item_type', 'post_type'),
(70, 29, '_menu_item_menu_item_parent', '0'),
(71, 29, '_menu_item_object_id', '2'),
(72, 29, '_menu_item_object', 'page'),
(73, 29, '_menu_item_target', ''),
(74, 29, '_menu_item_classes', 'a:1:{i:0;s:0:\"\";}'),
(75, 29, '_menu_item_xfn', ''),
(76, 29, '_menu_item_url', ''),
(78, 30, '_menu_item_type', 'post_type'),
(79, 30, '_menu_item_menu_item_parent', '0'),
(80, 30, '_menu_item_object_id', '25'),
(81, 30, '_menu_item_object', 'page'),
(82, 30, '_menu_item_target', ''),
(83, 30, '_menu_item_classes', 'a:1:{i:0;s:0:\"\";}'),
(84, 30, '_menu_item_xfn', ''),
(85, 30, '_menu_item_url', ''),
(87, 31, '_menu_item_type', 'post_type'),
(88, 31, '_menu_item_menu_item_parent', '0'),
(89, 31, '_menu_item_object_id', '22'),
(90, 31, '_menu_item_object', 'page'),
(91, 31, '_menu_item_target', ''),
(92, 31, '_menu_item_classes', 'a:1:{i:0;s:0:\"\";}'),
(93, 31, '_menu_item_xfn', ''),
(94, 31, '_menu_item_url', ''),
(96, 32, '_menu_item_type', 'post_type'),
(97, 32, '_menu_item_menu_item_parent', '0'),
(98, 32, '_menu_item_object_id', '20'),
(99, 32, '_menu_item_object', 'page'),
(100, 32, '_menu_item_target', ''),
(101, 32, '_menu_item_classes', 'a:1:{i:0;s:0:\"\";}'),
(102, 32, '_menu_item_xfn', ''),
(103, 32, '_menu_item_url', ''),
(105, 33, '_menu_item_type', 'post_type'),
(106, 33, '_menu_item_menu_item_parent', '0'),
(107, 33, '_menu_item_object_id', '7'),
(108, 33, '_menu_item_object', 'page'),
(109, 33, '_menu_item_target', ''),
(110, 33, '_menu_item_classes', 'a:1:{i:0;s:0:\"\";}'),
(111, 33, '_menu_item_xfn', ''),
(112, 33, '_menu_item_url', ''),
(113, 33, '_menu_item_orphaned', '1402342701');

-- --------------------------------------------------------

--
-- Table structure for table `wp_t4changeposts`
--

CREATE TABLE `wp_t4changeposts` (
  `ID` bigint(20) UNSIGNED NOT NULL,
  `post_author` bigint(20) UNSIGNED NOT NULL DEFAULT '0',
  `post_date` datetime NOT NULL DEFAULT '0000-00-00 00:00:00',
  `post_date_gmt` datetime NOT NULL DEFAULT '0000-00-00 00:00:00',
  `post_content` longtext NOT NULL,
  `post_title` text NOT NULL,
  `post_excerpt` text NOT NULL,
  `post_status` varchar(20) NOT NULL DEFAULT 'publish',
  `comment_status` varchar(20) NOT NULL DEFAULT 'open',
  `ping_status` varchar(20) NOT NULL DEFAULT 'open',
  `post_password` varchar(20) NOT NULL DEFAULT '',
  `post_name` varchar(200) NOT NULL DEFAULT '',
  `to_ping` text NOT NULL,
  `pinged` text NOT NULL,
  `post_modified` datetime NOT NULL DEFAULT '0000-00-00 00:00:00',
  `post_modified_gmt` datetime NOT NULL DEFAULT '0000-00-00 00:00:00',
  `post_content_filtered` longtext NOT NULL,
  `post_parent` bigint(20) UNSIGNED NOT NULL DEFAULT '0',
  `guid` varchar(255) NOT NULL DEFAULT '',
  `menu_order` int(11) NOT NULL DEFAULT '0',
  `post_type` varchar(20) NOT NULL DEFAULT 'post',
  `post_mime_type` varchar(100) NOT NULL DEFAULT '',
  `comment_count` bigint(20) NOT NULL DEFAULT '0'
) ENGINE=MyISAM DEFAULT CHARSET=utf8;

--
-- Dumping data for table `wp_t4changeposts`
--

INSERT INTO `wp_t4changeposts` (`ID`, `post_author`, `post_date`, `post_date_gmt`, `post_content`, `post_title`, `post_excerpt`, `post_status`, `comment_status`, `ping_status`, `post_password`, `post_name`, `to_ping`, `pinged`, `post_modified`, `post_modified_gmt`, `post_content_filtered`, `post_parent`, `guid`, `menu_order`, `post_type`, `post_mime_type`, `comment_count`) VALUES
(1, 1, '2013-12-31 20:10:59', '2013-12-31 20:10:59', 'Welcome to WordPress. This is your first post. Edit or delete it, then start blogging!', 'Hello world!', '', 'publish', 'open', 'open', '', 'hello-world', '', '', '2013-12-31 20:10:59', '2013-12-31 20:10:59', '', 0, 'http://triforchange.com/?p=1', 0, 'post', '', 1),
(2, 1, '2013-12-31 20:10:59', '2013-12-31 20:10:59', 'You can make a difference by donating today.\r\n\r\n<form action=\"https://www.paypal.com/cgi-bin/webscr\" method=\"post\" target=\"_top\">\r\n<input type=\"hidden\" name=\"cmd\" value=\"_s-xclick\">\r\n<input type=\"hidden\" name=\"encrypted\" value=\"-----BEGIN PKCS7-----MIIHRwYJKoZIhvcNAQcEoIIHODCCBzQCAQExggEwMIIBLAIBADCBlDCBjjELMAkGA1UEBhMCVVMxCzAJBgNVBAgTAkNBMRYwFAYDVQQHEw1Nb3VudGFpbiBWaWV3MRQwEgYDVQQKEwtQYXlQYWwgSW5jLjETMBEGA1UECxQKbGl2ZV9jZXJ0czERMA8GA1UEAxQIbGl2ZV9hcGkxHDAaBgkqhkiG9w0BCQEWDXJlQHBheXBhbC5jb20CAQAwDQYJKoZIhvcNAQEBBQAEgYCIu52Ef7sz9xyyvYuT/SXgKm7PcC6Yijs1L/YrCp1DJYsf3Hu2scfvGJp+xZCU4/3H4At6cjizTuJpKg9w7ur/9jTsugJCdQp/fjMVWRemh2d+yG9CY9HLMUeKm6kxYhMZxLU0fCG7Tm5ONsXlJ48pVFuf076N6oFaHWBxdap4/TELMAkGBSsOAwIaBQAwgcQGCSqGSIb3DQEHATAUBggqhkiG9w0DBwQID1h/9udI+xWAgaDrRANULyuHABLuRe0eeeRuVEGEwGqkCR00i3lOvPGyhs7xiahtoeKXD54PCj8/HSJeZEo7NhwX1JE0bZCrmDbrAO0llbMAALyRhRPdc4emqNllHVjkIIOqHp+GAUdXZsiqQG0zQs9Grxe/DSuiC/3X9BTg8YF0NyvNRqm4xZLzwpBzaBW7GLaic0Zp44VPaxxu7XF9YgJenHyBxLtkQ59OoIIDhzCCA4MwggLsoAMCAQICAQAwDQYJKoZIhvcNAQEFBQAwgY4xCzAJBgNVBAYTAlVTMQswCQYDVQQIEwJDQTEWMBQGA1UEBxMNTW91bnRhaW4gVmlldzEUMBIGA1UEChMLUGF5UGFsIEluYy4xEzARBgNVBAsUCmxpdmVfY2VydHMxETAPBgNVBAMUCGxpdmVfYXBpMRwwGgYJKoZIhvcNAQkBFg1yZUBwYXlwYWwuY29tMB4XDTA0MDIxMzEwMTMxNVoXDTM1MDIxMzEwMTMxNVowgY4xCzAJBgNVBAYTAlVTMQswCQYDVQQIEwJDQTEWMBQGA1UEBxMNTW91bnRhaW4gVmlldzEUMBIGA1UEChMLUGF5UGFsIEluYy4xEzARBgNVBAsUCmxpdmVfY2VydHMxETAPBgNVBAMUCGxpdmVfYXBpMRwwGgYJKoZIhvcNAQkBFg1yZUBwYXlwYWwuY29tMIGfMA0GCSqGSIb3DQEBAQUAA4GNADCBiQKBgQDBR07d/ETMS1ycjtkpkvjXZe9k+6CieLuLsPumsJ7QC1odNz3sJiCbs2wC0nLE0uLGaEtXynIgRqIddYCHx88pb5HTXv4SZeuv0Rqq4+axW9PLAAATU8w04qqjaSXgbGLP3NmohqM6bV9kZZwZLR/klDaQGo1u9uDb9lr4Yn+rBQIDAQABo4HuMIHrMB0GA1UdDgQWBBSWn3y7xm8XvVk/UtcKG+wQ1mSUazCBuwYDVR0jBIGzMIGwgBSWn3y7xm8XvVk/UtcKG+wQ1mSUa6GBlKSBkTCBjjELMAkGA1UEBhMCVVMxCzAJBgNVBAgTAkNBMRYwFAYDVQQHEw1Nb3VudGFpbiBWaWV3MRQwEgYDVQQKEwtQYXlQYWwgSW5jLjETMBEGA1UECxQKbGl2ZV9jZXJ0czERMA8GA1UEAxQIbGl2ZV9hcGkxHDAaBgkqhkiG9w0BCQEWDXJlQHBheXBhbC5jb22CAQAwDAYDVR0TBAUwAwEB/zANBgkqhkiG9w0BAQUFAAOBgQCBXzpWmoBa5e9fo6ujionW1hUhPkOBakTr3YCDjbYfvJEiv/2P+IobhOGJr85+XHhN0v4gUkEDI8r2/rNk1m0GA8HKddvTjyGw/XqXa+LSTlDYkqI8OwR8GEYj4efEtcRpRYBxV8KxAW93YDWzFGvruKnnLbDAF6VR5w/cCMn5hzGCAZowggGWAgEBMIGUMIGOMQswCQYDVQQGEwJVUzELMAkGA1UECBMCQ0ExFjAUBgNVBAcTDU1vdW50YWluIFZpZXcxFDASBgNVBAoTC1BheVBhbCBJbmMuMRMwEQYDVQQLFApsaXZlX2NlcnRzMREwDwYDVQQDFAhsaXZlX2FwaTEcMBoGCSqGSIb3DQEJARYNcmVAcGF5cGFsLmNvbQIBADAJBgUrDgMCGgUAoF0wGAYJKoZIhvcNAQkDMQsGCSqGSIb3DQEHATAcBgkqhkiG9w0BCQUxDxcNMTQwMzE3MDI0ODI2WjAjBgkqhkiG9w0BCQQxFgQUj6a/Qc4R/TiJqBcfqkIEKYXtltgwDQYJKoZIhvcNAQEBBQAEgYAPIICvHBtPiY+aTcXhhgavE+d+wb7toSKMUHdbqUAwenJ/TXyb0H3+R1WsjJkmhLird50H0LgPBJUKvz69XWp7ULhYwExGdZYlQtHjzWCVAy/8hBEEB+VSVs5S0acuWybihZLXug1im94lNZhgvTct7FSt5qL3rmFGJ9Td5/8L1A==-----END PKCS7-----\r\n\">\r\n<input type=\"image\" src=\"https://www.paypalobjects.com/en_US/i/btn/btn_donateCC_LG.gif\" border=\"0\" name=\"submit\" alt=\"PayPal - The safer, easier way to pay online!\">\r\n<img alt=\"\" border=\"0\" src=\"https://www.paypalobjects.com/en_US/i/scr/pixel.gif\" width=\"1\" height=\"1\">\r\n</form>\r\n', 'Make a donation', '', 'publish', 'closed', 'closed', '', 'donate', '', '', '2014-06-09 19:35:58', '2014-06-09 19:35:58', '', 0, 'http://triforchange.com/?page_id=2', 0, 'page', '', 0),
(4, 1, '2014-03-17 02:49:55', '0000-00-00 00:00:00', 'You can make a difference by donating today.\r\n\r\n<form action=\"https://www.paypal.com/cgi-bin/webscr\" method=\"post\" target=\"_top\">\r\n<input type=\"hidden\" name=\"cmd\" value=\"_s-xclick\">\r\n<input type=\"hidden\" name=\"encrypted\" value=\"-----BEGIN PKCS7-----MIIHRwYJKoZIhvcNAQcEoIIHODCCBzQCAQExggEwMIIBLAIBADCBlDCBjjELMAkGA1UEBhMCVVMxCzAJBgNVBAgTAkNBMRYwFAYDVQQHEw1Nb3VudGFpbiBWaWV3MRQwEgYDVQQKEwtQYXlQYWwgSW5jLjETMBEGA1UECxQKbGl2ZV9jZXJ0czERMA8GA1UEAxQIbGl2ZV9hcGkxHDAaBgkqhkiG9w0BCQEWDXJlQHBheXBhbC5jb20CAQAwDQYJKoZIhvcNAQEBBQAEgYCIu52Ef7sz9xyyvYuT/SXgKm7PcC6Yijs1L/YrCp1DJYsf3Hu2scfvGJp+xZCU4/3H4At6cjizTuJpKg9w7ur/9jTsugJCdQp/fjMVWRemh2d+yG9CY9HLMUeKm6kxYhMZxLU0fCG7Tm5ONsXlJ48pVFuf076N6oFaHWBxdap4/TELMAkGBSsOAwIaBQAwgcQGCSqGSIb3DQEHATAUBggqhkiG9w0DBwQID1h/9udI+xWAgaDrRANULyuHABLuRe0eeeRuVEGEwGqkCR00i3lOvPGyhs7xiahtoeKXD54PCj8/HSJeZEo7NhwX1JE0bZCrmDbrAO0llbMAALyRhRPdc4emqNllHVjkIIOqHp+GAUdXZsiqQG0zQs9Grxe/DSuiC/3X9BTg8YF0NyvNRqm4xZLzwpBzaBW7GLaic0Zp44VPaxxu7XF9YgJenHyBxLtkQ59OoIIDhzCCA4MwggLsoAMCAQICAQAwDQYJKoZIhvcNAQEFBQAwgY4xCzAJBgNVBAYTAlVTMQswCQYDVQQIEwJDQTEWMBQGA1UEBxMNTW91bnRhaW4gVmlldzEUMBIGA1UEChMLUGF5UGFsIEluYy4xEzARBgNVBAsUCmxpdmVfY2VydHMxETAPBgNVBAMUCGxpdmVfYXBpMRwwGgYJKoZIhvcNAQkBFg1yZUBwYXlwYWwuY29tMB4XDTA0MDIxMzEwMTMxNVoXDTM1MDIxMzEwMTMxNVowgY4xCzAJBgNVBAYTAlVTMQswCQYDVQQIEwJDQTEWMBQGA1UEBxMNTW91bnRhaW4gVmlldzEUMBIGA1UEChMLUGF5UGFsIEluYy4xEzARBgNVBAsUCmxpdmVfY2VydHMxETAPBgNVBAMUCGxpdmVfYXBpMRwwGgYJKoZIhvcNAQkBFg1yZUBwYXlwYWwuY29tMIGfMA0GCSqGSIb3DQEBAQUAA4GNADCBiQKBgQDBR07d/ETMS1ycjtkpkvjXZe9k+6CieLuLsPumsJ7QC1odNz3sJiCbs2wC0nLE0uLGaEtXynIgRqIddYCHx88pb5HTXv4SZeuv0Rqq4+axW9PLAAATU8w04qqjaSXgbGLP3NmohqM6bV9kZZwZLR/klDaQGo1u9uDb9lr4Yn+rBQIDAQABo4HuMIHrMB0GA1UdDgQWBBSWn3y7xm8XvVk/UtcKG+wQ1mSUazCBuwYDVR0jBIGzMIGwgBSWn3y7xm8XvVk/UtcKG+wQ1mSUa6GBlKSBkTCBjjELMAkGA1UEBhMCVVMxCzAJBgNVBAgTAkNBMRYwFAYDVQQHEw1Nb3VudGFpbiBWaWV3MRQwEgYDVQQKEwtQYXlQYWwgSW5jLjETMBEGA1UECxQKbGl2ZV9jZXJ0czERMA8GA1UEAxQIbGl2ZV9hcGkxHDAaBgkqhkiG9w0BCQEWDXJlQHBheXBhbC5jb22CAQAwDAYDVR0TBAUwAwEB/zANBgkqhkiG9w0BAQUFAAOBgQCBXzpWmoBa5e9fo6ujionW1hUhPkOBakTr3YCDjbYfvJEiv/2P+IobhOGJr85+XHhN0v4gUkEDI8r2/rNk1m0GA8HKddvTjyGw/XqXa+LSTlDYkqI8OwR8GEYj4efEtcRpRYBxV8KxAW93YDWzFGvruKnnLbDAF6VR5w/cCMn5hzGCAZowggGWAgEBMIGUMIGOMQswCQYDVQQGEwJVUzELMAkGA1UECBMCQ0ExFjAUBgNVBAcTDU1vdW50YWluIFZpZXcxFDASBgNVBAoTC1BheVBhbCBJbmMuMRMwEQYDVQQLFApsaXZlX2NlcnRzMREwDwYDVQQDFAhsaXZlX2FwaTEcMBoGCSqGSIb3DQEJARYNcmVAcGF5cGFsLmNvbQIBADAJBgUrDgMCGgUAoF0wGAYJKoZIhvcNAQkDMQsGCSqGSIb3DQEHATAcBgkqhkiG9w0BCQUxDxcNMTQwMzE3MDI0ODI2WjAjBgkqhkiG9w0BCQQxFgQUj6a/Qc4R/TiJqBcfqkIEKYXtltgwDQYJKoZIhvcNAQEBBQAEgYAPIICvHBtPiY+aTcXhhgavE+d+wb7toSKMUHdbqUAwenJ/TXyb0H3+R1WsjJkmhLird50H0LgPBJUKvz69XWp7ULhYwExGdZYlQtHjzWCVAy/8hBEEB+VSVs5S0acuWybihZLXug1im94lNZhgvTct7FSt5qL3rmFGJ9Td5/8L1A==-----END PKCS7-----\r\n\">\r\n<input type=\"image\" src=\"https://www.paypalobjects.com/en_US/i/btn/btn_donateCC_LG.gif\" border=\"0\" name=\"submit\" alt=\"PayPal - The safer, easier way to pay online!\">\r\n<img alt=\"\" border=\"0\" src=\"https://www.paypalobjects.com/en_US/i/scr/pixel.gif\" width=\"1\" height=\"1\">\r\n</form>\r\n', 'Donate to TriforChange', '', 'draft', 'closed', 'closed', '', '', '', '', '2014-03-17 02:49:55', '2014-03-17 02:49:55', '', 0, 'http://triforchange.com/?post_type=landing-page&#038;p=4', 0, 'landing-page', '', 0),
(5, 1, '2014-03-17 02:52:02', '2014-03-17 02:52:02', 'You can make a difference by donating today.\r\n\r\n<form action=\"https://www.paypal.com/cgi-bin/webscr\" method=\"post\" target=\"_top\">\r\n<input type=\"hidden\" name=\"cmd\" value=\"_s-xclick\">\r\n<input type=\"hidden\" name=\"encrypted\" value=\"-----BEGIN PKCS7-----MIIHRwYJKoZIhvcNAQcEoIIHODCCBzQCAQExggEwMIIBLAIBADCBlDCBjjELMAkGA1UEBhMCVVMxCzAJBgNVBAgTAkNBMRYwFAYDVQQHEw1Nb3VudGFpbiBWaWV3MRQwEgYDVQQKEwtQYXlQYWwgSW5jLjETMBEGA1UECxQKbGl2ZV9jZXJ0czERMA8GA1UEAxQIbGl2ZV9hcGkxHDAaBgkqhkiG9w0BCQEWDXJlQHBheXBhbC5jb20CAQAwDQYJKoZIhvcNAQEBBQAEgYCIu52Ef7sz9xyyvYuT/SXgKm7PcC6Yijs1L/YrCp1DJYsf3Hu2scfvGJp+xZCU4/3H4At6cjizTuJpKg9w7ur/9jTsugJCdQp/fjMVWRemh2d+yG9CY9HLMUeKm6kxYhMZxLU0fCG7Tm5ONsXlJ48pVFuf076N6oFaHWBxdap4/TELMAkGBSsOAwIaBQAwgcQGCSqGSIb3DQEHATAUBggqhkiG9w0DBwQID1h/9udI+xWAgaDrRANULyuHABLuRe0eeeRuVEGEwGqkCR00i3lOvPGyhs7xiahtoeKXD54PCj8/HSJeZEo7NhwX1JE0bZCrmDbrAO0llbMAALyRhRPdc4emqNllHVjkIIOqHp+GAUdXZsiqQG0zQs9Grxe/DSuiC/3X9BTg8YF0NyvNRqm4xZLzwpBzaBW7GLaic0Zp44VPaxxu7XF9YgJenHyBxLtkQ59OoIIDhzCCA4MwggLsoAMCAQICAQAwDQYJKoZIhvcNAQEFBQAwgY4xCzAJBgNVBAYTAlVTMQswCQYDVQQIEwJDQTEWMBQGA1UEBxMNTW91bnRhaW4gVmlldzEUMBIGA1UEChMLUGF5UGFsIEluYy4xEzARBgNVBAsUCmxpdmVfY2VydHMxETAPBgNVBAMUCGxpdmVfYXBpMRwwGgYJKoZIhvcNAQkBFg1yZUBwYXlwYWwuY29tMB4XDTA0MDIxMzEwMTMxNVoXDTM1MDIxMzEwMTMxNVowgY4xCzAJBgNVBAYTAlVTMQswCQYDVQQIEwJDQTEWMBQGA1UEBxMNTW91bnRhaW4gVmlldzEUMBIGA1UEChMLUGF5UGFsIEluYy4xEzARBgNVBAsUCmxpdmVfY2VydHMxETAPBgNVBAMUCGxpdmVfYXBpMRwwGgYJKoZIhvcNAQkBFg1yZUBwYXlwYWwuY29tMIGfMA0GCSqGSIb3DQEBAQUAA4GNADCBiQKBgQDBR07d/ETMS1ycjtkpkvjXZe9k+6CieLuLsPumsJ7QC1odNz3sJiCbs2wC0nLE0uLGaEtXynIgRqIddYCHx88pb5HTXv4SZeuv0Rqq4+axW9PLAAATU8w04qqjaSXgbGLP3NmohqM6bV9kZZwZLR/klDaQGo1u9uDb9lr4Yn+rBQIDAQABo4HuMIHrMB0GA1UdDgQWBBSWn3y7xm8XvVk/UtcKG+wQ1mSUazCBuwYDVR0jBIGzMIGwgBSWn3y7xm8XvVk/UtcKG+wQ1mSUa6GBlKSBkTCBjjELMAkGA1UEBhMCVVMxCzAJBgNVBAgTAkNBMRYwFAYDVQQHEw1Nb3VudGFpbiBWaWV3MRQwEgYDVQQKEwtQYXlQYWwgSW5jLjETMBEGA1UECxQKbGl2ZV9jZXJ0czERMA8GA1UEAxQIbGl2ZV9hcGkxHDAaBgkqhkiG9w0BCQEWDXJlQHBheXBhbC5jb22CAQAwDAYDVR0TBAUwAwEB/zANBgkqhkiG9w0BAQUFAAOBgQCBXzpWmoBa5e9fo6ujionW1hUhPkOBakTr3YCDjbYfvJEiv/2P+IobhOGJr85+XHhN0v4gUkEDI8r2/rNk1m0GA8HKddvTjyGw/XqXa+LSTlDYkqI8OwR8GEYj4efEtcRpRYBxV8KxAW93YDWzFGvruKnnLbDAF6VR5w/cCMn5hzGCAZowggGWAgEBMIGUMIGOMQswCQYDVQQGEwJVUzELMAkGA1UECBMCQ0ExFjAUBgNVBAcTDU1vdW50YWluIFZpZXcxFDASBgNVBAoTC1BheVBhbCBJbmMuMRMwEQYDVQQLFApsaXZlX2NlcnRzMREwDwYDVQQDFAhsaXZlX2FwaTEcMBoGCSqGSIb3DQEJARYNcmVAcGF5cGFsLmNvbQIBADAJBgUrDgMCGgUAoF0wGAYJKoZIhvcNAQkDMQsGCSqGSIb3DQEHATAcBgkqhkiG9w0BCQUxDxcNMTQwMzE3MDI0ODI2WjAjBgkqhkiG9w0BCQQxFgQUj6a/Qc4R/TiJqBcfqkIEKYXtltgwDQYJKoZIhvcNAQEBBQAEgYAPIICvHBtPiY+aTcXhhgavE+d+wb7toSKMUHdbqUAwenJ/TXyb0H3+R1WsjJkmhLird50H0LgPBJUKvz69XWp7ULhYwExGdZYlQtHjzWCVAy/8hBEEB+VSVs5S0acuWybihZLXug1im94lNZhgvTct7FSt5qL3rmFGJ9Td5/8L1A==-----END PKCS7-----\r\n\">\r\n<input type=\"image\" src=\"https://www.paypalobjects.com/en_US/i/btn/btn_donateCC_LG.gif\" border=\"0\" name=\"submit\" alt=\"PayPal - The safer, easier way to pay online!\">\r\n<img alt=\"\" border=\"0\" src=\"https://www.paypalobjects.com/en_US/i/scr/pixel.gif\" width=\"1\" height=\"1\">\r\n</form>\r\n', 'Make a dontation.', '', 'inherit', 'open', 'open', '', '2-revision-v1', '', '', '2014-03-17 02:52:02', '2014-03-17 02:52:02', '', 2, 'http://triforchange.com/2-revision-v1/', 0, 'revision', '', 0),
(24, 1, '2014-06-09 19:35:58', '2014-06-09 19:35:58', 'You can make a difference by donating today.\r\n\r\n<form action=\"https://www.paypal.com/cgi-bin/webscr\" method=\"post\" target=\"_top\">\r\n<input type=\"hidden\" name=\"cmd\" value=\"_s-xclick\">\r\n<input type=\"hidden\" name=\"encrypted\" value=\"-----BEGIN PKCS7-----MIIHRwYJKoZIhvcNAQcEoIIHODCCBzQCAQExggEwMIIBLAIBADCBlDCBjjELMAkGA1UEBhMCVVMxCzAJBgNVBAgTAkNBMRYwFAYDVQQHEw1Nb3VudGFpbiBWaWV3MRQwEgYDVQQKEwtQYXlQYWwgSW5jLjETMBEGA1UECxQKbGl2ZV9jZXJ0czERMA8GA1UEAxQIbGl2ZV9hcGkxHDAaBgkqhkiG9w0BCQEWDXJlQHBheXBhbC5jb20CAQAwDQYJKoZIhvcNAQEBBQAEgYCIu52Ef7sz9xyyvYuT/SXgKm7PcC6Yijs1L/YrCp1DJYsf3Hu2scfvGJp+xZCU4/3H4At6cjizTuJpKg9w7ur/9jTsugJCdQp/fjMVWRemh2d+yG9CY9HLMUeKm6kxYhMZxLU0fCG7Tm5ONsXlJ48pVFuf076N6oFaHWBxdap4/TELMAkGBSsOAwIaBQAwgcQGCSqGSIb3DQEHATAUBggqhkiG9w0DBwQID1h/9udI+xWAgaDrRANULyuHABLuRe0eeeRuVEGEwGqkCR00i3lOvPGyhs7xiahtoeKXD54PCj8/HSJeZEo7NhwX1JE0bZCrmDbrAO0llbMAALyRhRPdc4emqNllHVjkIIOqHp+GAUdXZsiqQG0zQs9Grxe/DSuiC/3X9BTg8YF0NyvNRqm4xZLzwpBzaBW7GLaic0Zp44VPaxxu7XF9YgJenHyBxLtkQ59OoIIDhzCCA4MwggLsoAMCAQICAQAwDQYJKoZIhvcNAQEFBQAwgY4xCzAJBgNVBAYTAlVTMQswCQYDVQQIEwJDQTEWMBQGA1UEBxMNTW91bnRhaW4gVmlldzEUMBIGA1UEChMLUGF5UGFsIEluYy4xEzARBgNVBAsUCmxpdmVfY2VydHMxETAPBgNVBAMUCGxpdmVfYXBpMRwwGgYJKoZIhvcNAQkBFg1yZUBwYXlwYWwuY29tMB4XDTA0MDIxMzEwMTMxNVoXDTM1MDIxMzEwMTMxNVowgY4xCzAJBgNVBAYTAlVTMQswCQYDVQQIEwJDQTEWMBQGA1UEBxMNTW91bnRhaW4gVmlldzEUMBIGA1UEChMLUGF5UGFsIEluYy4xEzARBgNVBAsUCmxpdmVfY2VydHMxETAPBgNVBAMUCGxpdmVfYXBpMRwwGgYJKoZIhvcNAQkBFg1yZUBwYXlwYWwuY29tMIGfMA0GCSqGSIb3DQEBAQUAA4GNADCBiQKBgQDBR07d/ETMS1ycjtkpkvjXZe9k+6CieLuLsPumsJ7QC1odNz3sJiCbs2wC0nLE0uLGaEtXynIgRqIddYCHx88pb5HTXv4SZeuv0Rqq4+axW9PLAAATU8w04qqjaSXgbGLP3NmohqM6bV9kZZwZLR/klDaQGo1u9uDb9lr4Yn+rBQIDAQABo4HuMIHrMB0GA1UdDgQWBBSWn3y7xm8XvVk/UtcKG+wQ1mSUazCBuwYDVR0jBIGzMIGwgBSWn3y7xm8XvVk/UtcKG+wQ1mSUa6GBlKSBkTCBjjELMAkGA1UEBhMCVVMxCzAJBgNVBAgTAkNBMRYwFAYDVQQHEw1Nb3VudGFpbiBWaWV3MRQwEgYDVQQKEwtQYXlQYWwgSW5jLjETMBEGA1UECxQKbGl2ZV9jZXJ0czERMA8GA1UEAxQIbGl2ZV9hcGkxHDAaBgkqhkiG9w0BCQEWDXJlQHBheXBhbC5jb22CAQAwDAYDVR0TBAUwAwEB/zANBgkqhkiG9w0BAQUFAAOBgQCBXzpWmoBa5e9fo6ujionW1hUhPkOBakTr3YCDjbYfvJEiv/2P+IobhOGJr85+XHhN0v4gUkEDI8r2/rNk1m0GA8HKddvTjyGw/XqXa+LSTlDYkqI8OwR8GEYj4efEtcRpRYBxV8KxAW93YDWzFGvruKnnLbDAF6VR5w/cCMn5hzGCAZowggGWAgEBMIGUMIGOMQswCQYDVQQGEwJVUzELMAkGA1UECBMCQ0ExFjAUBgNVBAcTDU1vdW50YWluIFZpZXcxFDASBgNVBAoTC1BheVBhbCBJbmMuMRMwEQYDVQQLFApsaXZlX2NlcnRzMREwDwYDVQQDFAhsaXZlX2FwaTEcMBoGCSqGSIb3DQEJARYNcmVAcGF5cGFsLmNvbQIBADAJBgUrDgMCGgUAoF0wGAYJKoZIhvcNAQkDMQsGCSqGSIb3DQEHATAcBgkqhkiG9w0BCQUxDxcNMTQwMzE3MDI0ODI2WjAjBgkqhkiG9w0BCQQxFgQUj6a/Qc4R/TiJqBcfqkIEKYXtltgwDQYJKoZIhvcNAQEBBQAEgYAPIICvHBtPiY+aTcXhhgavE+d+wb7toSKMUHdbqUAwenJ/TXyb0H3+R1WsjJkmhLird50H0LgPBJUKvz69XWp7ULhYwExGdZYlQtHjzWCVAy/8hBEEB+VSVs5S0acuWybihZLXug1im94lNZhgvTct7FSt5qL3rmFGJ9Td5/8L1A==-----END PKCS7-----\r\n\">\r\n<input type=\"image\" src=\"https://www.paypalobjects.com/en_US/i/btn/btn_donateCC_LG.gif\" border=\"0\" name=\"submit\" alt=\"PayPal - The safer, easier way to pay online!\">\r\n<img alt=\"\" border=\"0\" src=\"https://www.paypalobjects.com/en_US/i/scr/pixel.gif\" width=\"1\" height=\"1\">\r\n</form>\r\n', 'Make a donation', '', 'inherit', 'closed', 'open', '', '2-revision-v1', '', '', '2014-06-09 19:35:58', '2014-06-09 19:35:58', '', 2, 'http://triforchange.com/2-revision-v1/', 0, 'revision', '', 0),
(7, 2, '2014-03-18 05:59:24', '2014-03-18 05:59:24', '<b>Lorem ipsum dolor sit amet, consectetur adipiscing elit.</b>\r\n\r\nEnim id tempus auctor, ante diam elementum ipsum, ut suscipit justo odio non eros. In venenatis, purus a tristique placerat, erat dolor luctus est, vitae luctus ante turpis eget odio. Sed at nibh massa, eu malesuada metus.\r\n<ul>\r\n	<li>Maecenas tempus nisi vel libero volutpat id egestas neque feugiat.</li>\r\n	<li>Nulla auctor venenatis augue eu venenatis.</li>\r\n	<li>Duis massa lorem, mollis in porttitor vel, congue quis erat.</li>\r\n	<li>Sed hendrerit commodo eros tempor tincidunt.</li>\r\n</ul>\r\n<b>Lorem ipsum dolor sit amet, consectetur adipiscing elit.</b>\r\n\r\n<span style=\"line-height: 1.5;\">Nam sagittis erat non libero scelerisque eleifend. Nulla varius auctor nisl aliquet tristique. Phasellus rutrum, nulla vel tincidunt tincidunt, dolor felis pretium nisl.</span>\r\n<h3 style=\"text-align: center;\"><span style=\"line-height: 1.5; color: #000080;\">You can make a difference by donating today.</span></h3>\r\n<h2 style=\"text-align: center;\"><span style=\"color: #3366ff;\"> <input type=\"image\" alt=\"PayPal - The safer, easier way to pay online!\" name=\"submit\" src=\"https://www.paypalobjects.com/en_US/i/btn/btn_donateCC_LG.gif\" /></span>\r\n<span style=\"color: #3366ff;\"> <img alt=\"\" src=\"https://www.paypalobjects.com/en_US/i/scr/pixel.gif\" width=\"1\" height=\"1\" border=\"0\" /></span></h2>', 'Welcome to Tri for Change', '', 'publish', 'closed', 'open', '', 'welcome-to-tri-for-change', '', '', '2014-03-18 06:08:16', '2014-03-18 06:08:16', '', 0, 'http://triforchange.com/?page_id=7', 0, 'page', '', 0),
(20, 1, '2014-06-09 19:22:08', '2014-06-09 19:22:08', 'These are the businesses and people that help support the good causes TriforChange supports.\r\n<ul>\r\n	<li>Business #1</li>\r\n	<li>Business #2</li>\r\n	<li>Business #3</li>\r\n</ul>', 'Sponsors', '', 'publish', 'closed', 'open', '', 'sponsors', '', '', '2014-06-09 19:22:08', '2014-06-09 19:22:08', '', 0, 'http://triforchange.com/?page_id=20', 0, 'page', '', 0),
(9, 1, '2014-03-18 05:59:24', '2014-03-18 05:59:24', '', 'Welcome to Tri for Change', '', 'inherit', 'closed', 'open', '', '7-revision-v1', '', '', '2014-03-18 05:59:24', '2014-03-18 05:59:24', '', 7, 'http://triforchange.com/7-revision-v1/', 0, 'revision', '', 0),
(10, 1, '2014-03-18 06:02:35', '2014-03-18 06:02:35', '<b>Lorem ipsum dolor sit amet, consectetur adipiscing elit.</b>\n\nEnim id tempus auctor, ante diam elementum ipsum, ut suscipit justo odio non eros. In venenatis, purus a tristique placerat, erat dolor luctus est, vitae luctus ante turpis eget odio. Sed at nibh massa, eu malesuada metus.\n<ul>\n	<li>Maecenas tempus nisi vel libero volutpat id egestas neque feugiat.</li>\n	<li>Nulla auctor venenatis augue eu venenatis.</li>\n	<li>Duis massa lorem, mollis in porttitor vel, congue quis erat.</li>\n	<li>Sed hendrerit commodo eros tempor tincidunt.</li>\n	<li>Sed et diam justo, vel elementum nibh.</li>\n</ul>\n<b>Lorem ipsum dolor sit amet, consectetur adipiscing elit.</b>\n\n<span style=\"line-height: 1.5;\">Nam sagittis erat non libero scelerisque eleifend. Nulla varius auctor nisl aliquet tristique. Phasellus rutrum, nulla vel tincidunt tincidunt, dolor felis pretium nisl, id faucibus nisl justo sit amet dolor. Sed aliquam pellentesque congue. Aenean blandit odio eu elit ullamcorper quis iaculis mauris sagittis.</span>\n<h3><span style=\"line-height: 1.5; color: #000080;\">You can make a difference by donating today.</span></h3>\n<h2><span style=\"color: #3366ff;\"> <input type=\"image\" alt=\"PayPal - The safer, easier way to pay online!\" name=\"submit\" src=\"https://www.paypalobjects.com/en_US/i/btn/btn_donateCC_LG.gif\" /></span>\n<span style=\"color: #3366ff;\"> <img alt=\"\" src=\"https://www.paypalobjects.com/en_US/i/scr/pixel.gif\" width=\"1\" height=\"1\" border=\"0\" /></span></h2>', 'Welcome to Tri for Change', '', 'inherit', 'closed', 'open', '', '7-autosave-v1', '', '', '2014-03-18 06:02:35', '2014-03-18 06:02:35', '', 7, 'http://triforchange.com/7-autosave-v1/', 0, 'revision', '', 0),
(14, 1, '2014-03-18 06:02:54', '2014-03-18 06:02:54', '<b>Lorem ipsum dolor sit amet, consectetur adipiscing elit.</b>\r\n\r\nEnim id tempus auctor, ante diam elementum ipsum, ut suscipit justo odio non eros. In venenatis, purus a tristique placerat, erat dolor luctus est, vitae luctus ante turpis eget odio. Sed at nibh massa, eu malesuada metus.\r\n<ul>\r\n	<li>Maecenas tempus nisi vel libero volutpat id egestas neque feugiat.</li>\r\n	<li>Nulla auctor venenatis augue eu venenatis.</li>\r\n	<li>Duis massa lorem, mollis in porttitor vel, congue quis erat.</li>\r\n	<li>Sed hendrerit commodo eros tempor tincidunt.</li>\r\n</ul>\r\n<b>Lorem ipsum dolor sit amet, consectetur adipiscing elit.</b>\r\n\r\n<span style=\"line-height: 1.5;\">Nam sagittis erat non libero scelerisque eleifend. Nulla varius auctor nisl aliquet tristique. Phasellus rutrum, nulla vel tincidunt tincidunt, dolor felis pretium nisl.</span>\r\n<h3><span style=\"line-height: 1.5; color: #000080;\">You can make a difference by donating today.</span></h3>\r\n<h2><span style=\"color: #3366ff;\"> <input type=\"image\" alt=\"PayPal - The safer, easier way to pay online!\" name=\"submit\" src=\"https://www.paypalobjects.com/en_US/i/btn/btn_donateCC_LG.gif\" /></span>\r\n<span style=\"color: #3366ff;\"> <img alt=\"\" src=\"https://www.paypalobjects.com/en_US/i/scr/pixel.gif\" width=\"1\" height=\"1\" border=\"0\" /></span></h2>', 'Welcome to Tri for Change', '', 'inherit', 'closed', 'open', '', '7-revision-v1', '', '', '2014-03-18 06:02:54', '2014-03-18 06:02:54', '', 7, 'http://triforchange.com/7-revision-v1/', 0, 'revision', '', 0),
(11, 1, '2014-03-18 06:01:34', '2014-03-18 06:01:34', '<b>Lorem ipsum dolor sit amet, consectetur adipiscing elit.</b>\r\n\r\nEnim id tempus auctor, ante diam elementum ipsum, ut suscipit justo odio non eros. In venenatis, purus a tristique placerat, erat dolor luctus est, vitae luctus ante turpis eget odio. Sed at nibh massa, eu malesuada metus. Proin ut nunc turpis. Vivamus porta, erat nec ultrices varius, lectus libero lobortis justo, blandit tincidunt libero est ut nibh. Vestibulum ante ipsum primis in faucibus orci luctus et ultrices posuere cubilia Curae; Praesent congue iaculis diam, vel imperdiet diam posuere a.\r\n<ul>\r\n	<li>Maecenas tempus nisi vel libero volutpat id egestas neque feugiat.</li>\r\n	<li>Nulla auctor venenatis augue eu venenatis.</li>\r\n	<li>Duis massa lorem, mollis in porttitor vel, congue quis erat.</li>\r\n	<li>Sed hendrerit commodo eros tempor tincidunt.</li>\r\n	<li>Sed et diam justo, vel elementum nibh.</li>\r\n</ul>\r\n<b>Lorem ipsum dolor sit amet, consectetur adipiscing elit.</b>\r\n\r\n<span style=\"line-height: 1.5;\">Nam sagittis erat non libero scelerisque eleifend. Nulla varius auctor nisl aliquet tristique. Phasellus rutrum, nulla vel tincidunt tincidunt, dolor felis pretium nisl, id faucibus nisl justo sit amet dolor. Sed aliquam pellentesque congue. Aenean blandit odio eu elit ullamcorper quis iaculis mauris sagittis.</span>\r\n<h3><span style=\"line-height: 1.5; color: #000080;\">You can make a difference by donating today.</span></h3>\r\n<h2><span style=\"color: #3366ff;\"> <input type=\"image\" alt=\"PayPal - The safer, easier way to pay online!\" name=\"submit\" src=\"https://www.paypalobjects.com/en_US/i/btn/btn_donateCC_LG.gif\" /></span>\r\n<span style=\"color: #3366ff;\"> <img alt=\"\" src=\"https://www.paypalobjects.com/en_US/i/scr/pixel.gif\" width=\"1\" height=\"1\" border=\"0\" /></span></h2>', 'Welcome to Tri for Change', '', 'inherit', 'closed', 'open', '', '7-revision-v1', '', '', '2014-03-18 06:01:34', '2014-03-18 06:01:34', '', 7, 'http://triforchange.com/7-revision-v1/', 0, 'revision', '', 0),
(12, 1, '2014-03-18 06:02:06', '2014-03-18 06:02:06', '', 'Blog and News', '', 'publish', 'closed', 'closed', '', 'blog-news', '', '', '2014-06-09 19:21:01', '2014-06-09 19:21:01', '', 0, 'http://triforchange.com/?page_id=12', 0, 'page', '', 0),
(13, 1, '2014-03-18 06:02:06', '2014-03-18 06:02:06', '', 'TriforChange Blog', '', 'inherit', 'closed', 'open', '', '12-revision-v1', '', '', '2014-03-18 06:02:06', '2014-03-18 06:02:06', '', 12, 'http://triforchange.com/12-revision-v1/', 0, 'revision', '', 0),
(15, 1, '2014-03-18 06:08:16', '2014-03-18 06:08:16', '<b>Lorem ipsum dolor sit amet, consectetur adipiscing elit.</b>\r\n\r\nEnim id tempus auctor, ante diam elementum ipsum, ut suscipit justo odio non eros. In venenatis, purus a tristique placerat, erat dolor luctus est, vitae luctus ante turpis eget odio. Sed at nibh massa, eu malesuada metus.\r\n<ul>\r\n	<li>Maecenas tempus nisi vel libero volutpat id egestas neque feugiat.</li>\r\n	<li>Nulla auctor venenatis augue eu venenatis.</li>\r\n	<li>Duis massa lorem, mollis in porttitor vel, congue quis erat.</li>\r\n	<li>Sed hendrerit commodo eros tempor tincidunt.</li>\r\n</ul>\r\n<b>Lorem ipsum dolor sit amet, consectetur adipiscing elit.</b>\r\n\r\n<span style=\"line-height: 1.5;\">Nam sagittis erat non libero scelerisque eleifend. Nulla varius auctor nisl aliquet tristique. Phasellus rutrum, nulla vel tincidunt tincidunt, dolor felis pretium nisl.</span>\r\n<h3 style=\"text-align: center;\"><span style=\"line-height: 1.5; color: #000080;\">You can make a difference by donating today.</span></h3>\r\n<h2 style=\"text-align: center;\"><span style=\"color: #3366ff;\"> <input type=\"image\" alt=\"PayPal - The safer, easier way to pay online!\" name=\"submit\" src=\"https://www.paypalobjects.com/en_US/i/btn/btn_donateCC_LG.gif\" /></span>\r\n<span style=\"color: #3366ff;\"> <img alt=\"\" src=\"https://www.paypalobjects.com/en_US/i/scr/pixel.gif\" width=\"1\" height=\"1\" border=\"0\" /></span></h2>', 'Welcome to Tri for Change', '', 'inherit', 'closed', 'open', '', '7-revision-v1', '', '', '2014-03-18 06:08:16', '2014-03-18 06:08:16', '', 7, 'http://triforchange.com/7-revision-v1/', 0, 'revision', '', 0),
(17, 2, '2014-03-26 12:35:55', '2014-03-26 12:35:55', '<b>Racing and training for community.</b> I love triathlon. I love the training and racing. I love the community of athletes I have met. I have been successful in the four years I have been competing. It seems the only downside to the sport is that there is a selfishness to the time it takes. Though there is camaraderie among the triathlon community the sport is about bettering one\'s self.  This got me to thinking, \"How can I make it about more than myself?\" Certainly not a new idea. Ironman has the Ironman Foundation that gives back to the communities where the brand holds races. Team In Training raises money for cures. So though I haven\'t come up with something new, I am doing it in my my own way.\n<ul>\n	<li>Nulla auctor venenatis augue eu venenatis.</li>\n	<li>Duis massa lorem, mollis in porttitor vel, congue quis erat.</li>\n	<li>Sed hendrerit commodo eros tempor tincidunt.</li>\n</ul>\n<b>Lorem ipsum dolor sit amet, consectetur adipiscing elit.</b> <span style=\"line-height: 1.5;\">Nam sagittis erat non libero scelerisque eleifend. Nulla varius auctor nisl aliquet tristique. Phasellus rutrum, nulla vel tincidunt tincidunt, dolor felis pretium nisl.</span>\n<h3 style=\"text-align: center;\"><span style=\"line-height: 1.5; color: #000080;\">You can make a difference by donating today.</span></h3>\n<h2 style=\"text-align: center;\"><span style=\"color: #3366ff;\"> <input type=\"image\" alt=\"PayPal - The safer, easier way to pay online!\" name=\"submit\" src=\"https://www.paypalobjects.com/en_US/i/btn/btn_donateCC_LG.gif\" /></span> <span style=\"color: #3366ff;\"> <img alt=\"\" src=\"https://www.paypalobjects.com/en_US/i/scr/pixel.gif\" width=\"1\" height=\"1\" border=\"0\" /></span></h2>', 'Welcome to Tri for Change', '', 'inherit', 'closed', 'open', '', '7-autosave-v1', '', '', '2014-03-26 12:35:55', '2014-03-26 12:35:55', '', 7, 'http://triforchange.com/7-autosave-v1/', 0, 'revision', '', 0),
(19, 1, '2014-06-09 19:21:01', '2014-06-09 19:21:01', '', 'Blog and News', '', 'inherit', 'closed', 'open', '', '12-revision-v1', '', '', '2014-06-09 19:21:01', '2014-06-09 19:21:01', '', 12, 'http://triforchange.com/12-revision-v1/', 0, 'revision', '', 0),
(21, 1, '2014-06-09 19:22:08', '2014-06-09 19:22:08', 'These are the businesses and people that help support the good causes TriforChange supports.\r\n<ul>\r\n	<li>Business #1</li>\r\n	<li>Business #2</li>\r\n	<li>Business #3</li>\r\n</ul>', 'Sponsors', '', 'inherit', 'closed', 'open', '', '20-revision-v1', '', '', '2014-06-09 19:22:08', '2014-06-09 19:22:08', '', 20, 'http://triforchange.com/20-revision-v1/', 0, 'revision', '', 0),
(22, 1, '2014-06-09 19:29:05', '2014-06-09 19:29:05', 'I am currently ranked:\r\n<ul>\r\n	<li><strong>20th in the United States</strong> in the <a href=\"#\">Women\'s 40-44 age group</a></li>\r\n	<li><strong>66th in the World</strong> in the <a href=\"#\">Women\'s 40-44 age group</a></li>\r\n</ul>\r\n<h2>Here are my race results since 200?.</h2>\r\n<div class=\"postcontent\"><a name=\"2011\"></a>\r\n<h3>2011</h3>\r\n<ul class=\"ctable raceresultstable\">\r\n	<li>\r\n<ul class=\"ctablehead\">\r\n	<li class=\"date\">Date</li>\r\n	<li class=\"rank\">Rank</li>\r\n	<li class=\"event\">Event</li>\r\n	<li class=\"time\">Time</li>\r\n</ul>\r\n<ul class=\"ctablebody\">\r\n	<li class=\"date\">8/10/11</li>\r\n	<li class=\"rank\">1st</li>\r\n	<li class=\"event\"><a href=\"http://www.chrissiewellington.org/race-results/ford-ironman-world-championship/\">Ford Ironman World Championship</a></li>\r\n	<li class=\"time\">8:55:08</li>\r\n</ul>\r\n<ul class=\"ctablebody\">\r\n	<li class=\"date\">21/8/11</li>\r\n	<li class=\"rank\">1st</li>\r\n	<li class=\"event\"><a href=\"http://www.chrissiewellington.org/race-results/timberman-70-3-2/\">Timberman 70.3</a></li>\r\n	<li class=\"time\"></li>\r\n</ul>\r\n<ul class=\"ctablebody\">\r\n	<li class=\"date\">10/7/11</li>\r\n	<li class=\"rank\">1st</li>\r\n	<li class=\"event\"><a href=\"http://www.chrissiewellington.org/race-results/challenge-roth/\">Challenge-Roth</a></li>\r\n	<li class=\"time\"></li>\r\n</ul>\r\n<ul class=\"ctablebody\">\r\n	<li class=\"date\">12/6/11</li>\r\n	<li class=\"rank\">1st</li>\r\n	<li class=\"event\"><a href=\"http://www.chrissiewellington.org/race-results/k-swiss-ironman-70-3/\">K-Swiss Ironman 70.3</a></li>\r\n	<li class=\"time\">4:11:08</li>\r\n</ul>\r\n<ul class=\"ctablebody\">\r\n	<li class=\"date\">10/4/11</li>\r\n	<li class=\"rank\">1st</li>\r\n	<li class=\"event\"><a href=\"http://www.chrissiewellington.org/race-results/spec-savers-ironman-south-africa/\">Spec-Savers Ironman South Africa</a></li>\r\n	<li class=\"time\">8:33:56</li>\r\n</ul>\r\n</li>\r\n</ul>\r\n<a name=\"2010\"></a>\r\n<h3>2010</h3>\r\n<ul class=\"ctable raceresultstable\">\r\n	<li>\r\n<ul class=\"ctablehead\">\r\n	<li class=\"date\">Date</li>\r\n	<li class=\"rank\">Rank</li>\r\n	<li class=\"event\">Event</li>\r\n	<li class=\"time\">Time</li>\r\n</ul>\r\n<ul class=\"ctablebody\">\r\n	<li class=\"date\">21/11/10</li>\r\n	<li class=\"rank\">1st</li>\r\n	<li class=\"event\"><a href=\"http://www.chrissiewellington.org/race-results/ford-ironman-arizona-tempe-2/\">Ford Ironman Arizona, Tempe</a></li>\r\n	<li class=\"time\">8:36:13</li>\r\n</ul>\r\n<ul class=\"ctablebody\">\r\n	<li class=\"date\">22/8/10</li>\r\n	<li class=\"rank\">1st</li>\r\n	<li class=\"event\"><a href=\"http://www.chrissiewellington.org/race-results/timberman-70-3/\">Timberman 70.3</a></li>\r\n	<li class=\"time\">4:10:11</li>\r\n</ul>\r\n<ul class=\"ctablebody\">\r\n	<li class=\"date\">18/7/10</li>\r\n	<li class=\"rank\">1st</li>\r\n	<li class=\"event\"><a href=\"http://www.chrissiewellington.org/race-results/challenge-roth-germany/\">Challenge Roth, Germany</a></li>\r\n	<li class=\"time\">8:19:13</li>\r\n</ul>\r\n<ul class=\"ctablebody\">\r\n	<li class=\"date\">8/6/10</li>\r\n	<li class=\"rank\">1st</li>\r\n	<li class=\"event\"><a href=\"http://www.chrissiewellington.org/race-results/ironman-kansas-70-3/\">Ironman Kansas 70.3</a></li>\r\n	<li class=\"time\">4:07:49</li>\r\n</ul>\r\n</li>\r\n</ul>\r\n<a name=\"2009\"></a>\r\n<h3>2009</h3>\r\n<ul class=\"ctable raceresultstable\">\r\n	<li>\r\n<ul class=\"ctablehead\">\r\n	<li class=\"date\">Date</li>\r\n	<li class=\"rank\">Rank</li>\r\n	<li class=\"event\">Event</li>\r\n	<li class=\"time\">Time</li>\r\n</ul>\r\n<ul class=\"ctablebody\">\r\n	<li class=\"date\">10/10/09</li>\r\n	<li class=\"rank\">1st</li>\r\n	<li class=\"event\"><a href=\"http://www.chrissiewellington.org/race-results/ironman-world-championships-3/\">Ironman World Championships</a></li>\r\n	<li class=\"time\">8:54:02</li>\r\n</ul>\r\n<ul class=\"ctablebody\">\r\n	<li class=\"date\">23/8/09</li>\r\n	<li class=\"rank\">1st</li>\r\n	<li class=\"event\"><a href=\"http://www.chrissiewellington.org/race-results/timberman-70-3-lake-winnipesaukee-new-hampshire/\">Timberman 70.3 (Lake Winnipesaukee, New Hampshire)</a></li>\r\n	<li class=\"time\">4:15:11</li>\r\n</ul>\r\n<ul class=\"ctablebody\">\r\n	<li class=\"date\">11/8/09</li>\r\n	<li class=\"rank\">2nd</li>\r\n	<li class=\"event\"><a href=\"http://www.chrissiewellington.org/race-results/5430-long-course-triathlon-boulder-colorado/\">5430 Long Course Triathlon (Boulder, Colorado)</a></li>\r\n	<li class=\"time\">4:12:18</li>\r\n</ul>\r\n<ul class=\"ctablebody\">\r\n	<li class=\"date\">17/7/09</li>\r\n	<li class=\"rank\">6th</li>\r\n	<li class=\"event\"><a href=\"http://www.chrissiewellington.org/race-results/columbia-triathlon/\">Columbia Triathlon</a></li>\r\n	<li class=\"time\">2:18:40</li>\r\n</ul>\r\n<ul class=\"ctablebody\">\r\n	<li class=\"date\">12/7/09</li>\r\n	<li class=\"rank\">1st</li>\r\n	<li class=\"event\"><a href=\"http://www.chrissiewellington.org/race-results/quelle-challenge-roth-germany/\">Quelle Challenge – Roth, Germany</a></li>\r\n	<li class=\"time\">8:31:59</li>\r\n</ul>\r\n<ul class=\"ctablebody\">\r\n	<li class=\"date\">14/6/09</li>\r\n	<li class=\"rank\">1st</li>\r\n	<li class=\"event\"><a href=\"http://www.chrissiewellington.org/race-results/ironman-70-3-kansas/\">Ironman 70.3 Kansas</a></li>\r\n	<li class=\"time\">4:14:52</li>\r\n</ul>\r\n<ul class=\"ctablebody\">\r\n	<li class=\"date\">5/4/09</li>\r\n	<li class=\"rank\">1st</li>\r\n	<li class=\"event\"><a href=\"http://www.chrissiewellington.org/race-results/ironman-australia-2/\">Ironman Australia</a></li>\r\n	<li class=\"time\">8:57:10</li>\r\n</ul>\r\n</li>\r\n</ul>\r\n<a name=\"2008\"></a>\r\n<h3>2008</h3>\r\n<ul class=\"ctable raceresultstable\">\r\n	<li>\r\n<ul class=\"ctablehead\">\r\n	<li class=\"date\">Date</li>\r\n	<li class=\"rank\">Rank</li>\r\n	<li class=\"event\">Event</li>\r\n	<li class=\"time\">Time</li>\r\n</ul>\r\n<ul class=\"ctablebody\">\r\n	<li class=\"date\">26/10/08</li>\r\n	<li class=\"rank\">1st</li>\r\n	<li class=\"event\"><a href=\"http://www.chrissiewellington.org/race-results/itu-long-distance-world-championship/\">ITU Long Distance World Championship</a></li>\r\n	<li class=\"time\">6:12:44</li>\r\n</ul>\r\n<ul class=\"ctablebody\">\r\n	<li class=\"date\">11/10/08</li>\r\n	<li class=\"rank\">1st</li>\r\n	<li class=\"event\"><a href=\"http://www.chrissiewellington.org/race-results/ironman-world-championships-2/\">Ironman World Championships</a></li>\r\n	<li class=\"time\">9:06:23</li>\r\n</ul>\r\n<ul class=\"ctablebody\">\r\n	<li class=\"date\">30/7/08</li>\r\n	<li class=\"rank\">1st</li>\r\n	<li class=\"event\"><a href=\"http://www.chrissiewellington.org/race-results/alpe-dhuez-long-course-triathlon-2/\">Alpe d\'Huez Long Course triathlon</a></li>\r\n	<li class=\"time\">6:18:25</li>\r\n</ul>\r\n<ul class=\"ctablebody\">\r\n	<li class=\"date\">17/7/08</li>\r\n	<li class=\"rank\">1st</li>\r\n	<li class=\"event\"><a href=\"http://www.chrissiewellington.org/race-results/timberman-ironman-70-3/\">Timberman Ironman 70.3</a></li>\r\n	<li class=\"time\">4:11:46</li>\r\n</ul>\r\n<ul class=\"ctablebody\">\r\n	<li class=\"date\">6/7/08</li>\r\n	<li class=\"rank\">1st</li>\r\n	<li class=\"event\"><a href=\"http://www.chrissiewellington.org/race-results/ironman-european-championship/\">Ironman European Championship</a></li>\r\n	<li class=\"time\">8:51:24.7</li>\r\n</ul>\r\n<ul class=\"ctablebody\">\r\n	<li class=\"date\">26/4/08</li>\r\n	<li class=\"rank\">22nd</li>\r\n	<li class=\"event\"><a href=\"http://www.chrissiewellington.org/race-results/tongyeong-bg-triathlon-world-cup/\">Tongyeong BG Triathlon World Cup</a></li>\r\n	<li class=\"time\">1:58:21</li>\r\n</ul>\r\n<ul class=\"ctablebody\">\r\n	<li class=\"date\">6/4/08</li>\r\n	<li class=\"rank\">1st</li>\r\n	<li class=\"event\"><a href=\"http://www.chrissiewellington.org/race-results/ironman-australia/\">Ironman Australia</a></li>\r\n	<li class=\"time\">9:03:55</li>\r\n</ul>\r\n</li>\r\n</ul>\r\n<a name=\"2007\"></a>\r\n<h3>2007</h3>\r\n<ul class=\"ctable raceresultstable\">\r\n	<li>\r\n<ul class=\"ctablehead\">\r\n	<li class=\"date\">Date</li>\r\n	<li class=\"rank\">Rank</li>\r\n	<li class=\"event\">Event</li>\r\n	<li class=\"time\">Time</li>\r\n</ul>\r\n<ul class=\"ctablebody\">\r\n	<li class=\"date\">2/12/07</li>\r\n	<li class=\"rank\">4th</li>\r\n	<li class=\"event\"><a href=\"http://www.chrissiewellington.org/race-results/laguna-phuket-triathlon/\">Laguna Phuket Triathlon</a></li>\r\n	<li class=\"time\">2:47:57</li>\r\n</ul>\r\n<ul class=\"ctablebody\">\r\n	<li class=\"date\">13/10/07</li>\r\n	<li class=\"rank\">1st</li>\r\n	<li class=\"event\"><a href=\"http://www.chrissiewellington.org/race-results/ironman-world-championships/\">Ironman World Championships</a></li>\r\n	<li class=\"time\">9:08:45</li>\r\n</ul>\r\n<ul class=\"ctablebody\">\r\n	<li class=\"date\">2/9/07</li>\r\n	<li class=\"rank\">3rd</li>\r\n	<li class=\"event\"><a href=\"http://www.chrissiewellington.org/race-results/singapore-ironman-70-3/\">Singapore Ironman 70.3</a></li>\r\n	<li class=\"time\">4:19:18</li>\r\n</ul>\r\n<ul class=\"ctablebody\">\r\n	<li class=\"date\">26/8/07</li>\r\n	<li class=\"rank\">1st</li>\r\n	<li class=\"event\"><a href=\"http://www.chrissiewellington.org/race-results/ironman-korea/\">Ironman Korea</a></li>\r\n	<li class=\"time\">9:54:37</li>\r\n</ul>\r\n<ul class=\"ctablebody\">\r\n	<li class=\"date\">1/8/07</li>\r\n	<li class=\"rank\">1st</li>\r\n	<li class=\"event\"><a href=\"http://www.chrissiewellington.org/race-results/alpe-dhuez-long-course-triathlon/\">Alpe d\'Huez Long Course Triathlon</a></li>\r\n	<li class=\"time\">6:43:15</li>\r\n</ul>\r\n<ul class=\"ctablebody\">\r\n	<li class=\"date\">15/7/07</li>\r\n	<li class=\"rank\">5th</li>\r\n	<li class=\"event\"><a href=\"http://www.chrissiewellington.org/race-results/itu-long-course-world-championships/\">ITU Long Course World Championships</a></li>\r\n	<li class=\"time\">4:07:08</li>\r\n</ul>\r\n<ul class=\"ctablebody\">\r\n	<li class=\"date\">7/7/07</li>\r\n	<li class=\"rank\">5th</li>\r\n	<li class=\"event\"><a href=\"http://www.chrissiewellington.org/race-results/itu-premium-european-cup-holten/\">ITU Premium European Cup (Holten)</a></li>\r\n	<li class=\"time\">2:06:15</li>\r\n</ul>\r\n<ul class=\"ctablebody\">\r\n	<li class=\"date\">1/7/07</li>\r\n	<li class=\"rank\">1st</li>\r\n	<li class=\"event\"><a href=\"http://www.chrissiewellington.org/race-results/bangkok-triathlon/\">Bangkok Triathlon</a></li>\r\n	<li class=\"time\">1:59:28</li>\r\n</ul>\r\n<ul class=\"ctablebody\">\r\n	<li class=\"date\">23/6/07</li>\r\n	<li class=\"rank\">1st</li>\r\n	<li class=\"event\"><a href=\"http://www.chrissiewellington.org/race-results/zurich-olympic-distance-triathlon/\">Zurich Olympic Distance triathlon</a></li>\r\n	<li class=\"time\">1:59:33.5</li>\r\n</ul>\r\n<ul class=\"ctablebody\">\r\n	<li class=\"date\">17/6/07</li>\r\n	<li class=\"rank\">5th</li>\r\n	<li class=\"event\"><a href=\"http://www.chrissiewellington.org/race-results/uk-ironman-70-3/\">UK Ironman 70.3</a></li>\r\n	<li class=\"time\">5:04:45</li>\r\n</ul>\r\n<ul class=\"ctablebody\">\r\n	<li class=\"date\">2/6/07</li>\r\n	<li class=\"rank\">1st</li>\r\n	<li class=\"event\"><a href=\"http://www.chrissiewellington.org/race-results/blenheim-triathlon-sprint-distance/\">Blenheim Triathlon (sprint distance)</a></li>\r\n	<li class=\"time\">1:07:50</li>\r\n</ul>\r\n<ul class=\"ctablebody\">\r\n	<li class=\"date\">5/5/07</li>\r\n	<li class=\"rank\">1st</li>\r\n	<li class=\"event\"><a href=\"http://www.chrissiewellington.org/race-results/subic-bay-itu-triathlon-asian-cup/\">Subic Bay ITU Triathlon Asian Cup</a></li>\r\n	<li class=\"time\">2:03:41</li>\r\n</ul>\r\n</li>\r\n</ul>\r\n<a name=\"2006\"></a>\r\n<h3>2006</h3>\r\n<ul class=\"ctable raceresultstable\">\r\n	<li>\r\n<ul class=\"ctablehead\">\r\n	<li class=\"date\">Date</li>\r\n	<li class=\"rank\">Rank</li>\r\n	<li class=\"event\">Event</li>\r\n	<li class=\"time\">Time</li>\r\n</ul>\r\n<ul class=\"ctablebody\">\r\n	<li class=\"date\">2/9/06</li>\r\n	<li class=\"rank\">1st</li>\r\n	<li class=\"event\"><a href=\"http://www.chrissiewellington.org/race-results/itu-age-group-world-championships/\">ITU Age Group World Championships</a></li>\r\n	<li class=\"time\">2:17:32</li>\r\n</ul>\r\n<ul class=\"ctablebody\">\r\n	<li class=\"date\">11/6/06</li>\r\n	<li class=\"rank\">1st</li>\r\n	<li class=\"event\"><a href=\"http://www.chrissiewellington.org/race-results/tri-uk-shropshire-triathlon/\">Tri UK Shropshire Triathlon</a></li>\r\n	<li class=\"time\">2:07:22</li>\r\n</ul>\r\n<ul class=\"ctablebody\">\r\n	<li class=\"date\">12/1/06</li>\r\n	<li class=\"rank\">1st</li>\r\n	<li class=\"event\"><a href=\"http://www.chrissiewellington.org/race-results/green-cup-world-championship-off-road-duathlon/\">Green Cup World Championship (off road duathlon)</a></li>\r\n	<li class=\"time\">2:59:50</li>\r\n</ul>\r\n</li>\r\n</ul>\r\n</div>', 'Results', '', 'publish', 'closed', 'open', '', 'results', '', '', '2014-06-09 19:50:24', '2014-06-09 19:50:24', '', 0, 'http://triforchange.com/?page_id=22', 0, 'page', '', 0);
INSERT INTO `wp_t4changeposts` (`ID`, `post_author`, `post_date`, `post_date_gmt`, `post_content`, `post_title`, `post_excerpt`, `post_status`, `comment_status`, `ping_status`, `post_password`, `post_name`, `to_ping`, `pinged`, `post_modified`, `post_modified_gmt`, `post_content_filtered`, `post_parent`, `guid`, `menu_order`, `post_type`, `post_mime_type`, `comment_count`) VALUES
(35, 1, '2014-06-09 19:49:09', '2014-06-09 19:49:09', 'Here are my race results since 200?.\r\n\r\nI am currently ranked:\r\n<ul>\r\n	<li><strong>20th in the United States</strong> in the Women\'s 40-44 age group for Triathlon</li>\r\n	<li><strong>66th in the World</strong> in the Women\'s 40-44 age group for Triathlon</li>\r\n</ul>\r\n<div class=\"postcontent\">\r\n<a name=\"2011\"></a>\r\n<h3>2011</h3>\r\n<ul class=\"ctable raceresultstable\">\r\n	<li>\r\n<ul class=\"ctablehead\">\r\n	<li class=\"date\">Date</li>\r\n	<li class=\"rank\">Rank</li>\r\n	<li class=\"event\">Event</li>\r\n	<li class=\"time\">Time</li>\r\n</ul>\r\n<ul class=\"ctablebody\">\r\n	<li class=\"date\">8/10/11</li>\r\n	<li class=\"rank\">1st</li>\r\n	<li class=\"event\"><a href=\"http://www.chrissiewellington.org/race-results/ford-ironman-world-championship/\">Ford Ironman World Championship</a></li>\r\n	<li class=\"time\">8:55:08</li>\r\n</ul>\r\n<ul class=\"ctablebody\">\r\n	<li class=\"date\">21/8/11</li>\r\n	<li class=\"rank\">1st</li>\r\n	<li class=\"event\"><a href=\"http://www.chrissiewellington.org/race-results/timberman-70-3-2/\">Timberman 70.3</a></li>\r\n	<li class=\"time\"></li>\r\n</ul>\r\n<ul class=\"ctablebody\">\r\n	<li class=\"date\">10/7/11</li>\r\n	<li class=\"rank\">1st</li>\r\n	<li class=\"event\"><a href=\"http://www.chrissiewellington.org/race-results/challenge-roth/\">Challenge-Roth</a></li>\r\n	<li class=\"time\"></li>\r\n</ul>\r\n<ul class=\"ctablebody\">\r\n	<li class=\"date\">12/6/11</li>\r\n	<li class=\"rank\">1st</li>\r\n	<li class=\"event\"><a href=\"http://www.chrissiewellington.org/race-results/k-swiss-ironman-70-3/\">K-Swiss Ironman 70.3</a></li>\r\n	<li class=\"time\">4:11:08</li>\r\n</ul>\r\n<ul class=\"ctablebody\">\r\n	<li class=\"date\">10/4/11</li>\r\n	<li class=\"rank\">1st</li>\r\n	<li class=\"event\"><a href=\"http://www.chrissiewellington.org/race-results/spec-savers-ironman-south-africa/\">Spec-Savers Ironman South Africa</a></li>\r\n	<li class=\"time\">8:33:56</li>\r\n</ul>\r\n</li>\r\n</ul>\r\n<a name=\"2010\"></a>\r\n<h3>2010</h3>\r\n<ul class=\"ctable raceresultstable\">\r\n	<li>\r\n<ul class=\"ctablehead\">\r\n	<li class=\"date\">Date</li>\r\n	<li class=\"rank\">Rank</li>\r\n	<li class=\"event\">Event</li>\r\n	<li class=\"time\">Time</li>\r\n</ul>\r\n<ul class=\"ctablebody\">\r\n	<li class=\"date\">21/11/10</li>\r\n	<li class=\"rank\">1st</li>\r\n	<li class=\"event\"><a href=\"http://www.chrissiewellington.org/race-results/ford-ironman-arizona-tempe-2/\">Ford Ironman Arizona, Tempe</a></li>\r\n	<li class=\"time\">8:36:13</li>\r\n</ul>\r\n<ul class=\"ctablebody\">\r\n	<li class=\"date\">22/8/10</li>\r\n	<li class=\"rank\">1st</li>\r\n	<li class=\"event\"><a href=\"http://www.chrissiewellington.org/race-results/timberman-70-3/\">Timberman 70.3</a></li>\r\n	<li class=\"time\">4:10:11</li>\r\n</ul>\r\n<ul class=\"ctablebody\">\r\n	<li class=\"date\">18/7/10</li>\r\n	<li class=\"rank\">1st</li>\r\n	<li class=\"event\"><a href=\"http://www.chrissiewellington.org/race-results/challenge-roth-germany/\">Challenge Roth, Germany</a></li>\r\n	<li class=\"time\">8:19:13</li>\r\n</ul>\r\n<ul class=\"ctablebody\">\r\n	<li class=\"date\">8/6/10</li>\r\n	<li class=\"rank\">1st</li>\r\n	<li class=\"event\"><a href=\"http://www.chrissiewellington.org/race-results/ironman-kansas-70-3/\">Ironman Kansas 70.3</a></li>\r\n	<li class=\"time\">4:07:49</li>\r\n</ul>\r\n</li>\r\n</ul>\r\n<a name=\"2009\"></a>\r\n<h3>2009</h3>\r\n<ul class=\"ctable raceresultstable\">\r\n	<li>\r\n<ul class=\"ctablehead\">\r\n	<li class=\"date\">Date</li>\r\n	<li class=\"rank\">Rank</li>\r\n	<li class=\"event\">Event</li>\r\n	<li class=\"time\">Time</li>\r\n</ul>\r\n<ul class=\"ctablebody\">\r\n	<li class=\"date\">10/10/09</li>\r\n	<li class=\"rank\">1st</li>\r\n	<li class=\"event\"><a href=\"http://www.chrissiewellington.org/race-results/ironman-world-championships-3/\">Ironman World Championships</a></li>\r\n	<li class=\"time\">8:54:02</li>\r\n</ul>\r\n<ul class=\"ctablebody\">\r\n	<li class=\"date\">23/8/09</li>\r\n	<li class=\"rank\">1st</li>\r\n	<li class=\"event\"><a href=\"http://www.chrissiewellington.org/race-results/timberman-70-3-lake-winnipesaukee-new-hampshire/\">Timberman 70.3 (Lake Winnipesaukee, New Hampshire)</a></li>\r\n	<li class=\"time\">4:15:11</li>\r\n</ul>\r\n<ul class=\"ctablebody\">\r\n	<li class=\"date\">11/8/09</li>\r\n	<li class=\"rank\">2nd</li>\r\n	<li class=\"event\"><a href=\"http://www.chrissiewellington.org/race-results/5430-long-course-triathlon-boulder-colorado/\">5430 Long Course Triathlon (Boulder, Colorado)</a></li>\r\n	<li class=\"time\">4:12:18</li>\r\n</ul>\r\n<ul class=\"ctablebody\">\r\n	<li class=\"date\">17/7/09</li>\r\n	<li class=\"rank\">6th</li>\r\n	<li class=\"event\"><a href=\"http://www.chrissiewellington.org/race-results/columbia-triathlon/\">Columbia Triathlon</a></li>\r\n	<li class=\"time\">2:18:40</li>\r\n</ul>\r\n<ul class=\"ctablebody\">\r\n	<li class=\"date\">12/7/09</li>\r\n	<li class=\"rank\">1st</li>\r\n	<li class=\"event\"><a href=\"http://www.chrissiewellington.org/race-results/quelle-challenge-roth-germany/\">Quelle Challenge – Roth, Germany</a></li>\r\n	<li class=\"time\">8:31:59</li>\r\n</ul>\r\n<ul class=\"ctablebody\">\r\n	<li class=\"date\">14/6/09</li>\r\n	<li class=\"rank\">1st</li>\r\n	<li class=\"event\"><a href=\"http://www.chrissiewellington.org/race-results/ironman-70-3-kansas/\">Ironman 70.3 Kansas</a></li>\r\n	<li class=\"time\">4:14:52</li>\r\n</ul>\r\n<ul class=\"ctablebody\">\r\n	<li class=\"date\">5/4/09</li>\r\n	<li class=\"rank\">1st</li>\r\n	<li class=\"event\"><a href=\"http://www.chrissiewellington.org/race-results/ironman-australia-2/\">Ironman Australia</a></li>\r\n	<li class=\"time\">8:57:10</li>\r\n</ul>\r\n</li>\r\n</ul>\r\n<a name=\"2008\"></a>\r\n<h3>2008</h3>\r\n<ul class=\"ctable raceresultstable\">\r\n	<li>\r\n<ul class=\"ctablehead\">\r\n	<li class=\"date\">Date</li>\r\n	<li class=\"rank\">Rank</li>\r\n	<li class=\"event\">Event</li>\r\n	<li class=\"time\">Time</li>\r\n</ul>\r\n<ul class=\"ctablebody\">\r\n	<li class=\"date\">26/10/08</li>\r\n	<li class=\"rank\">1st</li>\r\n	<li class=\"event\"><a href=\"http://www.chrissiewellington.org/race-results/itu-long-distance-world-championship/\">ITU Long Distance World Championship</a></li>\r\n	<li class=\"time\">6:12:44</li>\r\n</ul>\r\n<ul class=\"ctablebody\">\r\n	<li class=\"date\">11/10/08</li>\r\n	<li class=\"rank\">1st</li>\r\n	<li class=\"event\"><a href=\"http://www.chrissiewellington.org/race-results/ironman-world-championships-2/\">Ironman World Championships</a></li>\r\n	<li class=\"time\">9:06:23</li>\r\n</ul>\r\n<ul class=\"ctablebody\">\r\n	<li class=\"date\">30/7/08</li>\r\n	<li class=\"rank\">1st</li>\r\n	<li class=\"event\"><a href=\"http://www.chrissiewellington.org/race-results/alpe-dhuez-long-course-triathlon-2/\">Alpe d\'Huez Long Course triathlon</a></li>\r\n	<li class=\"time\">6:18:25</li>\r\n</ul>\r\n<ul class=\"ctablebody\">\r\n	<li class=\"date\">17/7/08</li>\r\n	<li class=\"rank\">1st</li>\r\n	<li class=\"event\"><a href=\"http://www.chrissiewellington.org/race-results/timberman-ironman-70-3/\">Timberman Ironman 70.3</a></li>\r\n	<li class=\"time\">4:11:46</li>\r\n</ul>\r\n<ul class=\"ctablebody\">\r\n	<li class=\"date\">6/7/08</li>\r\n	<li class=\"rank\">1st</li>\r\n	<li class=\"event\"><a href=\"http://www.chrissiewellington.org/race-results/ironman-european-championship/\">Ironman European Championship</a></li>\r\n	<li class=\"time\">8:51:24.7</li>\r\n</ul>\r\n<ul class=\"ctablebody\">\r\n	<li class=\"date\">26/4/08</li>\r\n	<li class=\"rank\">22nd</li>\r\n	<li class=\"event\"><a href=\"http://www.chrissiewellington.org/race-results/tongyeong-bg-triathlon-world-cup/\">Tongyeong BG Triathlon World Cup</a></li>\r\n	<li class=\"time\">1:58:21</li>\r\n</ul>\r\n<ul class=\"ctablebody\">\r\n	<li class=\"date\">6/4/08</li>\r\n	<li class=\"rank\">1st</li>\r\n	<li class=\"event\"><a href=\"http://www.chrissiewellington.org/race-results/ironman-australia/\">Ironman Australia</a></li>\r\n	<li class=\"time\">9:03:55</li>\r\n</ul>\r\n</li>\r\n</ul>\r\n<a name=\"2007\"></a>\r\n<h3>2007</h3>\r\n<ul class=\"ctable raceresultstable\">\r\n	<li>\r\n<ul class=\"ctablehead\">\r\n	<li class=\"date\">Date</li>\r\n	<li class=\"rank\">Rank</li>\r\n	<li class=\"event\">Event</li>\r\n	<li class=\"time\">Time</li>\r\n</ul>\r\n<ul class=\"ctablebody\">\r\n	<li class=\"date\">2/12/07</li>\r\n	<li class=\"rank\">4th</li>\r\n	<li class=\"event\"><a href=\"http://www.chrissiewellington.org/race-results/laguna-phuket-triathlon/\">Laguna Phuket Triathlon</a></li>\r\n	<li class=\"time\">2:47:57</li>\r\n</ul>\r\n<ul class=\"ctablebody\">\r\n	<li class=\"date\">13/10/07</li>\r\n	<li class=\"rank\">1st</li>\r\n	<li class=\"event\"><a href=\"http://www.chrissiewellington.org/race-results/ironman-world-championships/\">Ironman World Championships</a></li>\r\n	<li class=\"time\">9:08:45</li>\r\n</ul>\r\n<ul class=\"ctablebody\">\r\n	<li class=\"date\">2/9/07</li>\r\n	<li class=\"rank\">3rd</li>\r\n	<li class=\"event\"><a href=\"http://www.chrissiewellington.org/race-results/singapore-ironman-70-3/\">Singapore Ironman 70.3</a></li>\r\n	<li class=\"time\">4:19:18</li>\r\n</ul>\r\n<ul class=\"ctablebody\">\r\n	<li class=\"date\">26/8/07</li>\r\n	<li class=\"rank\">1st</li>\r\n	<li class=\"event\"><a href=\"http://www.chrissiewellington.org/race-results/ironman-korea/\">Ironman Korea</a></li>\r\n	<li class=\"time\">9:54:37</li>\r\n</ul>\r\n<ul class=\"ctablebody\">\r\n	<li class=\"date\">1/8/07</li>\r\n	<li class=\"rank\">1st</li>\r\n	<li class=\"event\"><a href=\"http://www.chrissiewellington.org/race-results/alpe-dhuez-long-course-triathlon/\">Alpe d\'Huez Long Course Triathlon</a></li>\r\n	<li class=\"time\">6:43:15</li>\r\n</ul>\r\n<ul class=\"ctablebody\">\r\n	<li class=\"date\">15/7/07</li>\r\n	<li class=\"rank\">5th</li>\r\n	<li class=\"event\"><a href=\"http://www.chrissiewellington.org/race-results/itu-long-course-world-championships/\">ITU Long Course World Championships</a></li>\r\n	<li class=\"time\">4:07:08</li>\r\n</ul>\r\n<ul class=\"ctablebody\">\r\n	<li class=\"date\">7/7/07</li>\r\n	<li class=\"rank\">5th</li>\r\n	<li class=\"event\"><a href=\"http://www.chrissiewellington.org/race-results/itu-premium-european-cup-holten/\">ITU Premium European Cup (Holten)</a></li>\r\n	<li class=\"time\">2:06:15</li>\r\n</ul>\r\n<ul class=\"ctablebody\">\r\n	<li class=\"date\">1/7/07</li>\r\n	<li class=\"rank\">1st</li>\r\n	<li class=\"event\"><a href=\"http://www.chrissiewellington.org/race-results/bangkok-triathlon/\">Bangkok Triathlon</a></li>\r\n	<li class=\"time\">1:59:28</li>\r\n</ul>\r\n<ul class=\"ctablebody\">\r\n	<li class=\"date\">23/6/07</li>\r\n	<li class=\"rank\">1st</li>\r\n	<li class=\"event\"><a href=\"http://www.chrissiewellington.org/race-results/zurich-olympic-distance-triathlon/\">Zurich Olympic Distance triathlon</a></li>\r\n	<li class=\"time\">1:59:33.5</li>\r\n</ul>\r\n<ul class=\"ctablebody\">\r\n	<li class=\"date\">17/6/07</li>\r\n	<li class=\"rank\">5th</li>\r\n	<li class=\"event\"><a href=\"http://www.chrissiewellington.org/race-results/uk-ironman-70-3/\">UK Ironman 70.3</a></li>\r\n	<li class=\"time\">5:04:45</li>\r\n</ul>\r\n<ul class=\"ctablebody\">\r\n	<li class=\"date\">2/6/07</li>\r\n	<li class=\"rank\">1st</li>\r\n	<li class=\"event\"><a href=\"http://www.chrissiewellington.org/race-results/blenheim-triathlon-sprint-distance/\">Blenheim Triathlon (sprint distance)</a></li>\r\n	<li class=\"time\">1:07:50</li>\r\n</ul>\r\n<ul class=\"ctablebody\">\r\n	<li class=\"date\">5/5/07</li>\r\n	<li class=\"rank\">1st</li>\r\n	<li class=\"event\"><a href=\"http://www.chrissiewellington.org/race-results/subic-bay-itu-triathlon-asian-cup/\">Subic Bay ITU Triathlon Asian Cup</a></li>\r\n	<li class=\"time\">2:03:41</li>\r\n</ul>\r\n</li>\r\n</ul>\r\n<a name=\"2006\"></a>\r\n<h3>2006</h3>\r\n<ul class=\"ctable raceresultstable\">\r\n	<li>\r\n<ul class=\"ctablehead\">\r\n	<li class=\"date\">Date</li>\r\n	<li class=\"rank\">Rank</li>\r\n	<li class=\"event\">Event</li>\r\n	<li class=\"time\">Time</li>\r\n</ul>\r\n<ul class=\"ctablebody\">\r\n	<li class=\"date\">2/9/06</li>\r\n	<li class=\"rank\">1st</li>\r\n	<li class=\"event\"><a href=\"http://www.chrissiewellington.org/race-results/itu-age-group-world-championships/\">ITU Age Group World Championships</a></li>\r\n	<li class=\"time\">2:17:32</li>\r\n</ul>\r\n<ul class=\"ctablebody\">\r\n	<li class=\"date\">11/6/06</li>\r\n	<li class=\"rank\">1st</li>\r\n	<li class=\"event\"><a href=\"http://www.chrissiewellington.org/race-results/tri-uk-shropshire-triathlon/\">Tri UK Shropshire Triathlon</a></li>\r\n	<li class=\"time\">2:07:22</li>\r\n</ul>\r\n<ul class=\"ctablebody\">\r\n	<li class=\"date\">12/1/06</li>\r\n	<li class=\"rank\">1st</li>\r\n	<li class=\"event\"><a href=\"http://www.chrissiewellington.org/race-results/green-cup-world-championship-off-road-duathlon/\">Green Cup World Championship (off road duathlon)</a></li>\r\n	<li class=\"time\">2:59:50</li>\r\n</ul>\r\n</li>\r\n</ul>\r\n</div>', 'Results', '', 'inherit', 'closed', 'open', '', '22-revision-v1', '', '', '2014-06-09 19:49:09', '2014-06-09 19:49:09', '', 22, 'http://triforchange.com/22-revision-v1/', 0, 'revision', '', 0),
(23, 1, '2014-06-09 19:29:05', '2014-06-09 19:29:05', 'Here are my race results since 200?.\r\n\r\nI am currently ranked:\r\n<ul>\r\n	<li><strong>20th in the United States</strong> in the Women\'s 40-44 age group for Triathlon</li>\r\n	<li><strong>66th in the World</strong> in the Women\'s 40-44 age group for Triathlon</li>\r\n</ul>\r\n&nbsp;\r\n<div class=\"postcontent\">\r\n\r\n<a name=\"2011\"></a>\r\n<h3 class=\"date sIFR-replaced\"><span id=\"sIFR_replacement_7_alternate\" class=\"sIFR-alternate\">2011</span></h3>\r\n<ul class=\"ctable raceresultstable\">\r\n	<li>\r\n<ul class=\"ctablehead\">\r\n	<li class=\"date\">Date</li>\r\n	<li class=\"rank\">Rank</li>\r\n	<li class=\"event\">Event</li>\r\n	<li class=\"time\">Time</li>\r\n</ul>\r\n<ul class=\"ctablebody\">\r\n	<li class=\"date\">8/10/11</li>\r\n	<li class=\"rank\">1st</li>\r\n	<li class=\"event\"><a href=\"http://www.chrissiewellington.org/race-results/ford-ironman-world-championship/\">Ford Ironman World Championship</a></li>\r\n	<li class=\"time\">8:55:08</li>\r\n</ul>\r\n<ul class=\"ctablebody\">\r\n	<li class=\"date\">21/8/11</li>\r\n	<li class=\"rank\">1st</li>\r\n	<li class=\"event\"><a href=\"http://www.chrissiewellington.org/race-results/timberman-70-3-2/\">Timberman 70.3</a></li>\r\n	<li class=\"time\"></li>\r\n</ul>\r\n<ul class=\"ctablebody\">\r\n	<li class=\"date\">10/7/11</li>\r\n	<li class=\"rank\">1st</li>\r\n	<li class=\"event\"><a href=\"http://www.chrissiewellington.org/race-results/challenge-roth/\">Challenge-Roth</a></li>\r\n	<li class=\"time\"></li>\r\n</ul>\r\n<ul class=\"ctablebody\">\r\n	<li class=\"date\">12/6/11</li>\r\n	<li class=\"rank\">1st</li>\r\n	<li class=\"event\"><a href=\"http://www.chrissiewellington.org/race-results/k-swiss-ironman-70-3/\">K-Swiss Ironman 70.3</a></li>\r\n	<li class=\"time\">4:11:08</li>\r\n</ul>\r\n<ul class=\"ctablebody\">\r\n	<li class=\"date\">10/4/11</li>\r\n	<li class=\"rank\">1st</li>\r\n	<li class=\"event\"><a href=\"http://www.chrissiewellington.org/race-results/spec-savers-ironman-south-africa/\">Spec-Savers Ironman South Africa</a></li>\r\n	<li class=\"time\">8:33:56</li>\r\n</ul>\r\n</li>\r\n</ul>\r\n<a name=\"2010\"></a>\r\n<h3 class=\"date sIFR-replaced\"><span id=\"sIFR_replacement_8_alternate\" class=\"sIFR-alternate\">2010</span></h3>\r\n<ul class=\"ctable raceresultstable\">\r\n	<li>\r\n<ul class=\"ctablehead\">\r\n	<li class=\"date\">Date</li>\r\n	<li class=\"rank\">Rank</li>\r\n	<li class=\"event\">Event</li>\r\n	<li class=\"time\">Time</li>\r\n</ul>\r\n<ul class=\"ctablebody\">\r\n	<li class=\"date\">21/11/10</li>\r\n	<li class=\"rank\">1st</li>\r\n	<li class=\"event\"><a href=\"http://www.chrissiewellington.org/race-results/ford-ironman-arizona-tempe-2/\">Ford Ironman Arizona, Tempe</a></li>\r\n	<li class=\"time\">8:36:13</li>\r\n</ul>\r\n<ul class=\"ctablebody\">\r\n	<li class=\"date\">22/8/10</li>\r\n	<li class=\"rank\">1st</li>\r\n	<li class=\"event\"><a href=\"http://www.chrissiewellington.org/race-results/timberman-70-3/\">Timberman 70.3</a></li>\r\n	<li class=\"time\">4:10:11</li>\r\n</ul>\r\n<ul class=\"ctablebody\">\r\n	<li class=\"date\">18/7/10</li>\r\n	<li class=\"rank\">1st</li>\r\n	<li class=\"event\"><a href=\"http://www.chrissiewellington.org/race-results/challenge-roth-germany/\">Challenge Roth, Germany</a></li>\r\n	<li class=\"time\">8:19:13</li>\r\n</ul>\r\n<ul class=\"ctablebody\">\r\n	<li class=\"date\">8/6/10</li>\r\n	<li class=\"rank\">1st</li>\r\n	<li class=\"event\"><a href=\"http://www.chrissiewellington.org/race-results/ironman-kansas-70-3/\">Ironman Kansas 70.3</a></li>\r\n	<li class=\"time\">4:07:49</li>\r\n</ul>\r\n</li>\r\n</ul>\r\n<a name=\"2009\"></a>\r\n<h3 class=\"date sIFR-replaced\"><span id=\"sIFR_replacement_9_alternate\" class=\"sIFR-alternate\">2009</span></h3>\r\n<ul class=\"ctable raceresultstable\">\r\n	<li>\r\n<ul class=\"ctablehead\">\r\n	<li class=\"date\">Date</li>\r\n	<li class=\"rank\">Rank</li>\r\n	<li class=\"event\">Event</li>\r\n	<li class=\"time\">Time</li>\r\n</ul>\r\n<ul class=\"ctablebody\">\r\n	<li class=\"date\">10/10/09</li>\r\n	<li class=\"rank\">1st</li>\r\n	<li class=\"event\"><a href=\"http://www.chrissiewellington.org/race-results/ironman-world-championships-3/\">Ironman World Championships</a></li>\r\n	<li class=\"time\">8:54:02</li>\r\n</ul>\r\n<ul class=\"ctablebody\">\r\n	<li class=\"date\">23/8/09</li>\r\n	<li class=\"rank\">1st</li>\r\n	<li class=\"event\"><a href=\"http://www.chrissiewellington.org/race-results/timberman-70-3-lake-winnipesaukee-new-hampshire/\">Timberman 70.3 (Lake Winnipesaukee, New Hampshire)</a></li>\r\n	<li class=\"time\">4:15:11</li>\r\n</ul>\r\n<ul class=\"ctablebody\">\r\n	<li class=\"date\">11/8/09</li>\r\n	<li class=\"rank\">2nd</li>\r\n	<li class=\"event\"><a href=\"http://www.chrissiewellington.org/race-results/5430-long-course-triathlon-boulder-colorado/\">5430 Long Course Triathlon (Boulder, Colorado)</a></li>\r\n	<li class=\"time\">4:12:18</li>\r\n</ul>\r\n<ul class=\"ctablebody\">\r\n	<li class=\"date\">17/7/09</li>\r\n	<li class=\"rank\">6th</li>\r\n	<li class=\"event\"><a href=\"http://www.chrissiewellington.org/race-results/columbia-triathlon/\">Columbia Triathlon</a></li>\r\n	<li class=\"time\">2:18:40</li>\r\n</ul>\r\n<ul class=\"ctablebody\">\r\n	<li class=\"date\">12/7/09</li>\r\n	<li class=\"rank\">1st</li>\r\n	<li class=\"event\"><a href=\"http://www.chrissiewellington.org/race-results/quelle-challenge-roth-germany/\">Quelle Challenge – Roth, Germany</a></li>\r\n	<li class=\"time\">8:31:59</li>\r\n</ul>\r\n<ul class=\"ctablebody\">\r\n	<li class=\"date\">14/6/09</li>\r\n	<li class=\"rank\">1st</li>\r\n	<li class=\"event\"><a href=\"http://www.chrissiewellington.org/race-results/ironman-70-3-kansas/\">Ironman 70.3 Kansas</a></li>\r\n	<li class=\"time\">4:14:52</li>\r\n</ul>\r\n<ul class=\"ctablebody\">\r\n	<li class=\"date\">5/4/09</li>\r\n	<li class=\"rank\">1st</li>\r\n	<li class=\"event\"><a href=\"http://www.chrissiewellington.org/race-results/ironman-australia-2/\">Ironman Australia</a></li>\r\n	<li class=\"time\">8:57:10</li>\r\n</ul>\r\n</li>\r\n</ul>\r\n<a name=\"2008\"></a>\r\n<h3 class=\"date sIFR-replaced\"><span id=\"sIFR_replacement_10_alternate\" class=\"sIFR-alternate\">2008</span></h3>\r\n<ul class=\"ctable raceresultstable\">\r\n	<li>\r\n<ul class=\"ctablehead\">\r\n	<li class=\"date\">Date</li>\r\n	<li class=\"rank\">Rank</li>\r\n	<li class=\"event\">Event</li>\r\n	<li class=\"time\">Time</li>\r\n</ul>\r\n<ul class=\"ctablebody\">\r\n	<li class=\"date\">26/10/08</li>\r\n	<li class=\"rank\">1st</li>\r\n	<li class=\"event\"><a href=\"http://www.chrissiewellington.org/race-results/itu-long-distance-world-championship/\">ITU Long Distance World Championship</a></li>\r\n	<li class=\"time\">6:12:44</li>\r\n</ul>\r\n<ul class=\"ctablebody\">\r\n	<li class=\"date\">11/10/08</li>\r\n	<li class=\"rank\">1st</li>\r\n	<li class=\"event\"><a href=\"http://www.chrissiewellington.org/race-results/ironman-world-championships-2/\">Ironman World Championships</a></li>\r\n	<li class=\"time\">9:06:23</li>\r\n</ul>\r\n<ul class=\"ctablebody\">\r\n	<li class=\"date\">30/7/08</li>\r\n	<li class=\"rank\">1st</li>\r\n	<li class=\"event\"><a href=\"http://www.chrissiewellington.org/race-results/alpe-dhuez-long-course-triathlon-2/\">Alpe d\'Huez Long Course triathlon</a></li>\r\n	<li class=\"time\">6:18:25</li>\r\n</ul>\r\n<ul class=\"ctablebody\">\r\n	<li class=\"date\">17/7/08</li>\r\n	<li class=\"rank\">1st</li>\r\n	<li class=\"event\"><a href=\"http://www.chrissiewellington.org/race-results/timberman-ironman-70-3/\">Timberman Ironman 70.3</a></li>\r\n	<li class=\"time\">4:11:46</li>\r\n</ul>\r\n<ul class=\"ctablebody\">\r\n	<li class=\"date\">6/7/08</li>\r\n	<li class=\"rank\">1st</li>\r\n	<li class=\"event\"><a href=\"http://www.chrissiewellington.org/race-results/ironman-european-championship/\">Ironman European Championship</a></li>\r\n	<li class=\"time\">8:51:24.7</li>\r\n</ul>\r\n<ul class=\"ctablebody\">\r\n	<li class=\"date\">26/4/08</li>\r\n	<li class=\"rank\">22nd</li>\r\n	<li class=\"event\"><a href=\"http://www.chrissiewellington.org/race-results/tongyeong-bg-triathlon-world-cup/\">Tongyeong BG Triathlon World Cup</a></li>\r\n	<li class=\"time\">1:58:21</li>\r\n</ul>\r\n<ul class=\"ctablebody\">\r\n	<li class=\"date\">6/4/08</li>\r\n	<li class=\"rank\">1st</li>\r\n	<li class=\"event\"><a href=\"http://www.chrissiewellington.org/race-results/ironman-australia/\">Ironman Australia</a></li>\r\n	<li class=\"time\">9:03:55</li>\r\n</ul>\r\n</li>\r\n</ul>\r\n<a name=\"2007\"></a>\r\n<h3 class=\"date sIFR-replaced\"><span id=\"sIFR_replacement_11_alternate\" class=\"sIFR-alternate\">2007</span></h3>\r\n<ul class=\"ctable raceresultstable\">\r\n	<li>\r\n<ul class=\"ctablehead\">\r\n	<li class=\"date\">Date</li>\r\n	<li class=\"rank\">Rank</li>\r\n	<li class=\"event\">Event</li>\r\n	<li class=\"time\">Time</li>\r\n</ul>\r\n<ul class=\"ctablebody\">\r\n	<li class=\"date\">2/12/07</li>\r\n	<li class=\"rank\">4th</li>\r\n	<li class=\"event\"><a href=\"http://www.chrissiewellington.org/race-results/laguna-phuket-triathlon/\">Laguna Phuket Triathlon</a></li>\r\n	<li class=\"time\">2:47:57</li>\r\n</ul>\r\n<ul class=\"ctablebody\">\r\n	<li class=\"date\">13/10/07</li>\r\n	<li class=\"rank\">1st</li>\r\n	<li class=\"event\"><a href=\"http://www.chrissiewellington.org/race-results/ironman-world-championships/\">Ironman World Championships</a></li>\r\n	<li class=\"time\">9:08:45</li>\r\n</ul>\r\n<ul class=\"ctablebody\">\r\n	<li class=\"date\">2/9/07</li>\r\n	<li class=\"rank\">3rd</li>\r\n	<li class=\"event\"><a href=\"http://www.chrissiewellington.org/race-results/singapore-ironman-70-3/\">Singapore Ironman 70.3</a></li>\r\n	<li class=\"time\">4:19:18</li>\r\n</ul>\r\n<ul class=\"ctablebody\">\r\n	<li class=\"date\">26/8/07</li>\r\n	<li class=\"rank\">1st</li>\r\n	<li class=\"event\"><a href=\"http://www.chrissiewellington.org/race-results/ironman-korea/\">Ironman Korea</a></li>\r\n	<li class=\"time\">9:54:37</li>\r\n</ul>\r\n<ul class=\"ctablebody\">\r\n	<li class=\"date\">1/8/07</li>\r\n	<li class=\"rank\">1st</li>\r\n	<li class=\"event\"><a href=\"http://www.chrissiewellington.org/race-results/alpe-dhuez-long-course-triathlon/\">Alpe d\'Huez Long Course Triathlon</a></li>\r\n	<li class=\"time\">6:43:15</li>\r\n</ul>\r\n<ul class=\"ctablebody\">\r\n	<li class=\"date\">15/7/07</li>\r\n	<li class=\"rank\">5th</li>\r\n	<li class=\"event\"><a href=\"http://www.chrissiewellington.org/race-results/itu-long-course-world-championships/\">ITU Long Course World Championships</a></li>\r\n	<li class=\"time\">4:07:08</li>\r\n</ul>\r\n<ul class=\"ctablebody\">\r\n	<li class=\"date\">7/7/07</li>\r\n	<li class=\"rank\">5th</li>\r\n	<li class=\"event\"><a href=\"http://www.chrissiewellington.org/race-results/itu-premium-european-cup-holten/\">ITU Premium European Cup (Holten)</a></li>\r\n	<li class=\"time\">2:06:15</li>\r\n</ul>\r\n<ul class=\"ctablebody\">\r\n	<li class=\"date\">1/7/07</li>\r\n	<li class=\"rank\">1st</li>\r\n	<li class=\"event\"><a href=\"http://www.chrissiewellington.org/race-results/bangkok-triathlon/\">Bangkok Triathlon</a></li>\r\n	<li class=\"time\">1:59:28</li>\r\n</ul>\r\n<ul class=\"ctablebody\">\r\n	<li class=\"date\">23/6/07</li>\r\n	<li class=\"rank\">1st</li>\r\n	<li class=\"event\"><a href=\"http://www.chrissiewellington.org/race-results/zurich-olympic-distance-triathlon/\">Zurich Olympic Distance triathlon</a></li>\r\n	<li class=\"time\">1:59:33.5</li>\r\n</ul>\r\n<ul class=\"ctablebody\">\r\n	<li class=\"date\">17/6/07</li>\r\n	<li class=\"rank\">5th</li>\r\n	<li class=\"event\"><a href=\"http://www.chrissiewellington.org/race-results/uk-ironman-70-3/\">UK Ironman 70.3</a></li>\r\n	<li class=\"time\">5:04:45</li>\r\n</ul>\r\n<ul class=\"ctablebody\">\r\n	<li class=\"date\">2/6/07</li>\r\n	<li class=\"rank\">1st</li>\r\n	<li class=\"event\"><a href=\"http://www.chrissiewellington.org/race-results/blenheim-triathlon-sprint-distance/\">Blenheim Triathlon (sprint distance)</a></li>\r\n	<li class=\"time\">1:07:50</li>\r\n</ul>\r\n<ul class=\"ctablebody\">\r\n	<li class=\"date\">5/5/07</li>\r\n	<li class=\"rank\">1st</li>\r\n	<li class=\"event\"><a href=\"http://www.chrissiewellington.org/race-results/subic-bay-itu-triathlon-asian-cup/\">Subic Bay ITU Triathlon Asian Cup</a></li>\r\n	<li class=\"time\">2:03:41</li>\r\n</ul>\r\n</li>\r\n</ul>\r\n<a name=\"2006\"></a>\r\n<h3 class=\"date sIFR-replaced\"><span id=\"sIFR_replacement_12_alternate\" class=\"sIFR-alternate\">2006</span></h3>\r\n<ul class=\"ctable raceresultstable\">\r\n	<li>\r\n<ul class=\"ctablehead\">\r\n	<li class=\"date\">Date</li>\r\n	<li class=\"rank\">Rank</li>\r\n	<li class=\"event\">Event</li>\r\n	<li class=\"time\">Time</li>\r\n</ul>\r\n<ul class=\"ctablebody\">\r\n	<li class=\"date\">2/9/06</li>\r\n	<li class=\"rank\">1st</li>\r\n	<li class=\"event\"><a href=\"http://www.chrissiewellington.org/race-results/itu-age-group-world-championships/\">ITU Age Group World Championships</a></li>\r\n	<li class=\"time\">2:17:32</li>\r\n</ul>\r\n<ul class=\"ctablebody\">\r\n	<li class=\"date\">11/6/06</li>\r\n	<li class=\"rank\">1st</li>\r\n	<li class=\"event\"><a href=\"http://www.chrissiewellington.org/race-results/tri-uk-shropshire-triathlon/\">Tri UK Shropshire Triathlon</a></li>\r\n	<li class=\"time\">2:07:22</li>\r\n</ul>\r\n<ul class=\"ctablebody\">\r\n	<li class=\"date\">12/1/06</li>\r\n	<li class=\"rank\">1st</li>\r\n	<li class=\"event\"><a href=\"http://www.chrissiewellington.org/race-results/green-cup-world-championship-off-road-duathlon/\">Green Cup World Championship (off road duathlon)</a></li>\r\n	<li class=\"time\">2:59:50</li>\r\n</ul>\r\n</li>\r\n</ul>\r\n</div>', 'Results', '', 'inherit', 'closed', 'open', '', '22-revision-v1', '', '', '2014-06-09 19:29:05', '2014-06-09 19:29:05', '', 22, 'http://triforchange.com/22-revision-v1/', 0, 'revision', '', 0),
(25, 1, '2014-06-09 19:38:01', '2014-06-09 19:38:01', 'These are my upcoming races and events.\r\n<ul>\r\n	<li>Race Name, date/time : <a style=\"font-family: sans-serif; font-size: medium; font-style: normal;\" title=\"Link to race\" href=\"#\">link to race website</a></li>\r\n	<li>Race Name, date/time : <a style=\"font-family: sans-serif; font-size: medium; font-style: normal;\" title=\"Link to race\" href=\"#\">link to race website</a></li>\r\n	<li>Race Name, date/time : <a style=\"font-family: sans-serif; font-size: medium; font-style: normal;\" title=\"Link to race\" href=\"#\">link to race website</a></li>\r\n	<li></li>\r\n</ul>', 'Race Schedule', '', 'publish', 'closed', 'open', '', 'race-schedule', '', '', '2014-06-09 19:38:01', '2014-06-09 19:38:01', '', 0, 'http://triforchange.com/?page_id=25', 0, 'page', '', 0),
(26, 1, '2014-06-09 19:38:01', '2014-06-09 19:38:01', 'These are my upcoming races and events.\r\n<ul>\r\n	<li>Race Name, date/time : <a style=\"font-family: sans-serif; font-size: medium; font-style: normal;\" title=\"Link to race\" href=\"#\">link to race website</a></li>\r\n	<li>Race Name, date/time : <a style=\"font-family: sans-serif; font-size: medium; font-style: normal;\" title=\"Link to race\" href=\"#\">link to race website</a></li>\r\n	<li>Race Name, date/time : <a style=\"font-family: sans-serif; font-size: medium; font-style: normal;\" title=\"Link to race\" href=\"#\">link to race website</a></li>\r\n	<li></li>\r\n</ul>', 'Race Schedule', '', 'inherit', 'closed', 'open', '', '25-revision-v1', '', '', '2014-06-09 19:38:01', '2014-06-09 19:38:01', '', 25, 'http://triforchange.com/25-revision-v1/', 0, 'revision', '', 0),
(27, 1, '2014-06-09 19:38:51', '2014-06-09 19:38:51', ' ', '', '', 'publish', 'closed', 'open', '', '27', '', '', '2014-06-09 19:39:14', '2014-06-09 19:39:14', '', 0, 'http://triforchange.com/?p=27', 1, 'nav_menu_item', '', 0),
(28, 1, '2014-06-09 19:38:51', '2014-06-09 19:38:51', ' ', '', '', 'publish', 'closed', 'open', '', '28', '', '', '2014-06-09 19:39:14', '2014-06-09 19:39:14', '', 0, 'http://triforchange.com/?p=28', 2, 'nav_menu_item', '', 0),
(29, 1, '2014-06-09 19:38:51', '2014-06-09 19:38:51', ' ', '', '', 'publish', 'closed', 'open', '', '29', '', '', '2014-06-09 19:39:14', '2014-06-09 19:39:14', '', 0, 'http://triforchange.com/?p=29', 5, 'nav_menu_item', '', 0),
(30, 1, '2014-06-09 19:38:51', '2014-06-09 19:38:51', ' ', '', '', 'publish', 'closed', 'open', '', '30', '', '', '2014-06-09 19:39:14', '2014-06-09 19:39:14', '', 0, 'http://triforchange.com/?p=30', 3, 'nav_menu_item', '', 0),
(31, 1, '2014-06-09 19:38:51', '2014-06-09 19:38:51', ' ', '', '', 'publish', 'closed', 'open', '', '31', '', '', '2014-06-09 19:39:14', '2014-06-09 19:39:14', '', 0, 'http://triforchange.com/?p=31', 4, 'nav_menu_item', '', 0),
(32, 1, '2014-06-09 19:38:51', '2014-06-09 19:38:51', ' ', '', '', 'publish', 'closed', 'open', '', '32', '', '', '2014-06-09 19:39:14', '2014-06-09 19:39:14', '', 0, 'http://triforchange.com/?p=32', 6, 'nav_menu_item', '', 0),
(33, 1, '2014-06-09 19:38:21', '0000-00-00 00:00:00', ' ', '', '', 'draft', 'closed', 'open', '', '', '', '', '2014-06-09 19:38:21', '0000-00-00 00:00:00', '', 0, 'http://triforchange.com/?p=33', 1, 'nav_menu_item', '', 0),
(34, 1, '2014-06-09 19:50:12', '2014-06-09 19:50:12', 'I am currently ranked:\n<ul>\n	<li><strong>20th in the United States</strong> in the Women\'s 40-44 age group</li>\n	<li><strong>66th in the World</strong> in the Women\'s 40-44 age group</li>\n</ul>\n<h2>Here are my race results since 200?.</h2>\n<div class=\"postcontent\"><a name=\"2011\"></a>\n<h3>2011</h3>\n<ul class=\"ctable raceresultstable\">\n	<li>\n<ul class=\"ctablehead\">\n	<li class=\"date\">Date</li>\n	<li class=\"rank\">Rank</li>\n	<li class=\"event\">Event</li>\n	<li class=\"time\">Time</li>\n</ul>\n<ul class=\"ctablebody\">\n	<li class=\"date\">8/10/11</li>\n	<li class=\"rank\">1st</li>\n	<li class=\"event\"><a href=\"http://www.chrissiewellington.org/race-results/ford-ironman-world-championship/\">Ford Ironman World Championship</a></li>\n	<li class=\"time\">8:55:08</li>\n</ul>\n<ul class=\"ctablebody\">\n	<li class=\"date\">21/8/11</li>\n	<li class=\"rank\">1st</li>\n	<li class=\"event\"><a href=\"http://www.chrissiewellington.org/race-results/timberman-70-3-2/\">Timberman 70.3</a></li>\n	<li class=\"time\"></li>\n</ul>\n<ul class=\"ctablebody\">\n	<li class=\"date\">10/7/11</li>\n	<li class=\"rank\">1st</li>\n	<li class=\"event\"><a href=\"http://www.chrissiewellington.org/race-results/challenge-roth/\">Challenge-Roth</a></li>\n	<li class=\"time\"></li>\n</ul>\n<ul class=\"ctablebody\">\n	<li class=\"date\">12/6/11</li>\n	<li class=\"rank\">1st</li>\n	<li class=\"event\"><a href=\"http://www.chrissiewellington.org/race-results/k-swiss-ironman-70-3/\">K-Swiss Ironman 70.3</a></li>\n	<li class=\"time\">4:11:08</li>\n</ul>\n<ul class=\"ctablebody\">\n	<li class=\"date\">10/4/11</li>\n	<li class=\"rank\">1st</li>\n	<li class=\"event\"><a href=\"http://www.chrissiewellington.org/race-results/spec-savers-ironman-south-africa/\">Spec-Savers Ironman South Africa</a></li>\n	<li class=\"time\">8:33:56</li>\n</ul>\n</li>\n</ul>\n<a name=\"2010\"></a>\n<h3>2010</h3>\n<ul class=\"ctable raceresultstable\">\n	<li>\n<ul class=\"ctablehead\">\n	<li class=\"date\">Date</li>\n	<li class=\"rank\">Rank</li>\n	<li class=\"event\">Event</li>\n	<li class=\"time\">Time</li>\n</ul>\n<ul class=\"ctablebody\">\n	<li class=\"date\">21/11/10</li>\n	<li class=\"rank\">1st</li>\n	<li class=\"event\"><a href=\"http://www.chrissiewellington.org/race-results/ford-ironman-arizona-tempe-2/\">Ford Ironman Arizona, Tempe</a></li>\n	<li class=\"time\">8:36:13</li>\n</ul>\n<ul class=\"ctablebody\">\n	<li class=\"date\">22/8/10</li>\n	<li class=\"rank\">1st</li>\n	<li class=\"event\"><a href=\"http://www.chrissiewellington.org/race-results/timberman-70-3/\">Timberman 70.3</a></li>\n	<li class=\"time\">4:10:11</li>\n</ul>\n<ul class=\"ctablebody\">\n	<li class=\"date\">18/7/10</li>\n	<li class=\"rank\">1st</li>\n	<li class=\"event\"><a href=\"http://www.chrissiewellington.org/race-results/challenge-roth-germany/\">Challenge Roth, Germany</a></li>\n	<li class=\"time\">8:19:13</li>\n</ul>\n<ul class=\"ctablebody\">\n	<li class=\"date\">8/6/10</li>\n	<li class=\"rank\">1st</li>\n	<li class=\"event\"><a href=\"http://www.chrissiewellington.org/race-results/ironman-kansas-70-3/\">Ironman Kansas 70.3</a></li>\n	<li class=\"time\">4:07:49</li>\n</ul>\n</li>\n</ul>\n<a name=\"2009\"></a>\n<h3>2009</h3>\n<ul class=\"ctable raceresultstable\">\n	<li>\n<ul class=\"ctablehead\">\n	<li class=\"date\">Date</li>\n	<li class=\"rank\">Rank</li>\n	<li class=\"event\">Event</li>\n	<li class=\"time\">Time</li>\n</ul>\n<ul class=\"ctablebody\">\n	<li class=\"date\">10/10/09</li>\n	<li class=\"rank\">1st</li>\n	<li class=\"event\"><a href=\"http://www.chrissiewellington.org/race-results/ironman-world-championships-3/\">Ironman World Championships</a></li>\n	<li class=\"time\">8:54:02</li>\n</ul>\n<ul class=\"ctablebody\">\n	<li class=\"date\">23/8/09</li>\n	<li class=\"rank\">1st</li>\n	<li class=\"event\"><a href=\"http://www.chrissiewellington.org/race-results/timberman-70-3-lake-winnipesaukee-new-hampshire/\">Timberman 70.3 (Lake Winnipesaukee, New Hampshire)</a></li>\n	<li class=\"time\">4:15:11</li>\n</ul>\n<ul class=\"ctablebody\">\n	<li class=\"date\">11/8/09</li>\n	<li class=\"rank\">2nd</li>\n	<li class=\"event\"><a href=\"http://www.chrissiewellington.org/race-results/5430-long-course-triathlon-boulder-colorado/\">5430 Long Course Triathlon (Boulder, Colorado)</a></li>\n	<li class=\"time\">4:12:18</li>\n</ul>\n<ul class=\"ctablebody\">\n	<li class=\"date\">17/7/09</li>\n	<li class=\"rank\">6th</li>\n	<li class=\"event\"><a href=\"http://www.chrissiewellington.org/race-results/columbia-triathlon/\">Columbia Triathlon</a></li>\n	<li class=\"time\">2:18:40</li>\n</ul>\n<ul class=\"ctablebody\">\n	<li class=\"date\">12/7/09</li>\n	<li class=\"rank\">1st</li>\n	<li class=\"event\"><a href=\"http://www.chrissiewellington.org/race-results/quelle-challenge-roth-germany/\">Quelle Challenge – Roth, Germany</a></li>\n	<li class=\"time\">8:31:59</li>\n</ul>\n<ul class=\"ctablebody\">\n	<li class=\"date\">14/6/09</li>\n	<li class=\"rank\">1st</li>\n	<li class=\"event\"><a href=\"http://www.chrissiewellington.org/race-results/ironman-70-3-kansas/\">Ironman 70.3 Kansas</a></li>\n	<li class=\"time\">4:14:52</li>\n</ul>\n<ul class=\"ctablebody\">\n	<li class=\"date\">5/4/09</li>\n	<li class=\"rank\">1st</li>\n	<li class=\"event\"><a href=\"http://www.chrissiewellington.org/race-results/ironman-australia-2/\">Ironman Australia</a></li>\n	<li class=\"time\">8:57:10</li>\n</ul>\n</li>\n</ul>\n<a name=\"2008\"></a>\n<h3>2008</h3>\n<ul class=\"ctable raceresultstable\">\n	<li>\n<ul class=\"ctablehead\">\n	<li class=\"date\">Date</li>\n	<li class=\"rank\">Rank</li>\n	<li class=\"event\">Event</li>\n	<li class=\"time\">Time</li>\n</ul>\n<ul class=\"ctablebody\">\n	<li class=\"date\">26/10/08</li>\n	<li class=\"rank\">1st</li>\n	<li class=\"event\"><a href=\"http://www.chrissiewellington.org/race-results/itu-long-distance-world-championship/\">ITU Long Distance World Championship</a></li>\n	<li class=\"time\">6:12:44</li>\n</ul>\n<ul class=\"ctablebody\">\n	<li class=\"date\">11/10/08</li>\n	<li class=\"rank\">1st</li>\n	<li class=\"event\"><a href=\"http://www.chrissiewellington.org/race-results/ironman-world-championships-2/\">Ironman World Championships</a></li>\n	<li class=\"time\">9:06:23</li>\n</ul>\n<ul class=\"ctablebody\">\n	<li class=\"date\">30/7/08</li>\n	<li class=\"rank\">1st</li>\n	<li class=\"event\"><a href=\"http://www.chrissiewellington.org/race-results/alpe-dhuez-long-course-triathlon-2/\">Alpe d\'Huez Long Course triathlon</a></li>\n	<li class=\"time\">6:18:25</li>\n</ul>\n<ul class=\"ctablebody\">\n	<li class=\"date\">17/7/08</li>\n	<li class=\"rank\">1st</li>\n	<li class=\"event\"><a href=\"http://www.chrissiewellington.org/race-results/timberman-ironman-70-3/\">Timberman Ironman 70.3</a></li>\n	<li class=\"time\">4:11:46</li>\n</ul>\n<ul class=\"ctablebody\">\n	<li class=\"date\">6/7/08</li>\n	<li class=\"rank\">1st</li>\n	<li class=\"event\"><a href=\"http://www.chrissiewellington.org/race-results/ironman-european-championship/\">Ironman European Championship</a></li>\n	<li class=\"time\">8:51:24.7</li>\n</ul>\n<ul class=\"ctablebody\">\n	<li class=\"date\">26/4/08</li>\n	<li class=\"rank\">22nd</li>\n	<li class=\"event\"><a href=\"http://www.chrissiewellington.org/race-results/tongyeong-bg-triathlon-world-cup/\">Tongyeong BG Triathlon World Cup</a></li>\n	<li class=\"time\">1:58:21</li>\n</ul>\n<ul class=\"ctablebody\">\n	<li class=\"date\">6/4/08</li>\n	<li class=\"rank\">1st</li>\n	<li class=\"event\"><a href=\"http://www.chrissiewellington.org/race-results/ironman-australia/\">Ironman Australia</a></li>\n	<li class=\"time\">9:03:55</li>\n</ul>\n</li>\n</ul>\n<a name=\"2007\"></a>\n<h3>2007</h3>\n<ul class=\"ctable raceresultstable\">\n	<li>\n<ul class=\"ctablehead\">\n	<li class=\"date\">Date</li>\n	<li class=\"rank\">Rank</li>\n	<li class=\"event\">Event</li>\n	<li class=\"time\">Time</li>\n</ul>\n<ul class=\"ctablebody\">\n	<li class=\"date\">2/12/07</li>\n	<li class=\"rank\">4th</li>\n	<li class=\"event\"><a href=\"http://www.chrissiewellington.org/race-results/laguna-phuket-triathlon/\">Laguna Phuket Triathlon</a></li>\n	<li class=\"time\">2:47:57</li>\n</ul>\n<ul class=\"ctablebody\">\n	<li class=\"date\">13/10/07</li>\n	<li class=\"rank\">1st</li>\n	<li class=\"event\"><a href=\"http://www.chrissiewellington.org/race-results/ironman-world-championships/\">Ironman World Championships</a></li>\n	<li class=\"time\">9:08:45</li>\n</ul>\n<ul class=\"ctablebody\">\n	<li class=\"date\">2/9/07</li>\n	<li class=\"rank\">3rd</li>\n	<li class=\"event\"><a href=\"http://www.chrissiewellington.org/race-results/singapore-ironman-70-3/\">Singapore Ironman 70.3</a></li>\n	<li class=\"time\">4:19:18</li>\n</ul>\n<ul class=\"ctablebody\">\n	<li class=\"date\">26/8/07</li>\n	<li class=\"rank\">1st</li>\n	<li class=\"event\"><a href=\"http://www.chrissiewellington.org/race-results/ironman-korea/\">Ironman Korea</a></li>\n	<li class=\"time\">9:54:37</li>\n</ul>\n<ul class=\"ctablebody\">\n	<li class=\"date\">1/8/07</li>\n	<li class=\"rank\">1st</li>\n	<li class=\"event\"><a href=\"http://www.chrissiewellington.org/race-results/alpe-dhuez-long-course-triathlon/\">Alpe d\'Huez Long Course Triathlon</a></li>\n	<li class=\"time\">6:43:15</li>\n</ul>\n<ul class=\"ctablebody\">\n	<li class=\"date\">15/7/07</li>\n	<li class=\"rank\">5th</li>\n	<li class=\"event\"><a href=\"http://www.chrissiewellington.org/race-results/itu-long-course-world-championships/\">ITU Long Course World Championships</a></li>\n	<li class=\"time\">4:07:08</li>\n</ul>\n<ul class=\"ctablebody\">\n	<li class=\"date\">7/7/07</li>\n	<li class=\"rank\">5th</li>\n	<li class=\"event\"><a href=\"http://www.chrissiewellington.org/race-results/itu-premium-european-cup-holten/\">ITU Premium European Cup (Holten)</a></li>\n	<li class=\"time\">2:06:15</li>\n</ul>\n<ul class=\"ctablebody\">\n	<li class=\"date\">1/7/07</li>\n	<li class=\"rank\">1st</li>\n	<li class=\"event\"><a href=\"http://www.chrissiewellington.org/race-results/bangkok-triathlon/\">Bangkok Triathlon</a></li>\n	<li class=\"time\">1:59:28</li>\n</ul>\n<ul class=\"ctablebody\">\n	<li class=\"date\">23/6/07</li>\n	<li class=\"rank\">1st</li>\n	<li class=\"event\"><a href=\"http://www.chrissiewellington.org/race-results/zurich-olympic-distance-triathlon/\">Zurich Olympic Distance triathlon</a></li>\n	<li class=\"time\">1:59:33.5</li>\n</ul>\n<ul class=\"ctablebody\">\n	<li class=\"date\">17/6/07</li>\n	<li class=\"rank\">5th</li>\n	<li class=\"event\"><a href=\"http://www.chrissiewellington.org/race-results/uk-ironman-70-3/\">UK Ironman 70.3</a></li>\n	<li class=\"time\">5:04:45</li>\n</ul>\n<ul class=\"ctablebody\">\n	<li class=\"date\">2/6/07</li>\n	<li class=\"rank\">1st</li>\n	<li class=\"event\"><a href=\"http://www.chrissiewellington.org/race-results/blenheim-triathlon-sprint-distance/\">Blenheim Triathlon (sprint distance)</a></li>\n	<li class=\"time\">1:07:50</li>\n</ul>\n<ul class=\"ctablebody\">\n	<li class=\"date\">5/5/07</li>\n	<li class=\"rank\">1st</li>\n	<li class=\"event\"><a href=\"http://www.chrissiewellington.org/race-results/subic-bay-itu-triathlon-asian-cup/\">Subic Bay ITU Triathlon Asian Cup</a></li>\n	<li class=\"time\">2:03:41</li>\n</ul>\n</li>\n</ul>\n<a name=\"2006\"></a>\n<h3>2006</h3>\n<ul class=\"ctable raceresultstable\">\n	<li>\n<ul class=\"ctablehead\">\n	<li class=\"date\">Date</li>\n	<li class=\"rank\">Rank</li>\n	<li class=\"event\">Event</li>\n	<li class=\"time\">Time</li>\n</ul>\n<ul class=\"ctablebody\">\n	<li class=\"date\">2/9/06</li>\n	<li class=\"rank\">1st</li>\n	<li class=\"event\"><a href=\"http://www.chrissiewellington.org/race-results/itu-age-group-world-championships/\">ITU Age Group World Championships</a></li>\n	<li class=\"time\">2:17:32</li>\n</ul>\n<ul class=\"ctablebody\">\n	<li class=\"date\">11/6/06</li>\n	<li class=\"rank\">1st</li>\n	<li class=\"event\"><a href=\"http://www.chrissiewellington.org/race-results/tri-uk-shropshire-triathlon/\">Tri UK Shropshire Triathlon</a></li>\n	<li class=\"time\">2:07:22</li>\n</ul>\n<ul class=\"ctablebody\">\n	<li class=\"date\">12/1/06</li>\n	<li class=\"rank\">1st</li>\n	<li class=\"event\"><a href=\"http://www.chrissiewellington.org/race-results/green-cup-world-championship-off-road-duathlon/\">Green Cup World Championship (off road duathlon)</a></li>\n	<li class=\"time\">2:59:50</li>\n</ul>\n</li>\n</ul>\n</div>', 'Results', '', 'inherit', 'closed', 'open', '', '22-autosave-v1', '', '', '2014-06-09 19:50:12', '2014-06-09 19:50:12', '', 22, 'http://triforchange.com/22-autosave-v1/', 0, 'revision', '', 0);
INSERT INTO `wp_t4changeposts` (`ID`, `post_author`, `post_date`, `post_date_gmt`, `post_content`, `post_title`, `post_excerpt`, `post_status`, `comment_status`, `ping_status`, `post_password`, `post_name`, `to_ping`, `pinged`, `post_modified`, `post_modified_gmt`, `post_content_filtered`, `post_parent`, `guid`, `menu_order`, `post_type`, `post_mime_type`, `comment_count`) VALUES
(36, 1, '2014-06-09 19:50:24', '2014-06-09 19:50:24', 'I am currently ranked:\r\n<ul>\r\n	<li><strong>20th in the United States</strong> in the <a href=\"#\">Women\'s 40-44 age group</a></li>\r\n	<li><strong>66th in the World</strong> in the <a href=\"#\">Women\'s 40-44 age group</a></li>\r\n</ul>\r\n<h2>Here are my race results since 200?.</h2>\r\n<div class=\"postcontent\"><a name=\"2011\"></a>\r\n<h3>2011</h3>\r\n<ul class=\"ctable raceresultstable\">\r\n	<li>\r\n<ul class=\"ctablehead\">\r\n	<li class=\"date\">Date</li>\r\n	<li class=\"rank\">Rank</li>\r\n	<li class=\"event\">Event</li>\r\n	<li class=\"time\">Time</li>\r\n</ul>\r\n<ul class=\"ctablebody\">\r\n	<li class=\"date\">8/10/11</li>\r\n	<li class=\"rank\">1st</li>\r\n	<li class=\"event\"><a href=\"http://www.chrissiewellington.org/race-results/ford-ironman-world-championship/\">Ford Ironman World Championship</a></li>\r\n	<li class=\"time\">8:55:08</li>\r\n</ul>\r\n<ul class=\"ctablebody\">\r\n	<li class=\"date\">21/8/11</li>\r\n	<li class=\"rank\">1st</li>\r\n	<li class=\"event\"><a href=\"http://www.chrissiewellington.org/race-results/timberman-70-3-2/\">Timberman 70.3</a></li>\r\n	<li class=\"time\"></li>\r\n</ul>\r\n<ul class=\"ctablebody\">\r\n	<li class=\"date\">10/7/11</li>\r\n	<li class=\"rank\">1st</li>\r\n	<li class=\"event\"><a href=\"http://www.chrissiewellington.org/race-results/challenge-roth/\">Challenge-Roth</a></li>\r\n	<li class=\"time\"></li>\r\n</ul>\r\n<ul class=\"ctablebody\">\r\n	<li class=\"date\">12/6/11</li>\r\n	<li class=\"rank\">1st</li>\r\n	<li class=\"event\"><a href=\"http://www.chrissiewellington.org/race-results/k-swiss-ironman-70-3/\">K-Swiss Ironman 70.3</a></li>\r\n	<li class=\"time\">4:11:08</li>\r\n</ul>\r\n<ul class=\"ctablebody\">\r\n	<li class=\"date\">10/4/11</li>\r\n	<li class=\"rank\">1st</li>\r\n	<li class=\"event\"><a href=\"http://www.chrissiewellington.org/race-results/spec-savers-ironman-south-africa/\">Spec-Savers Ironman South Africa</a></li>\r\n	<li class=\"time\">8:33:56</li>\r\n</ul>\r\n</li>\r\n</ul>\r\n<a name=\"2010\"></a>\r\n<h3>2010</h3>\r\n<ul class=\"ctable raceresultstable\">\r\n	<li>\r\n<ul class=\"ctablehead\">\r\n	<li class=\"date\">Date</li>\r\n	<li class=\"rank\">Rank</li>\r\n	<li class=\"event\">Event</li>\r\n	<li class=\"time\">Time</li>\r\n</ul>\r\n<ul class=\"ctablebody\">\r\n	<li class=\"date\">21/11/10</li>\r\n	<li class=\"rank\">1st</li>\r\n	<li class=\"event\"><a href=\"http://www.chrissiewellington.org/race-results/ford-ironman-arizona-tempe-2/\">Ford Ironman Arizona, Tempe</a></li>\r\n	<li class=\"time\">8:36:13</li>\r\n</ul>\r\n<ul class=\"ctablebody\">\r\n	<li class=\"date\">22/8/10</li>\r\n	<li class=\"rank\">1st</li>\r\n	<li class=\"event\"><a href=\"http://www.chrissiewellington.org/race-results/timberman-70-3/\">Timberman 70.3</a></li>\r\n	<li class=\"time\">4:10:11</li>\r\n</ul>\r\n<ul class=\"ctablebody\">\r\n	<li class=\"date\">18/7/10</li>\r\n	<li class=\"rank\">1st</li>\r\n	<li class=\"event\"><a href=\"http://www.chrissiewellington.org/race-results/challenge-roth-germany/\">Challenge Roth, Germany</a></li>\r\n	<li class=\"time\">8:19:13</li>\r\n</ul>\r\n<ul class=\"ctablebody\">\r\n	<li class=\"date\">8/6/10</li>\r\n	<li class=\"rank\">1st</li>\r\n	<li class=\"event\"><a href=\"http://www.chrissiewellington.org/race-results/ironman-kansas-70-3/\">Ironman Kansas 70.3</a></li>\r\n	<li class=\"time\">4:07:49</li>\r\n</ul>\r\n</li>\r\n</ul>\r\n<a name=\"2009\"></a>\r\n<h3>2009</h3>\r\n<ul class=\"ctable raceresultstable\">\r\n	<li>\r\n<ul class=\"ctablehead\">\r\n	<li class=\"date\">Date</li>\r\n	<li class=\"rank\">Rank</li>\r\n	<li class=\"event\">Event</li>\r\n	<li class=\"time\">Time</li>\r\n</ul>\r\n<ul class=\"ctablebody\">\r\n	<li class=\"date\">10/10/09</li>\r\n	<li class=\"rank\">1st</li>\r\n	<li class=\"event\"><a href=\"http://www.chrissiewellington.org/race-results/ironman-world-championships-3/\">Ironman World Championships</a></li>\r\n	<li class=\"time\">8:54:02</li>\r\n</ul>\r\n<ul class=\"ctablebody\">\r\n	<li class=\"date\">23/8/09</li>\r\n	<li class=\"rank\">1st</li>\r\n	<li class=\"event\"><a href=\"http://www.chrissiewellington.org/race-results/timberman-70-3-lake-winnipesaukee-new-hampshire/\">Timberman 70.3 (Lake Winnipesaukee, New Hampshire)</a></li>\r\n	<li class=\"time\">4:15:11</li>\r\n</ul>\r\n<ul class=\"ctablebody\">\r\n	<li class=\"date\">11/8/09</li>\r\n	<li class=\"rank\">2nd</li>\r\n	<li class=\"event\"><a href=\"http://www.chrissiewellington.org/race-results/5430-long-course-triathlon-boulder-colorado/\">5430 Long Course Triathlon (Boulder, Colorado)</a></li>\r\n	<li class=\"time\">4:12:18</li>\r\n</ul>\r\n<ul class=\"ctablebody\">\r\n	<li class=\"date\">17/7/09</li>\r\n	<li class=\"rank\">6th</li>\r\n	<li class=\"event\"><a href=\"http://www.chrissiewellington.org/race-results/columbia-triathlon/\">Columbia Triathlon</a></li>\r\n	<li class=\"time\">2:18:40</li>\r\n</ul>\r\n<ul class=\"ctablebody\">\r\n	<li class=\"date\">12/7/09</li>\r\n	<li class=\"rank\">1st</li>\r\n	<li class=\"event\"><a href=\"http://www.chrissiewellington.org/race-results/quelle-challenge-roth-germany/\">Quelle Challenge – Roth, Germany</a></li>\r\n	<li class=\"time\">8:31:59</li>\r\n</ul>\r\n<ul class=\"ctablebody\">\r\n	<li class=\"date\">14/6/09</li>\r\n	<li class=\"rank\">1st</li>\r\n	<li class=\"event\"><a href=\"http://www.chrissiewellington.org/race-results/ironman-70-3-kansas/\">Ironman 70.3 Kansas</a></li>\r\n	<li class=\"time\">4:14:52</li>\r\n</ul>\r\n<ul class=\"ctablebody\">\r\n	<li class=\"date\">5/4/09</li>\r\n	<li class=\"rank\">1st</li>\r\n	<li class=\"event\"><a href=\"http://www.chrissiewellington.org/race-results/ironman-australia-2/\">Ironman Australia</a></li>\r\n	<li class=\"time\">8:57:10</li>\r\n</ul>\r\n</li>\r\n</ul>\r\n<a name=\"2008\"></a>\r\n<h3>2008</h3>\r\n<ul class=\"ctable raceresultstable\">\r\n	<li>\r\n<ul class=\"ctablehead\">\r\n	<li class=\"date\">Date</li>\r\n	<li class=\"rank\">Rank</li>\r\n	<li class=\"event\">Event</li>\r\n	<li class=\"time\">Time</li>\r\n</ul>\r\n<ul class=\"ctablebody\">\r\n	<li class=\"date\">26/10/08</li>\r\n	<li class=\"rank\">1st</li>\r\n	<li class=\"event\"><a href=\"http://www.chrissiewellington.org/race-results/itu-long-distance-world-championship/\">ITU Long Distance World Championship</a></li>\r\n	<li class=\"time\">6:12:44</li>\r\n</ul>\r\n<ul class=\"ctablebody\">\r\n	<li class=\"date\">11/10/08</li>\r\n	<li class=\"rank\">1st</li>\r\n	<li class=\"event\"><a href=\"http://www.chrissiewellington.org/race-results/ironman-world-championships-2/\">Ironman World Championships</a></li>\r\n	<li class=\"time\">9:06:23</li>\r\n</ul>\r\n<ul class=\"ctablebody\">\r\n	<li class=\"date\">30/7/08</li>\r\n	<li class=\"rank\">1st</li>\r\n	<li class=\"event\"><a href=\"http://www.chrissiewellington.org/race-results/alpe-dhuez-long-course-triathlon-2/\">Alpe d\'Huez Long Course triathlon</a></li>\r\n	<li class=\"time\">6:18:25</li>\r\n</ul>\r\n<ul class=\"ctablebody\">\r\n	<li class=\"date\">17/7/08</li>\r\n	<li class=\"rank\">1st</li>\r\n	<li class=\"event\"><a href=\"http://www.chrissiewellington.org/race-results/timberman-ironman-70-3/\">Timberman Ironman 70.3</a></li>\r\n	<li class=\"time\">4:11:46</li>\r\n</ul>\r\n<ul class=\"ctablebody\">\r\n	<li class=\"date\">6/7/08</li>\r\n	<li class=\"rank\">1st</li>\r\n	<li class=\"event\"><a href=\"http://www.chrissiewellington.org/race-results/ironman-european-championship/\">Ironman European Championship</a></li>\r\n	<li class=\"time\">8:51:24.7</li>\r\n</ul>\r\n<ul class=\"ctablebody\">\r\n	<li class=\"date\">26/4/08</li>\r\n	<li class=\"rank\">22nd</li>\r\n	<li class=\"event\"><a href=\"http://www.chrissiewellington.org/race-results/tongyeong-bg-triathlon-world-cup/\">Tongyeong BG Triathlon World Cup</a></li>\r\n	<li class=\"time\">1:58:21</li>\r\n</ul>\r\n<ul class=\"ctablebody\">\r\n	<li class=\"date\">6/4/08</li>\r\n	<li class=\"rank\">1st</li>\r\n	<li class=\"event\"><a href=\"http://www.chrissiewellington.org/race-results/ironman-australia/\">Ironman Australia</a></li>\r\n	<li class=\"time\">9:03:55</li>\r\n</ul>\r\n</li>\r\n</ul>\r\n<a name=\"2007\"></a>\r\n<h3>2007</h3>\r\n<ul class=\"ctable raceresultstable\">\r\n	<li>\r\n<ul class=\"ctablehead\">\r\n	<li class=\"date\">Date</li>\r\n	<li class=\"rank\">Rank</li>\r\n	<li class=\"event\">Event</li>\r\n	<li class=\"time\">Time</li>\r\n</ul>\r\n<ul class=\"ctablebody\">\r\n	<li class=\"date\">2/12/07</li>\r\n	<li class=\"rank\">4th</li>\r\n	<li class=\"event\"><a href=\"http://www.chrissiewellington.org/race-results/laguna-phuket-triathlon/\">Laguna Phuket Triathlon</a></li>\r\n	<li class=\"time\">2:47:57</li>\r\n</ul>\r\n<ul class=\"ctablebody\">\r\n	<li class=\"date\">13/10/07</li>\r\n	<li class=\"rank\">1st</li>\r\n	<li class=\"event\"><a href=\"http://www.chrissiewellington.org/race-results/ironman-world-championships/\">Ironman World Championships</a></li>\r\n	<li class=\"time\">9:08:45</li>\r\n</ul>\r\n<ul class=\"ctablebody\">\r\n	<li class=\"date\">2/9/07</li>\r\n	<li class=\"rank\">3rd</li>\r\n	<li class=\"event\"><a href=\"http://www.chrissiewellington.org/race-results/singapore-ironman-70-3/\">Singapore Ironman 70.3</a></li>\r\n	<li class=\"time\">4:19:18</li>\r\n</ul>\r\n<ul class=\"ctablebody\">\r\n	<li class=\"date\">26/8/07</li>\r\n	<li class=\"rank\">1st</li>\r\n	<li class=\"event\"><a href=\"http://www.chrissiewellington.org/race-results/ironman-korea/\">Ironman Korea</a></li>\r\n	<li class=\"time\">9:54:37</li>\r\n</ul>\r\n<ul class=\"ctablebody\">\r\n	<li class=\"date\">1/8/07</li>\r\n	<li class=\"rank\">1st</li>\r\n	<li class=\"event\"><a href=\"http://www.chrissiewellington.org/race-results/alpe-dhuez-long-course-triathlon/\">Alpe d\'Huez Long Course Triathlon</a></li>\r\n	<li class=\"time\">6:43:15</li>\r\n</ul>\r\n<ul class=\"ctablebody\">\r\n	<li class=\"date\">15/7/07</li>\r\n	<li class=\"rank\">5th</li>\r\n	<li class=\"event\"><a href=\"http://www.chrissiewellington.org/race-results/itu-long-course-world-championships/\">ITU Long Course World Championships</a></li>\r\n	<li class=\"time\">4:07:08</li>\r\n</ul>\r\n<ul class=\"ctablebody\">\r\n	<li class=\"date\">7/7/07</li>\r\n	<li class=\"rank\">5th</li>\r\n	<li class=\"event\"><a href=\"http://www.chrissiewellington.org/race-results/itu-premium-european-cup-holten/\">ITU Premium European Cup (Holten)</a></li>\r\n	<li class=\"time\">2:06:15</li>\r\n</ul>\r\n<ul class=\"ctablebody\">\r\n	<li class=\"date\">1/7/07</li>\r\n	<li class=\"rank\">1st</li>\r\n	<li class=\"event\"><a href=\"http://www.chrissiewellington.org/race-results/bangkok-triathlon/\">Bangkok Triathlon</a></li>\r\n	<li class=\"time\">1:59:28</li>\r\n</ul>\r\n<ul class=\"ctablebody\">\r\n	<li class=\"date\">23/6/07</li>\r\n	<li class=\"rank\">1st</li>\r\n	<li class=\"event\"><a href=\"http://www.chrissiewellington.org/race-results/zurich-olympic-distance-triathlon/\">Zurich Olympic Distance triathlon</a></li>\r\n	<li class=\"time\">1:59:33.5</li>\r\n</ul>\r\n<ul class=\"ctablebody\">\r\n	<li class=\"date\">17/6/07</li>\r\n	<li class=\"rank\">5th</li>\r\n	<li class=\"event\"><a href=\"http://www.chrissiewellington.org/race-results/uk-ironman-70-3/\">UK Ironman 70.3</a></li>\r\n	<li class=\"time\">5:04:45</li>\r\n</ul>\r\n<ul class=\"ctablebody\">\r\n	<li class=\"date\">2/6/07</li>\r\n	<li class=\"rank\">1st</li>\r\n	<li class=\"event\"><a href=\"http://www.chrissiewellington.org/race-results/blenheim-triathlon-sprint-distance/\">Blenheim Triathlon (sprint distance)</a></li>\r\n	<li class=\"time\">1:07:50</li>\r\n</ul>\r\n<ul class=\"ctablebody\">\r\n	<li class=\"date\">5/5/07</li>\r\n	<li class=\"rank\">1st</li>\r\n	<li class=\"event\"><a href=\"http://www.chrissiewellington.org/race-results/subic-bay-itu-triathlon-asian-cup/\">Subic Bay ITU Triathlon Asian Cup</a></li>\r\n	<li class=\"time\">2:03:41</li>\r\n</ul>\r\n</li>\r\n</ul>\r\n<a name=\"2006\"></a>\r\n<h3>2006</h3>\r\n<ul class=\"ctable raceresultstable\">\r\n	<li>\r\n<ul class=\"ctablehead\">\r\n	<li class=\"date\">Date</li>\r\n	<li class=\"rank\">Rank</li>\r\n	<li class=\"event\">Event</li>\r\n	<li class=\"time\">Time</li>\r\n</ul>\r\n<ul class=\"ctablebody\">\r\n	<li class=\"date\">2/9/06</li>\r\n	<li class=\"rank\">1st</li>\r\n	<li class=\"event\"><a href=\"http://www.chrissiewellington.org/race-results/itu-age-group-world-championships/\">ITU Age Group World Championships</a></li>\r\n	<li class=\"time\">2:17:32</li>\r\n</ul>\r\n<ul class=\"ctablebody\">\r\n	<li class=\"date\">11/6/06</li>\r\n	<li class=\"rank\">1st</li>\r\n	<li class=\"event\"><a href=\"http://www.chrissiewellington.org/race-results/tri-uk-shropshire-triathlon/\">Tri UK Shropshire Triathlon</a></li>\r\n	<li class=\"time\">2:07:22</li>\r\n</ul>\r\n<ul class=\"ctablebody\">\r\n	<li class=\"date\">12/1/06</li>\r\n	<li class=\"rank\">1st</li>\r\n	<li class=\"event\"><a href=\"http://www.chrissiewellington.org/race-results/green-cup-world-championship-off-road-duathlon/\">Green Cup World Championship (off road duathlon)</a></li>\r\n	<li class=\"time\">2:59:50</li>\r\n</ul>\r\n</li>\r\n</ul>\r\n</div>', 'Results', '', 'inherit', 'closed', 'open', '', '22-revision-v1', '', '', '2014-06-09 19:50:24', '2014-06-09 19:50:24', '', 22, 'http://triforchange.com/22-revision-v1/', 0, 'revision', '', 0);

-- --------------------------------------------------------

--
-- Table structure for table `wp_t4changeterms`
--

CREATE TABLE `wp_t4changeterms` (
  `term_id` bigint(20) UNSIGNED NOT NULL,
  `name` varchar(200) NOT NULL DEFAULT '',
  `slug` varchar(200) NOT NULL DEFAULT '',
  `term_group` bigint(10) NOT NULL DEFAULT '0'
) ENGINE=MyISAM DEFAULT CHARSET=utf8;

--
-- Dumping data for table `wp_t4changeterms`
--

INSERT INTO `wp_t4changeterms` (`term_id`, `name`, `slug`, `term_group`) VALUES
(1, 'Uncategorized', 'uncategorized', 0),
(2, 'Main Navigation Menu', 'main-navigation-menu', 0);

-- --------------------------------------------------------

--
-- Table structure for table `wp_t4changeterm_relationships`
--

CREATE TABLE `wp_t4changeterm_relationships` (
  `object_id` bigint(20) UNSIGNED NOT NULL DEFAULT '0',
  `term_taxonomy_id` bigint(20) UNSIGNED NOT NULL DEFAULT '0',
  `term_order` int(11) NOT NULL DEFAULT '0'
) ENGINE=MyISAM DEFAULT CHARSET=utf8;

--
-- Dumping data for table `wp_t4changeterm_relationships`
--

INSERT INTO `wp_t4changeterm_relationships` (`object_id`, `term_taxonomy_id`, `term_order`) VALUES
(1, 1, 0),
(27, 2, 0),
(28, 2, 0),
(30, 2, 0),
(31, 2, 0),
(29, 2, 0),
(32, 2, 0);

-- --------------------------------------------------------

--
-- Table structure for table `wp_t4changeterm_taxonomy`
--

CREATE TABLE `wp_t4changeterm_taxonomy` (
  `term_taxonomy_id` bigint(20) UNSIGNED NOT NULL,
  `term_id` bigint(20) UNSIGNED NOT NULL DEFAULT '0',
  `taxonomy` varchar(32) NOT NULL DEFAULT '',
  `description` longtext NOT NULL,
  `parent` bigint(20) UNSIGNED NOT NULL DEFAULT '0',
  `count` bigint(20) NOT NULL DEFAULT '0'
) ENGINE=MyISAM DEFAULT CHARSET=utf8;

--
-- Dumping data for table `wp_t4changeterm_taxonomy`
--

INSERT INTO `wp_t4changeterm_taxonomy` (`term_taxonomy_id`, `term_id`, `taxonomy`, `description`, `parent`, `count`) VALUES
(1, 1, 'category', '', 0, 1),
(2, 2, 'nav_menu', '', 0, 6);

-- --------------------------------------------------------

--
-- Table structure for table `wp_t4changeusermeta`
--

CREATE TABLE `wp_t4changeusermeta` (
  `umeta_id` bigint(20) UNSIGNED NOT NULL,
  `user_id` bigint(20) UNSIGNED NOT NULL DEFAULT '0',
  `meta_key` varchar(255) DEFAULT NULL,
  `meta_value` longtext
) ENGINE=MyISAM DEFAULT CHARSET=utf8;

--
-- Dumping data for table `wp_t4changeusermeta`
--

INSERT INTO `wp_t4changeusermeta` (`umeta_id`, `user_id`, `meta_key`, `meta_value`) VALUES
(1, 1, 'first_name', ''),
(2, 1, 'last_name', ''),
(3, 1, 'nickname', 'tri4change-admin'),
(4, 1, 'description', ''),
(5, 1, 'rich_editing', 'true'),
(6, 1, 'comment_shortcuts', 'false'),
(7, 1, 'admin_color', 'fresh'),
(8, 1, 'use_ssl', '0'),
(9, 1, 'show_admin_bar_front', 'true'),
(10, 1, 'wp_t4changecapabilities', 'a:1:{s:13:\"administrator\";b:1;}'),
(11, 1, 'wp_t4changeuser_level', '10'),
(12, 1, 'dismissed_wp_pointers', 'wp330_toolbar,wp330_saving_widgets,wp340_choose_image_from_library,wp340_customize_current_theme_link,wp350_media,wp360_revisions,wp360_locks,wp390_widgets'),
(13, 1, 'show_welcome_panel', '1'),
(14, 1, 'wp_t4changedashboard_quick_press_last_post_id', '39'),
(15, 1, 'wp_t4changeuser-settings', 'editor=html&hidetb=1'),
(16, 1, 'wp_t4changeuser-settings-time', '1417236205'),
(17, 2, 'first_name', 'Elizabeth'),
(18, 2, 'last_name', 'Mahoney'),
(19, 2, 'nickname', 'emahoney'),
(20, 2, 'description', ''),
(21, 2, 'rich_editing', 'true'),
(22, 2, 'comment_shortcuts', 'false'),
(23, 2, 'admin_color', 'fresh'),
(24, 2, 'use_ssl', '0'),
(25, 2, 'show_admin_bar_front', 'true'),
(26, 2, 'wp_t4changecapabilities', 'a:1:{s:13:\"administrator\";b:1;}'),
(27, 2, 'wp_t4changeuser_level', '10'),
(28, 2, 'dismissed_wp_pointers', 'wp330_toolbar,wp330_saving_widgets,wp340_choose_image_from_library,wp340_customize_current_theme_link,wp350_media,wp360_revisions,wp360_locks'),
(29, 2, 'wp_t4changedashboard_quick_press_last_post_id', '6'),
(30, 1, 'managenav-menuscolumnshidden', 'a:4:{i:0;s:11:\"link-target\";i:1;s:11:\"css-classes\";i:2;s:3:\"xfn\";i:3;s:11:\"description\";}'),
(31, 1, 'metaboxhidden_nav-menus', 'a:3:{i:0;s:8:\"add-post\";i:1;s:12:\"add-post_tag\";i:2;s:15:\"add-post_format\";}'),
(32, 1, 'session_tokens', 'a:1:{s:64:\"bb2a8fd2cef9096773b75a9af2a7b03e5f609a455dd759c8134a07f3ed128bc9\";a:4:{s:10:\"expiration\";i:1425662918;s:2:\"ip\";s:14:\"99.130.100.173\";s:2:\"ua\";s:119:\"Mozilla/5.0 (Macintosh; Intel Mac OS X 10_8_5) AppleWebKit/537.36 (KHTML, like Gecko) Chrome/41.0.2272.76 Safari/537.36\";s:5:\"login\";i:1425490118;}}');

-- --------------------------------------------------------

--
-- Table structure for table `wp_t4changeusers`
--

CREATE TABLE `wp_t4changeusers` (
  `ID` bigint(20) UNSIGNED NOT NULL,
  `user_login` varchar(60) NOT NULL DEFAULT '',
  `user_pass` varchar(64) NOT NULL DEFAULT '',
  `user_nicename` varchar(50) NOT NULL DEFAULT '',
  `user_email` varchar(100) NOT NULL DEFAULT '',
  `user_url` varchar(100) NOT NULL DEFAULT '',
  `user_registered` datetime NOT NULL DEFAULT '0000-00-00 00:00:00',
  `user_activation_key` varchar(60) NOT NULL DEFAULT '',
  `user_status` int(11) NOT NULL DEFAULT '0',
  `display_name` varchar(250) NOT NULL DEFAULT ''
) ENGINE=MyISAM DEFAULT CHARSET=utf8;

--
-- Dumping data for table `wp_t4changeusers`
--

INSERT INTO `wp_t4changeusers` (`ID`, `user_login`, `user_pass`, `user_nicename`, `user_email`, `user_url`, `user_registered`, `user_activation_key`, `user_status`, `display_name`) VALUES
(1, 'tri4change-admin', '$P$BkbTGwt4Ukt21/sLhbFaDBtZb0pAme0', 'tri4change-admin', 'berchman@berchman.com', '', '2013-12-31 20:10:59', '', 0, 'tri4change-admin'),
(2, 'emahoney', '$P$BCOHU8YQH37lH2FUn604FWaZiTUTYn0', 'emahoney', 'emahoney@thacher.org', 'http://www.triforchange.com', '2014-03-17 02:56:48', '', 0, 'Elizabeth Mahoney');

--
-- Indexes for dumped tables
--

--
-- Indexes for table `wp_t4changecommentmeta`
--
ALTER TABLE `wp_t4changecommentmeta`
  ADD PRIMARY KEY (`meta_id`),
  ADD KEY `comment_id` (`comment_id`),
  ADD KEY `meta_key` (`meta_key`);

--
-- Indexes for table `wp_t4changecomments`
--
ALTER TABLE `wp_t4changecomments`
  ADD PRIMARY KEY (`comment_ID`),
  ADD KEY `comment_post_ID` (`comment_post_ID`),
  ADD KEY `comment_approved_date_gmt` (`comment_approved`,`comment_date_gmt`),
  ADD KEY `comment_date_gmt` (`comment_date_gmt`),
  ADD KEY `comment_parent` (`comment_parent`),
  ADD KEY `comment_author_email` (`comment_author_email`(10));

--
-- Indexes for table `wp_t4changelinks`
--
ALTER TABLE `wp_t4changelinks`
  ADD PRIMARY KEY (`link_id`),
  ADD KEY `link_visible` (`link_visible`);

--
-- Indexes for table `wp_t4changeoptions`
--
ALTER TABLE `wp_t4changeoptions`
  ADD PRIMARY KEY (`option_id`),
  ADD UNIQUE KEY `option_name` (`option_name`);

--
-- Indexes for table `wp_t4changepostmeta`
--
ALTER TABLE `wp_t4changepostmeta`
  ADD PRIMARY KEY (`meta_id`),
  ADD KEY `post_id` (`post_id`),
  ADD KEY `meta_key` (`meta_key`);

--
-- Indexes for table `wp_t4changeposts`
--
ALTER TABLE `wp_t4changeposts`
  ADD PRIMARY KEY (`ID`),
  ADD KEY `post_name` (`post_name`),
  ADD KEY `type_status_date` (`post_type`,`post_status`,`post_date`,`ID`),
  ADD KEY `post_parent` (`post_parent`),
  ADD KEY `post_author` (`post_author`);

--
-- Indexes for table `wp_t4changeterms`
--
ALTER TABLE `wp_t4changeterms`
  ADD PRIMARY KEY (`term_id`),
  ADD KEY `name` (`name`),
  ADD KEY `slug` (`slug`);

--
-- Indexes for table `wp_t4changeterm_relationships`
--
ALTER TABLE `wp_t4changeterm_relationships`
  ADD PRIMARY KEY (`object_id`,`term_taxonomy_id`),
  ADD KEY `term_taxonomy_id` (`term_taxonomy_id`);

--
-- Indexes for table `wp_t4changeterm_taxonomy`
--
ALTER TABLE `wp_t4changeterm_taxonomy`
  ADD PRIMARY KEY (`term_taxonomy_id`),
  ADD UNIQUE KEY `term_id_taxonomy` (`term_id`,`taxonomy`),
  ADD KEY `taxonomy` (`taxonomy`);

--
-- Indexes for table `wp_t4changeusermeta`
--
ALTER TABLE `wp_t4changeusermeta`
  ADD PRIMARY KEY (`umeta_id`),
  ADD KEY `user_id` (`user_id`),
  ADD KEY `meta_key` (`meta_key`);

--
-- Indexes for table `wp_t4changeusers`
--
ALTER TABLE `wp_t4changeusers`
  ADD PRIMARY KEY (`ID`),
  ADD KEY `user_login_key` (`user_login`),
  ADD KEY `user_nicename` (`user_nicename`);

--
-- AUTO_INCREMENT for dumped tables
--

--
-- AUTO_INCREMENT for table `wp_t4changecommentmeta`
--
ALTER TABLE `wp_t4changecommentmeta`
  MODIFY `meta_id` bigint(20) UNSIGNED NOT NULL AUTO_INCREMENT;

--
-- AUTO_INCREMENT for table `wp_t4changecomments`
--
ALTER TABLE `wp_t4changecomments`
  MODIFY `comment_ID` bigint(20) UNSIGNED NOT NULL AUTO_INCREMENT, AUTO_INCREMENT=2;

--
-- AUTO_INCREMENT for table `wp_t4changelinks`
--
ALTER TABLE `wp_t4changelinks`
  MODIFY `link_id` bigint(20) UNSIGNED NOT NULL AUTO_INCREMENT;

--
-- AUTO_INCREMENT for table `wp_t4changeoptions`
--
ALTER TABLE `wp_t4changeoptions`
  MODIFY `option_id` bigint(20) UNSIGNED NOT NULL AUTO_INCREMENT, AUTO_INCREMENT=17233;

--
-- AUTO_INCREMENT for table `wp_t4changepostmeta`
--
ALTER TABLE `wp_t4changepostmeta`
  MODIFY `meta_id` bigint(20) UNSIGNED NOT NULL AUTO_INCREMENT, AUTO_INCREMENT=114;

--
-- AUTO_INCREMENT for table `wp_t4changeposts`
--
ALTER TABLE `wp_t4changeposts`
  MODIFY `ID` bigint(20) UNSIGNED NOT NULL AUTO_INCREMENT, AUTO_INCREMENT=40;

--
-- AUTO_INCREMENT for table `wp_t4changeterms`
--
ALTER TABLE `wp_t4changeterms`
  MODIFY `term_id` bigint(20) UNSIGNED NOT NULL AUTO_INCREMENT, AUTO_INCREMENT=3;

--
-- AUTO_INCREMENT for table `wp_t4changeterm_taxonomy`
--
ALTER TABLE `wp_t4changeterm_taxonomy`
  MODIFY `term_taxonomy_id` bigint(20) UNSIGNED NOT NULL AUTO_INCREMENT, AUTO_INCREMENT=3;

--
-- AUTO_INCREMENT for table `wp_t4changeusermeta`
--
ALTER TABLE `wp_t4changeusermeta`
  MODIFY `umeta_id` bigint(20) UNSIGNED NOT NULL AUTO_INCREMENT, AUTO_INCREMENT=33;

--
-- AUTO_INCREMENT for table `wp_t4changeusers`
--
ALTER TABLE `wp_t4changeusers`
  MODIFY `ID` bigint(20) UNSIGNED NOT NULL AUTO_INCREMENT, AUTO_INCREMENT=3;
COMMIT;

