--
-- Host: localhost    Database: db_capital
-- ------------------------------------------------------


--
-- Table structure for table `auth_domains`
--

CREATE TABLE `auth_domains` (
  `id` int(8) NOT NULL auto_increment,
  `name` varchar(255) collate utf8_polish_ci NOT NULL default '',
  PRIMARY KEY  (`id`)
) ENGINE=MyISAM DEFAULT CHARSET=utf8 COLLATE=utf8_polish_ci;

--
-- Dumping data for table `auth_domains`
--


INSERT INTO `auth_domains` VALUES (1,'CAPITAL');

--
-- Table structure for table `auth_groupgrantedrights`
--

CREATE TABLE `auth_groupgrantedrights` (
  `groupid` int(8) NOT NULL default '0',
  `rightid` int(8) NOT NULL default '0',
  `resourceid` int(8) default NULL,
  `datefrom` datetime default NULL,
  `dateto` datetime default NULL,
  PRIMARY KEY  (`groupid`,`rightid`)
) ENGINE=MyISAM DEFAULT CHARSET=utf8 COLLATE=utf8_polish_ci;

--
-- Dumping data for table `auth_groupgrantedrights`
--


INSERT INTO `auth_groupgrantedrights` VALUES (1,300,NULL,NULL,NULL),(1,400,NULL,NULL,NULL),(1,500,NULL,NULL,NULL),(1,102,NULL,NULL,NULL),(1,101,NULL,NULL,NULL),(1,100,NULL,NULL,NULL),(1,200,NULL,NULL,NULL),(2,600,NULL,NULL,NULL);

--
-- Table structure for table `auth_groups`
--

CREATE TABLE `auth_groups` (
  `groupid` int(8) NOT NULL auto_increment,
  `groupname` varchar(50) collate utf8_polish_ci NOT NULL default '',
  `groupdescription` text collate utf8_polish_ci NOT NULL,
  `domain_id` int(8) NOT NULL default '0',
  PRIMARY KEY  (`groupid`)
) ENGINE=MyISAM DEFAULT CHARSET=utf8 COLLATE=utf8_polish_ci;

--
-- Dumping data for table `auth_groups`
--


INSERT INTO `auth_groups` VALUES (1,'Administracja','Administracja',1),(2,'Wspolnota TEST','Opis',1);

--
-- Table structure for table `auth_groups2cats`
--

CREATE TABLE `auth_groups2cats` (
  `gid` int(8) NOT NULL default '0',
  `cid` varchar(64) collate utf8_polish_ci NOT NULL default '',
  PRIMARY KEY  (`gid`,`cid`)
) ENGINE=MyISAM DEFAULT CHARSET=utf8 COLLATE=utf8_polish_ci;

--
-- Dumping data for table `auth_groups2cats`
--



--
-- Table structure for table `auth_help`
--

CREATE TABLE `auth_help` (
  `id` bigint(20) unsigned NOT NULL auto_increment,
  `module` varchar(50) collate utf8_polish_ci NOT NULL default '',
  `optionname` varchar(100) collate utf8_polish_ci default NULL,
  `lang` varchar(5) collate utf8_polish_ci NOT NULL default 'pl',
  `hint` text collate utf8_polish_ci,
  `help` text collate utf8_polish_ci,
  PRIMARY KEY  (`id`),
  UNIQUE KEY `name` (`optionname`),
  UNIQUE KEY `module_2` (`module`,`optionname`,`lang`),
  KEY `lang` (`lang`)
) ENGINE=MyISAM DEFAULT CHARSET=utf8 COLLATE=utf8_polish_ci;

--
-- Dumping data for table `auth_help`
--



--
-- Table structure for table `auth_impliedrights`
--

CREATE TABLE `auth_impliedrights` (
  `impliedrightid` int(8) NOT NULL default '0',
  `rightid` int(8) NOT NULL default '0',
  PRIMARY KEY  (`impliedrightid`)
) ENGINE=MyISAM DEFAULT CHARSET=utf8 COLLATE=utf8_polish_ci;

--
-- Dumping data for table `auth_impliedrights`
--


INSERT INTO `auth_impliedrights` VALUES (100,1),(101,100),(102,100),(500,1),(400,1),(300,1),(201,200),(200,1),(600,1);

--
-- Table structure for table `auth_resourcecatalogues`
--

CREATE TABLE `auth_resourcecatalogues` (
  `resourcecatalogueid` int(8) NOT NULL auto_increment,
  `name` varchar(100) collate utf8_polish_ci NOT NULL default '',
  `rightsbranchid` int(8) NOT NULL default '0',
  PRIMARY KEY  (`resourcecatalogueid`)
) ENGINE=MyISAM DEFAULT CHARSET=utf8 COLLATE=utf8_polish_ci;

--
-- Dumping data for table `auth_resourcecatalogues`
--



--
-- Table structure for table `auth_resources`
--

CREATE TABLE `auth_resources` (
  `resourceid` int(8) NOT NULL auto_increment,
  `name` varchar(100) collate utf8_polish_ci NOT NULL default '',
  `resourcecatalogueid` int(8) NOT NULL default '0',
  PRIMARY KEY  (`resourceid`)
) ENGINE=MyISAM DEFAULT CHARSET=utf8 COLLATE=utf8_polish_ci;

--
-- Dumping data for table `auth_resources`
--



--
-- Table structure for table `auth_right_domain`
--

CREATE TABLE `auth_right_domain` (
  `right_id` int(8) NOT NULL default '0',
  `domain_id` int(8) NOT NULL default '0',
  PRIMARY KEY  (`right_id`)
) ENGINE=MyISAM DEFAULT CHARSET=utf8 COLLATE=utf8_polish_ci;

--
-- Dumping data for table `auth_right_domain`
--


INSERT INTO `auth_right_domain` VALUES (1,1),(100,1),(500,1),(600,1);

--
-- Table structure for table `auth_rights`
--

CREATE TABLE `auth_rights` (
  `rightid` int(8) NOT NULL default '0',
  `name` varchar(50) collate utf8_polish_ci NOT NULL default '',
  `description` text collate utf8_polish_ci NOT NULL,
  `resourceenabled` tinyint(1) NOT NULL default '0',
  PRIMARY KEY  (`rightid`)
) ENGINE=MyISAM DEFAULT CHARSET=utf8 COLLATE=utf8_polish_ci;

--
-- Dumping data for table `auth_rights`
--


INSERT INTO `auth_rights` VALUES (1,'ROOT','Wszyskie uprawnienia',0),(500,'PAGES','Pages',0),(400,'TRANSLATIONS','',0),(300,'LOGS_BROWSER','',0),(200,'CONFIGURATION','',0),(102,'LM_GROUPS','',0),(101,'LM_USERS','',0),(100,'LM','',0),(201,'BA_ADMIN','',0),(600,'HOMEPAGE_PRIVATE_AREA','',0);

--
-- Table structure for table `auth_user_domain`
--

CREATE TABLE `auth_user_domain` (
  `user_id` int(8) NOT NULL default '0',
  `domain_id` int(8) NOT NULL default '0',
  PRIMARY KEY  (`user_id`)
) ENGINE=MyISAM DEFAULT CHARSET=utf8 COLLATE=utf8_polish_ci;

--
-- Dumping data for table `auth_user_domain`
--


INSERT INTO `auth_user_domain` VALUES (1,1),(32,1),(2,1),(3,1),(4,1),(5,1);

--
-- Table structure for table `auth_usergrantedrights`
--

CREATE TABLE `auth_usergrantedrights` (
  `userid` int(8) NOT NULL default '0',
  `resourceid` int(8) default NULL,
  `datefrom` datetime default NULL,
  `dateto` datetime default NULL,
  `rightid` int(8) NOT NULL default '0',
  PRIMARY KEY  (`userid`,`rightid`)
) ENGINE=MyISAM DEFAULT CHARSET=utf8 COLLATE=utf8_polish_ci;

--
-- Dumping data for table `auth_usergrantedrights`
--


INSERT INTO `auth_usergrantedrights` VALUES (1,NULL,NULL,NULL,600),(5,NULL,NULL,NULL,600);

--
-- Table structure for table `auth_usergroups`
--

CREATE TABLE `auth_usergroups` (
  `groupid` int(8) NOT NULL default '0',
  `datefrom` datetime default NULL,
  `dateto` datetime default NULL,
  `userid` int(8) NOT NULL default '0',
  PRIMARY KEY  (`groupid`,`userid`)
) ENGINE=MyISAM DEFAULT CHARSET=utf8 COLLATE=utf8_polish_ci;

--
-- Dumping data for table `auth_usergroups`
--


INSERT INTO `auth_usergroups` VALUES (1,NULL,NULL,1),(1,NULL,NULL,32),(1,NULL,NULL,2),(1,NULL,NULL,3),(2,NULL,NULL,1),(1,NULL,NULL,5),(2,NULL,NULL,5);

--
-- Table structure for table `auth_users`
--

CREATE TABLE `auth_users` (
  `userid` int(8) NOT NULL auto_increment,
  `login` varchar(20) collate utf8_polish_ci NOT NULL default '',
  `email` varchar(100) collate utf8_polish_ci NOT NULL default '',
  `firstname` varchar(50) collate utf8_polish_ci NOT NULL default '',
  `lastname` varchar(50) collate utf8_polish_ci NOT NULL default '',
  `userpassword` varchar(100) collate utf8_polish_ci NOT NULL default '',
  `lastvisit` datetime NOT NULL default '0000-00-00 00:00:00',
  `active` enum('1','0') collate utf8_polish_ci NOT NULL default '1',
  PRIMARY KEY  (`userid`)
) ENGINE=MyISAM DEFAULT CHARSET=utf8 COLLATE=utf8_polish_ci;

--
-- Dumping data for table `auth_users`
--


INSERT INTO `auth_users` VALUES (1,'rachwal','rolkis@pgs-soft.com','Rafal','Olkis','b8b4fffc7848394da90403ac09e6f334','2006-09-25 13:58:54','1'),(5,'daniel','dwilczak@pgs-soft.com','Daniel','Wilczak','aa47f8215c6f30a0dcdb2a36a9f4168e','2006-09-25 12:44:56','1');

--
-- Table structure for table `categories`
--

CREATE TABLE `categories` (
  `id` varchar(64) collate utf8_polish_ci NOT NULL default '0',
  `lang` varchar(2) collate utf8_polish_ci NOT NULL default '',
  `parent` varchar(64) collate utf8_polish_ci default NULL,
  `name` varchar(255) collate utf8_polish_ci NOT NULL default '',
  `uri_name` varchar(255) collate utf8_polish_ci NOT NULL default '',
  `order` varchar(64) collate utf8_polish_ci NOT NULL default '',
  `multi` tinyint(1) NOT NULL default '0',
  `show_child_list` tinyint(1) NOT NULL default '0',
  `private` tinyint(1) NOT NULL default '0',
  `date` datetime NOT NULL default '0000-00-00 00:00:00',
  PRIMARY KEY  (`id`,`lang`)
) ENGINE=MyISAM DEFAULT CHARSET=utf8 COLLATE=utf8_polish_ci;

--
-- Dumping data for table `categories`
--


INSERT INTO `categories` VALUES ('cid4513cb7b4dbfb','pl','cid4513cafac3be7','Nieruchomości komercyjne','Nieruchomosci_komercyjne','1158925179',0,0,0,'2006-09-22 13:39:39'),('cid4513cb7b4dbfb','en','cid4513cafac3be7','Nieruchomości komercyjne','Nieruchomosci_komercyjne','1158925179',0,0,0,'2006-09-22 13:39:39'),('cid4513cb63bfb39','pl','cid4513cafac3be7','Lokale użytkowe','Lokale_uzytkowe','1158925155',0,0,0,'2006-09-22 13:39:15'),('cid4513b737b3858','en',NULL,'Menu główne','Menu_glowne','1158919991',0,0,0,'2006-09-22 12:13:11'),('cid4513b737b3858','pl',NULL,'Menu główne','Menu_glowne','1158919991',0,0,0,'2006-09-22 12:13:11'),('cid4513b74d803ff','en','cid4513b737b3858','Homepage','Homepage','1158926887',0,0,0,'2006-09-22 12:13:33'),('cid4513b74d803ff','pl','cid4513b737b3858','Strona główna','Strona_glowna','1158926887',0,0,0,'2006-09-22 12:13:33'),('cid4513cb63bfb39','en','cid4513cafac3be7','Lokale użytkowe','Lokale_uzytkowe','1158925155',0,0,0,'2006-09-22 13:39:15'),('cid4513cb5307bfc','en','cid4513cafac3be7','Lokale mieszkalne','Lokale_mieszkalne','1158925139',0,0,0,'2006-09-22 13:38:59'),('cid4513cb5307bfc','pl','cid4513cafac3be7','Lokale mieszkalne','Lokale_mieszkalne','1158925139',0,0,0,'2006-09-22 13:38:59'),('cid4513cafac3be7','pl','cid4513b737b3858','Oferta','Oferta','1158926558',0,0,0,'2006-09-22 13:37:30'),('cid4513cafac3be7','en','cid4513b737b3858','Oferta','Oferta','1158926558',0,0,0,'2006-09-22 13:37:30'),('cid4513cb873cd0f','en','cid4513cafac3be7','Developerzy','Developerzy','1158925191',0,0,0,'2006-09-22 13:39:51'),('cid4513cb873cd0f','pl','cid4513cafac3be7','Developerzy','Developerzy','1158925191',0,0,0,'2006-09-22 13:39:51'),('cid4513cbd72ce34','en','cid4513cafac3be7','Wspólnoty mieszkaniowe','Wspolnoty_mieszkaniowe','1158925271',0,0,0,'2006-09-22 13:41:11'),('cid4513cbd72ce34','pl','cid4513cafac3be7','Wspólnoty mieszkaniowe','Wspolnoty_mieszkaniowe','1158925271',0,0,0,'2006-09-22 13:41:11'),('cid4513cc1e561a0','en','cid4513b737b3858','Kontakt','Kontakt','1158921449',0,0,0,'2006-09-22 13:42:22'),('cid4513cc1e561a0','pl','cid4513b737b3858','Kontakt','Kontakt','1158921449',0,0,0,'2006-09-22 13:42:22'),('cid4513cc3879230','en','cid4513b737b3858','Strefa logowania','Strefa_logowania','1158925050',0,0,0,'2006-09-22 13:42:48'),('cid4513cc3879230','pl','cid4513b737b3858','Strefa logowania','Strefa_logowania','1158925050',0,0,0,'2006-09-22 13:42:48'),('cid4513cc49626b9','en','cid4513b737b3858','Pogotowie techniczne','Pogotowie_techniczne','1158925342',0,0,0,'2006-09-22 13:43:05'),('cid4513cc49626b9','pl','cid4513b737b3858','Pogotowie techniczne','Pogotowie_techniczne','1158925342',0,0,0,'2006-09-22 13:43:05'),('cid4513cc7339ce6','en','cid4513b737b3858','Doradztwo i szkolenia','Doradztwo_i_szkolenia','1158925368',0,0,0,'2006-09-22 13:43:47'),('cid4513cc7339ce6','pl','cid4513b737b3858','Doradztwo i szkolenia','Doradztwo_i_szkolenia','1158925368',0,0,0,'2006-09-22 13:43:47'),('cid4513cd3fb286b','en','cid4513b737b3858','Ogłoszenia','Olgoszenia','1158925385',0,0,0,'2006-09-22 13:47:11'),('cid4513cd3fb286b','pl','cid4513b737b3858','Ogłoszenia','Olgoszenia','1158925385',0,0,0,'2006-09-22 13:47:11'),('cid4513cd6c27db1','en','cid4513cd3fb286b','Poszukiwani wykonawcy','Poszukiwani_wykonawcy','1158925710',0,0,0,'2006-09-22 13:47:56'),('cid4513cd6c27db1','pl','cid4513cd3fb286b','Poszukiwani wykonawcy','Poszukiwani_wykonawcy','1158925710',0,0,0,'2006-09-22 13:47:56'),('cid4513cd7c368fc','en','cid4513cd3fb286b','Praca','Praca','1158925692',0,0,0,'2006-09-22 13:48:12'),('cid4513cd7c368fc','pl','cid4513cd3fb286b','Praca','Praca','1158925692',0,0,0,'2006-09-22 13:48:12'),('cid4513cd8ebec35','en','cid4513cd3fb286b','Praktyki zawodowe','Praktyki_zawodowe','1158925676',0,0,0,'2006-09-22 13:48:30'),('cid4513cd8ebec35','pl','cid4513cd3fb286b','Praktyki zawodowe','Praktyki_zawodowe','1158925676',0,0,0,'2006-09-22 13:48:30'),('cid4513cdab64019','en','cid4513b737b3858','Porady fachowca','Porady_fachowca','1158925427',0,0,0,'2006-09-22 13:48:59'),('cid4513cdab64019','pl','cid4513b737b3858','Porady fachowca','Porady_fachowca','1158925427',0,0,0,'2006-09-22 13:48:59'),('cid4513cdf0d60ce','en','cid4513cdab64019','Ogrzewanie podłogowe w łazience','Ogrzewanie_podlogowe_w_lazience','1158925808',0,0,0,'2006-09-22 13:50:08'),('cid4513cdf0d60ce','pl','cid4513cdab64019','Ogrzewanie podłogowe w łazience','Ogrzewanie_podlogowe_w_lazience','1158925808',0,0,0,'2006-09-22 13:50:08'),('cid4513ce13b83d0','en','cid4513cdab64019','Nowe okna ? - ale jakie','Nowe_okna_ale_jakie','1158925843',0,0,0,'2006-09-22 13:50:43'),('cid4513ce13b83d0','pl','cid4513cdab64019','Nowe okna ? - ale jakie','Nowe_okna_ale_jakie','1158925843',0,0,0,'2006-09-22 13:50:43'),('cid4513ce30dd750','en','cid4513cdab64019','Wentylacja - ważna rzecz','Wentylacja_wazna_rzecz','1158925872',0,0,0,'2006-09-22 13:51:12'),('cid4513ce30dd750','pl','cid4513cdab64019','Wentylacja - ważna rzecz','Wentylacja_wazna_rzecz','1158925872',0,0,0,'2006-09-22 13:51:12'),('cid4513ce45ee3ec','en','cid4513b737b3858','Finanse','Finanse','1158925631',0,0,0,'2006-09-22 13:51:33'),('cid4513ce45ee3ec','pl','cid4513b737b3858','Finanse','Finanse','1158925631',0,0,0,'2006-09-22 13:51:33'),('cid4513cf4476ed5','en','cid4513ce45ee3ec','Obliczenie raty kredytowej','Obliczenie_raty_kredytowej','1158926148',0,0,0,'2006-09-22 13:55:48'),('cid4513cf4476ed5','pl','cid4513ce45ee3ec','Obliczenie raty kredytowej','Obliczenie_raty_kredytowej','1158926148',0,0,0,'2006-09-22 13:55:48'),('cid4513cf5a2f56e','en','cid4513ce45ee3ec','Dotacje gminne dla wspólnot','Dotacje_gminne_dla_wspolnot','1158926170',0,0,0,'2006-09-22 13:56:10'),('cid4513cf5a2f56e','pl','cid4513ce45ee3ec','Dotacje gminne dla wspólnot','Dotacje_gminne_dla_wspolnot','1158926170',0,0,0,'2006-09-22 13:56:10'),('cid4513cf7316153','en','cid4513ce45ee3ec','Dotacje unijne dla wspólnot','Dotacje_unijne_dla_wspolnot','1158926195',0,0,0,'2006-09-22 13:56:35'),('cid4513cf7316153','pl','cid4513ce45ee3ec','Dotacje unijne dla wspólnot','Dotacje_unijne_dla_wspolnot','1158926195',0,0,0,'2006-09-22 13:56:35'),('cid4513cf845ba90','en','cid4513b737b3858','Wzory pism','Wzory_pism','1158925739',0,0,0,'2006-09-22 13:56:52'),('cid4513cf845ba90','pl','cid4513b737b3858','Wzory pism','Wzory_pism','1158925739',0,0,0,'2006-09-22 13:56:52'),('cid4513cfa56ea5e','en','cid4513cf845ba90','Wnioski','Wnioski','1158926245',0,0,0,'2006-09-22 13:57:25'),('cid4513cfa56ea5e','pl','cid4513cf845ba90','Wnioski','Wnioski','1158926245',0,0,0,'2006-09-22 13:57:25'),('cid4513cfb33d1e5','en','cid4513cf845ba90','Dla najemcy','Dla_najemcy','1158926259',0,0,0,'2006-09-22 13:57:39'),('cid4513cfb33d1e5','pl','cid4513cf845ba90','Dla najemcy','Dla_najemcy','1158926259',0,0,0,'2006-09-22 13:57:39'),('cid4513cfd3a2edc','en','cid4513cf845ba90','Dla Właściciela','Dla_Wlasciciela','1158926291',0,0,0,'2006-09-22 13:58:11'),('cid4513cfd3a2edc','pl','cid4513cf845ba90','Dla Właściciela','Dla_Wlasciciela','1158926291',0,0,0,'2006-09-22 13:58:11'),('cid4513cfec89da2','en','cid4513b737b3858','FAQ','FAQ','1158925893',1,0,0,'2006-09-22 13:58:36'),('cid4513cfec89da2','pl','cid4513b737b3858','FAQ','FAQ','1158925893',1,0,0,'2006-09-22 13:58:36'),('cid4513d03e42ba2','en','cid4513b737b3858','Zapytaj eksperta','Zapytaj_eksperta','1158926212',0,0,1,'2006-09-22 13:59:58'),('cid4513d03e42ba2','pl','cid4513b737b3858','Zapytaj eksperta','Zapytaj_eksperta','1158926212',0,0,1,'2006-09-22 13:59:58'),('cid4513d057e9047','en','cid4513b737b3858','Vademecum Prawa','Vademecum_Prawa','1158926316',0,0,0,'2006-09-22 14:00:23'),('cid4513d057e9047','pl','cid4513b737b3858','Vademecum Prawa','Vademecum_Prawa','1158926316',0,0,0,'2006-09-22 14:00:23'),('cid4513d07a49509','en','cid4513d057e9047','Co właściciel powinien wiedzieć','Co_wlasciciel_powinien_wiedziec','1158926458',0,0,0,'2006-09-22 14:00:58'),('cid4513d07a49509','pl','cid4513d057e9047','Co właściciel powinien wiedzieć','Co_wlasciciel_powinien_wiedziec','1158926458',0,0,0,'2006-09-22 14:00:58'),('cid4513d08a4e499','en','cid4513d057e9047','Definicje','Definicje','1158926474',0,0,0,'2006-09-22 14:01:14'),('cid4513d08a4e499','pl','cid4513d057e9047','Definicje','Definicje','1158926474',0,0,0,'2006-09-22 14:01:14'),('cid4513d0a3667ba','en','cid4513d057e9047','Ważne akty prawne','Wazne_akty_prawne','1158926499',0,0,0,'2006-09-22 14:01:39'),('cid4513d0a3667ba','pl','cid4513d057e9047','Ważne akty prawne','Wazne_akty_prawne','1158926499',0,0,0,'2006-09-22 14:01:39'),('cid4513d0de1e753','en','cid4513b737b3858','Nasze nieruchomości','Nasze_nieruchomosci','1158926398',0,0,0,'2006-09-22 14:02:38'),('cid4513d0de1e753','pl','cid4513b737b3858','Nasze nieruchomości','Nasze_nieruchomosci','1158926398',0,0,0,'2006-09-22 14:02:38'),('cid4513d3c38dd49','en','cid4513d2277c010','Sprawozdanie z zarządu','Sprawozdanie_z_zarzadu','1158927299',0,0,0,'2006-09-22 14:14:59'),('cid4513d2277c010','pl','cid4513b737b3858','Gwarancja jakości','Gwarancja_jakosci','1158926423',0,0,0,'2006-09-22 14:08:07'),('cid4513d2277c010','en','cid4513b737b3858','Gwarancja jakości','Gwarancja_jakosci','1158926423',0,0,0,'2006-09-22 14:08:07'),('cid4513d3c38dd49','pl','cid4513d2277c010','Sprawozdanie z zarządu','Sprawozdanie_z_zarzadu','1158927299',0,0,0,'2006-09-22 14:14:59'),('cid4513d3e296960','en','cid4513d2277c010','Książka obiektu budowlanego','Ksiazka_obiektu_budowlanego','1158927330',0,0,0,'2006-09-22 14:15:30'),('cid4513d3e296960','pl','cid4513d2277c010','Książka obiektu budowlanego','Ksiazka_obiektu_budowlanego','1158927330',0,0,0,'2006-09-22 14:15:30'),('cid4513d3f95aadd','en','cid4513d2277c010','Obowiązkowe przeglądy techniczne','Obowiazkowe_przeglady_techniczne','1158927353',0,0,0,'2006-09-22 14:15:53'),('cid4513d3f95aadd','pl','cid4513d2277c010','Obowiązkowe przeglądy techniczne','Obowiazkowe_przeglady_techniczne','1158927353',0,0,0,'2006-09-22 14:15:53'),('cid4513d416c5666','en','cid4513d2277c010','Kodeks etyki','Kodeks_etyki','1158927382',0,0,0,'2006-09-22 14:16:22'),('cid4513d416c5666','pl','cid4513d2277c010','Kodeks etyki','Kodeks_etyki','1158927382',0,0,0,'2006-09-22 14:16:22'),('cid4513d4252411d','en','cid4513d2277c010','Standardy zawodowe','Standardy_zawodowe','1158927397',0,0,0,'2006-09-22 14:16:37'),('cid4513d4252411d','pl','cid4513d2277c010','Standardy zawodowe','Standardy_zawodowe','1158927397',0,0,0,'2006-09-22 14:16:37'),('cid45177d540f62d','en','cid4513cc1e561a0','Zapytanie ofertowe','Zapytanie_ofertowe','1159167330',0,0,0,'2006-09-25 08:55:16'),('cid45177d540f62d','pl','cid4513cc1e561a0','Zapytanie ofertowe','Zapytanie_ofertowe','1159167330',0,0,0,'2006-09-25 08:55:16'),('cid45177d62cd4d7','en','cid4513cc1e561a0','Uwagi na temat serwisu','Uwagi_na_temat_serwisu','1159167316',0,0,0,'2006-09-25 08:55:30'),('cid45177d62cd4d7','pl','cid4513cc1e561a0','Uwagi na temat serwisu','Uwagi_na_temat_serwisu','1159167316',0,0,0,'2006-09-25 08:55:30'),('cid45177e14e762c','en',NULL,'Menu Wspolnoty TEST','Menu_Wspolnoty_TEST','1159167508',0,0,1,'2006-09-25 08:58:28'),('cid45177e14e762c','pl',NULL,'Menu Wspolnoty TEST','Menu_Wspolnoty_TEST','1159167508',0,0,1,'2006-09-25 08:58:28'),('cid45177ebda3e10','en','cid45177e14e762c','Nasza Polisa Ubezpieczeniowa','Nasza_Polisa_Ubezpieczeniowa','1159167677',0,0,1,'2006-09-25 09:01:17'),('cid45177ebda3e10','pl','cid45177e14e762c','Nasza Polisa Ubezpieczeniowa','Nasza_Polisa_Ubezpieczeniowa','1159167677',0,0,1,'2006-09-25 09:01:17'),('cid4517972990b1d','en','cid45177e14e762c','Napisz do nas','Napisz_do_nas','1159173929',0,0,1,'2006-09-25 10:45:29'),('cid4517972990b1d','pl','cid45177e14e762c','Napisz do nas','Napisz_do_nas','1159173929',0,0,1,'2006-09-25 10:45:29'),('cid45179751a721d','en','cid45177e14e762c','Zamówienie na bankiety wpłat','Zamowienie_na_bankiety_wplat','1159173969',0,0,1,'2006-09-25 10:46:09'),('cid45179751a721d','pl','cid45177e14e762c','Zamówienie na bankiety wpłat','Zamowienie_na_bankiety_wplat','1159173969',0,0,1,'2006-09-25 10:46:09'),('cid4517976d32420','en','cid45177e14e762c','Gospodarz','Gospodarz','1159173997',0,0,1,'2006-09-25 10:46:37'),('cid4517976d32420','pl','cid45177e14e762c','Gospodarz','Gospodarz','1159173997',0,0,1,'2006-09-25 10:46:37'),('cid4517979272adb','en','cid4517976d32420','Zakres obowiązków gospodarza domu','Zakres_obowiazkow_gospodarza_domu','1159174034',0,0,1,'2006-09-25 10:47:14'),('cid4517979272adb','pl','cid4517976d32420','Zakres obowiązków gospodarza domu','Zakres_obowiazkow_gospodarza_domu','1159174034',0,0,1,'2006-09-25 10:47:14'),('cid4517b7164d728','en','cid45177e14e762c','Realizacja zamierzeń funduszu remontowego','Realizacja_zamierzen_funduszu_remontowego','1159182102',0,0,1,'2006-09-25 13:01:42'),('cid4517b7164d728','pl','cid45177e14e762c','Realizacja zamierzeń funduszu remontowego','Realizacja_zamierzen_funduszu_remontowego','1159182102',0,0,1,'2006-09-25 13:01:42'),('cid4517b73c96bbb','en','cid4517b7164d728','Zadania planowane do realizacji','Zadania_planowane_do_realizacji','1159182140',0,0,1,'2006-09-25 13:02:20'),('cid4517b73c96bbb','pl','cid4517b7164d728','Zadania planowane do realizacji','Zadania_planowane_do_realizacji','1159182140',0,0,1,'2006-09-25 13:02:20'),('cid4517b7b9092b3','en','cid4517b7164d728','Zadania w trakcie realizacji','Zadania_w_trakcie_realizacji','1159182265',0,0,1,'2006-09-25 13:04:25'),('cid4517b7b9092b3','pl','cid4517b7164d728','Zadania w trakcie realizacji','Zadania_w_trakcie_realizacji','1159182265',0,0,1,'2006-09-25 13:04:25'),('cid4517b7cd8bffe','en','cid4517b7164d728','Zadania zrealizowane','Zadania_zrealizowane','1159182285',0,0,1,'2006-09-25 13:04:45'),('cid4517b7cd8bffe','pl','cid4517b7164d728','Zadania zrealizowane','Zadania_zrealizowane','1159182285',0,0,1,'2006-09-25 13:04:45'),('cid4517b7e039c93','en','cid45177e14e762c','Rejestr spraw','Rejestr_spraw','1159182304',0,0,1,'2006-09-25 13:05:04'),('cid4517b7e039c93','pl','cid45177e14e762c','Rejestr spraw','Rejestr_spraw','1159182304',0,0,1,'2006-09-25 13:05:04'),('cid4517b7f610e64','en','cid45177e14e762c','Ogłoszenia','Ogloszenia','1159182326',0,0,1,'2006-09-25 13:05:26'),('cid4517b7f610e64','pl','cid45177e14e762c','Ogłoszenia','Ogloszenia','1159182326',0,0,1,'2006-09-25 13:05:26'),('cid4517b8324dae8','en','cid45177e14e762c','Finanse','TEST_Finanse','1159182386',0,0,1,'2006-09-25 13:06:26'),('cid4517b8324dae8','pl','cid45177e14e762c','Finanse','TEST_Finanse','1159182386',0,0,1,'2006-09-25 13:06:26'),('cid4517b896356f4','pl','cid4517b8324dae8','Konto bankowe','Konto_bankowe','1159182486',0,0,1,'2006-09-25 13:08:06'),('cid4517b896356f4','en','cid4517b8324dae8','Konto bankowe','Konto_bankowe','1159182486',0,0,1,'2006-09-25 13:08:06'),('cid4517b8a3e7a3e','en','cid4517b8324dae8','Plan finansowy','Plan_finansowy','1159182499',0,0,1,'2006-09-25 13:08:19'),('cid4517b8a3e7a3e','pl','cid4517b8324dae8','Plan finansowy','Plan_finansowy','1159182499',0,0,1,'2006-09-25 13:08:19'),('cid4517b8b63f3e0','en','cid4517b8324dae8','Dłużnicy','Dluznicy','1159182518',0,0,1,'2006-09-25 13:08:38'),('cid4517b8b63f3e0','pl','cid4517b8324dae8','Dłużnicy','Dluznicy','1159182518',0,0,1,'2006-09-25 13:08:38'),('cid4517b8e0b8379','en','cid4517b8324dae8','Sprawozdanie finansowe','Sprawozdanie_finansowe','1159182560',0,0,1,'2006-09-25 13:09:20'),('cid4517b8e0b8379','pl','cid4517b8324dae8','Sprawozdanie finansowe','Sprawozdanie_finansowe','1159182560',0,0,1,'2006-09-25 13:09:20'),('cid4517b8f6db37a','en','cid45177e14e762c','Ważne telefony','Wazne_telefony','1159182582',0,0,1,'2006-09-25 13:09:42'),('cid4517b8f6db37a','pl','cid45177e14e762c','Ważne telefony','Wazne_telefony','1159182582',0,0,1,'2006-09-25 13:09:42'),('cid4517b926dcabf','en','cid45177e14e762c','Regulamin Porządku Domowego','Regulamin_Porzadku_Domowego','1159182630',0,0,1,'2006-09-25 13:10:30'),('cid4517b926dcabf','pl','cid45177e14e762c','Regulamin Porządku Domowego','Regulamin_Porzadku_Domowego','1159182630',0,0,1,'2006-09-25 13:10:30'),('cid4517b95509fe2','en','cid45177e14e762c','Uchwały','Uchwaly','1159182677',1,0,1,'2006-09-25 13:11:17'),('cid4517b95509fe2','pl','cid45177e14e762c','Uchwały','Uchwaly','1159182677',1,0,1,'2006-09-25 13:11:17'),('cid4517b96c2ace9','en','cid45177e14e762c','Galeria zdjęć','Galeria_zdjec','1159182700',0,0,1,'2006-09-25 13:11:40'),('cid4517b96c2ace9','pl','cid45177e14e762c','Galeria zdjęć','Galeria_zdjec','1159182700',0,0,1,'2006-09-25 13:11:40'),('cid4517b98570718','en','cid45177e14e762c','Zarząd Wspólnoty','Zarzad_Wspolnoty','1159182725',0,0,1,'2006-09-25 13:12:05'),('cid4517b98570718','pl','cid45177e14e762c','Zarząd Wspólnoty','Zarzad_Wspolnoty','1159182725',0,0,1,'2006-09-25 13:12:05'),('cid4517b9d691911','en','cid4517b98570718','Umowa o zarządzanie','Umowa_o_zarzadzanie','1159182806',0,0,1,'2006-09-25 13:13:26'),('cid4517b9d691911','pl','cid4517b98570718','Umowa o zarządzanie','Umowa_o_zarzadzanie','1159182806',0,0,1,'2006-09-25 13:13:26'),('cid4517b9eb59cca','en','cid4517b98570718','Zarządca i Administrator','Zarzadca_i_Administrator','1159182827',0,0,1,'2006-09-25 13:13:47'),('cid4517b9eb59cca','pl','cid4517b98570718','Zarządca i Administrator','Zarzadca_i_Administrator','1159182827',0,0,1,'2006-09-25 13:13:47'),('cid4517ba0200a2e','en','cid4517b98570718','Skład Zarządu','Sklad_Zarzadu','1159182850',0,0,1,'2006-09-25 13:14:10'),('cid4517ba0200a2e','pl','cid4517b98570718','Skład Zarządu','Sklad_Zarzadu','1159182850',0,0,1,'2006-09-25 13:14:10'),('cid4517bcb2d7957','en',NULL,'Menu Prawe','Menu_Prawe','1159183538',0,0,0,'2006-09-25 13:25:38'),('cid4517bcb2d7957','pl',NULL,'Menu Prawe','Menu_Prawe','1159183538',0,0,0,'2006-09-25 13:25:38'),('cid4517bcffcc9f5','en','cid4517bcb2d7957','Jak wyodrębnić wspólnotę mieszkaniową ze spółdzielni mieszkaniowej ?','Jak_wyodrebnic_wspolnote_mieszkaniowa_ze_spoldzielni_mieszkaniowej','1159183834',0,0,0,'2006-09-25 13:26:55'),('cid4517bcffcc9f5','pl','cid4517bcb2d7957','Jak wyodrębnić wspólnotę mieszkaniową ze spółdzielni mieszkaniowej ?','Jak_wyodrebnic_wspolnote_mieszkaniowa_ze_spoldzielni_mieszkaniowej','1159183834',0,0,0,'2006-09-25 13:26:55'),('cid4517bd325c26b','en','cid4517bcb2d7957','Adaptacja strychu na mieszkanie, jak ?','Adaptacja_strychu_na_mieszkanie_jak','1159183615',0,0,0,'2006-09-25 13:27:46'),('cid4517bd325c26b','pl','cid4517bcb2d7957','Adaptacja strychu na mieszkanie, jak ?','Adaptacja_strychu_na_mieszkanie_jak','1159183615',0,0,0,'2006-09-25 13:27:46'),('cid4517bd524f58b','en','cid4517bcb2d7957','Wsparcie dla Zarządów Wspólnot Mieszkaniowych','Wsparcie_dla_Zarzadow_Wspolnot_Mieszkaniowych','1159183666',0,0,0,'2006-09-25 13:28:18'),('cid4517bd524f58b','pl','cid4517bcb2d7957','Wsparcie dla Zarządów Wspólnot Mieszkaniowych','Wsparcie_dla_Zarzadow_Wspolnot_Mieszkaniowych','1159183666',0,0,0,'2006-09-25 13:28:18'),('cid4517bd6fdacb2','en','cid4517bcb2d7957','Kalkulator kosztów utrzymania mieszkania własnościowego','Kalkulator_kosztow_utrzymania_mieszkania_wlasnosciowego','1159183698',0,0,0,'2006-09-25 13:28:47'),('cid4517bd6fdacb2','pl','cid4517bcb2d7957','Kalkulator kosztów utrzymania mieszkania własnościowego','Kalkulator_kosztow_utrzymania_mieszkania_wlasnosciowego','1159183698',0,0,0,'2006-09-25 13:28:47'),('cid4517bd9a9137c','en','cid4517bcb2d7957','Czy można zmienić zarządcę ?','Czy_mozna_zmienic_zarzadce','1159183727',0,0,0,'2006-09-25 13:29:30'),('cid4517bd9a9137c','pl','cid4517bcb2d7957','Czy można zmienić zarządcę ?','Czy_mozna_zmienic_zarzadce','1159183727',0,0,0,'2006-09-25 13:29:30'),('cid4517bddad8c1b','en','cid4517bcb2d7957','Wspólnota Mieszkaniowa: co to jest, jak powstaje, jakie ma prawa ?','Wsplnota_Mieszkaniowa_co_to_jest_jak_powstaje_jakie_ma_prawa','1159183770',0,0,0,'2006-09-25 13:30:34'),('cid4517bddad8c1b','pl','cid4517bcb2d7957','Wspólnota Mieszkaniowa: co to jest, jak powstaje, jakie ma prawa ?','Wsplnota_Mieszkaniowa_co_to_jest_jak_powstaje_jakie_ma_prawa','1159183770',0,0,0,'2006-09-25 13:30:34');

--
-- Table structure for table `categories_groups`
--

CREATE TABLE `categories_groups` (
  `cat_id` varchar(64) character set utf8 collate utf8_polish_ci NOT NULL default '',
  `groupid` int(8) NOT NULL default '0',
  PRIMARY KEY  (`cat_id`,`groupid`)
) ENGINE=MyISAM DEFAULT CHARSET=latin1;

--
-- Dumping data for table `categories_groups`
--


INSERT INTO `categories_groups` VALUES ('cid4513d03e42ba2',2),('cid45177e14e762c',2),('cid45177ebda3e10',2),('cid4517972990b1d',2),('cid45179751a721d',2),('cid4517976d32420',2),('cid4517979272adb',2),('cid4517b7164d728',2),('cid4517b73c96bbb',2),('cid4517b7b9092b3',2),('cid4517b7cd8bffe',2),('cid4517b7e039c93',2),('cid4517b7f610e64',2),('cid4517b8324dae8',2),('cid4517b896356f4',2),('cid4517b8a3e7a3e',2),('cid4517b8b63f3e0',2),('cid4517b8e0b8379',2),('cid4517b8f6db37a',2),('cid4517b926dcabf',2),('cid4517b95509fe2',2),('cid4517b96c2ace9',2),('cid4517b98570718',2),('cid4517b9d691911',2),('cid4517b9eb59cca',2),('cid4517ba0200a2e',2);

--
-- Table structure for table `logger_events`
--

CREATE TABLE `logger_events` (
  `time` datetime NOT NULL default '0000-00-00 00:00:00',
  `type` varchar(15) collate utf8_polish_ci NOT NULL default '',
  `username` varchar(50) collate utf8_polish_ci NOT NULL default '',
  `description` text collate utf8_polish_ci NOT NULL,
  `ip` varchar(15) collate utf8_polish_ci NOT NULL default '',
  `subtype` varchar(20) collate utf8_polish_ci NOT NULL default ''
) ENGINE=MyISAM DEFAULT CHARSET=utf8 COLLATE=utf8_polish_ci;

--
-- Dumping data for table `logger_events`
--


INSERT INTO `logger_events` VALUES ('2006-09-01 13:05:08','MESSAGE','rachwal','User logged in','127.0.0.1','LOGIN'),('2006-09-01 13:07:17','MESSAGE','rachwal','User logged in','127.0.0.1','LOGIN'),('2006-09-01 14:17:22','MESSAGE','rachwal','User logged in','127.0.0.1','LOGIN'),('2006-09-04 10:47:58','MESSAGE','rachwal','User logged in','127.0.0.1','LOGIN'),('2006-09-04 12:03:26','MESSAGE','rachwal','User logged in','127.0.0.1','LOGIN'),('2006-09-18 14:14:55','MESSAGE','rachwal','User logged in','127.0.0.1','LOGIN'),('2006-09-18 15:10:53','MESSAGE','rachwal','User logged out','127.0.0.1','LOGOUT'),('2006-09-18 15:14:51','MESSAGE','rachwal','User logged in','127.0.0.1','LOGIN'),('2006-09-20 07:51:37','MESSAGE','rachwal','User logged in','127.0.0.1','LOGIN'),('2006-09-20 15:17:39','MESSAGE','rachwal','User logged in','127.0.0.1','LOGIN'),('2006-09-21 10:20:06','MESSAGE','rachwal','User logged in','127.0.0.1','LOGIN'),('2006-09-21 13:11:14','MESSAGE','rachwal','User logged in','127.0.0.1','LOGIN'),('2006-09-21 14:04:56','MESSAGE','rachwal','User logged in','127.0.0.1','LOGIN'),('2006-09-22 07:50:10','MESSAGE','rachwal','User logged in','127.0.0.1','LOGIN'),('2006-09-22 08:48:57','MESSAGE','rachwal','User logged in','127.0.0.1','LOGIN'),('2006-09-22 10:41:35','MESSAGE','rachwal','User logged in','127.0.0.1','LOGIN'),('2006-09-22 11:15:09','MESSAGE','rachwal','User logged in','10.10.30.136','LOGIN'),('2006-09-22 12:06:41','ERROR','rachwal','Incorrect username or password','127.0.0.1','LOGIN_ERROR'),('2006-09-22 12:06:46','MESSAGE','rachwal','User logged in','127.0.0.1','LOGIN'),('2006-09-25 08:23:44','MESSAGE','rachwal','User logged in','127.0.0.1','LOGIN'),('2006-09-25 09:34:50','MESSAGE','rachwal','User logged in','127.0.0.1','LOGIN'),('2006-09-25 09:37:26','MESSAGE','rachwal','User logged in','127.0.0.1','LOGIN'),('2006-09-25 09:46:13','MESSAGE','rachwal','User logged in','127.0.0.1','LOGIN'),('2006-09-25 09:50:17','MESSAGE','rachwal','User logged in','127.0.0.1','LOGIN'),('2006-09-25 10:28:50','MESSAGE','rachwal','User logged in','127.0.0.1','LOGIN'),('2006-09-25 10:44:55','MESSAGE','rachwal','User logged in','127.0.0.1','LOGIN'),('2006-09-25 12:43:43','MESSAGE','rachwal','User logged in','127.0.0.1','LOGIN'),('2006-09-25 12:59:18','MESSAGE','rachwal','User logged in','127.0.0.1','LOGIN'),('2006-09-25 13:25:11','MESSAGE','rachwal','User logged in','127.0.0.1','LOGIN'),('2006-09-25 13:46:26','MESSAGE','rachwal','User logged in','127.0.0.1','LOGIN'),('2006-09-25 13:58:54','MESSAGE','rachwal','User logged in','127.0.0.1','LOGIN');

--
-- Table structure for table `osc_configuration`
--

CREATE TABLE `osc_configuration` (
  `configuration_id` int(8) NOT NULL auto_increment,
  `configuration_title` varchar(255) collate utf8_polish_ci NOT NULL default '',
  `configuration_key` varchar(255) collate utf8_polish_ci NOT NULL default '',
  `configuration_value` varchar(255) collate utf8_polish_ci NOT NULL default '',
  `configuration_description` varchar(255) collate utf8_polish_ci NOT NULL default '',
  `configuration_group_id` int(8) NOT NULL default '0',
  `sort_order` int(11) default NULL,
  `last_modified` datetime default NULL,
  `date_added` datetime NOT NULL default '0000-00-00 00:00:00',
  `possible_values` text collate utf8_polish_ci,
  `value_function` varchar(255) collate utf8_polish_ci default NULL,
  PRIMARY KEY  (`configuration_id`)
) ENGINE=MyISAM DEFAULT CHARSET=utf8 COLLATE=utf8_polish_ci;

--
-- Dumping data for table `osc_configuration`
--


INSERT INTO `osc_configuration` VALUES (1,'Session max lifetime','SESSION_MAX_LIFETIME','3600','Seconds',1,NULL,'2006-06-19 14:59:37','2006-06-19 14:22:04',NULL,NULL),(2,'LogsBrowser page size','LOGS_PAGE_SIZE','25','Row count',1,NULL,NULL,'2006-06-19 14:26:40',NULL,NULL),(3,'LoginManager page size','LOGINMANAGER_PAGE_SIZE','25','Row count',1,NULL,NULL,'2006-06-19 14:26:40',NULL,NULL),(5,'Utrzymanie czystosci w obrebie nieruchomosci (kondygnacje: 0-4)','CALC_UCWON_0_4','180','Wartosc',2,NULL,NULL,'2006-09-20 16:02:18',NULL,NULL),(6,'Utrzymanie czystosci w obrebie nieruchomosci (kondygnacje: 4-6)','CALC_UCWON_4_6','220','Wartosc',2,NULL,NULL,'2006-09-20 16:02:18',NULL,NULL),(7,'Utrzymanie czystosci w obrebie nieruchomosci (kondygnacje: 6-8)','CALC_UCWON_6_8','250','Wartosc',2,NULL,NULL,'2006-09-20 16:02:18',NULL,NULL),(8,'Utrzymanie czystosci w obrebie nieruchomosci (kondygnacje: 8 i wiecej)','CALC_UCWON_8','300','Wartosc',2,NULL,NULL,'2006-09-20 16:02:18',NULL,NULL),(9,'Utrzymanie zieleni (powierzchnia terenow zielonych: 0-100)','CALC_UZ_0_100','30','Wartosc',2,NULL,NULL,'2006-09-20 16:02:18',NULL,NULL),(10,'Utrzymanie zieleni (powierzchnia terenow zielonych: 100-200)','CALC_UZ_100_200','48','Wartosc',2,NULL,NULL,'2006-09-20 16:02:18',NULL,NULL),(11,'Utrzymanie zieleni (powierzchnia terenow zielonych: 200-400)','CALC_UZ_200_400','76.8','Wartosc',2,NULL,NULL,'2006-09-20 16:02:18',NULL,NULL),(12,'Utrzymanie zieleni (powierzchnia terenow zielonych: 400-800)','CALC_UZ_400_800','122.88','Wartosc',2,NULL,NULL,'2006-09-20 16:02:18',NULL,NULL),(13,'Utrzymanie zieleni (powierzchnia terenow zielonych: 800-1600)','CALC_UZ_800_1600','196.61','Wartosc',2,NULL,NULL,'2006-09-20 16:02:18',NULL,NULL),(14,'Utrzymanie zieleni (powierzchnia terenow zielonych: 1600-3200)','CALC_UZ_1600_3200','314.57','Wartosc',2,NULL,NULL,'2006-09-20 16:02:18',NULL,NULL),(15,'Utrzymanie zieleni (powierzchnia terenow zielonych: powyzej 3200)','CALC_UZ_3200','503.32','Wartosc',2,NULL,NULL,'2006-09-20 16:02:18',NULL,NULL),(16,'Utrzymanie czystosci na terenie posesii oraz utrzymanie zimowe (powierzchnia drog i parkingow: 0-200)','CALC_UCNTPOUZ_0_200','100','Wartosc',2,NULL,NULL,'2006-09-20 16:02:18',NULL,NULL),(17,'Utrzymanie czystosci na terenie posesii oraz utrzymanie zimowe (powierzchnia drog i parkingow: 200-500)','CALC_UCNTPOUZ_200_500','250','Wartosc',2,NULL,NULL,'2006-09-20 16:02:18',NULL,NULL),(18,'Utrzymanie czystosci na terenie posesii oraz utrzymanie zimowe (powierzchnia drog i parkingow: 500-1000)','CALC_UCNTPOUZ_500_1000','350','Wartosc',2,NULL,NULL,'2006-09-20 16:02:18',NULL,NULL),(19,'Utrzymanie czystosci na terenie posesii oraz utrzymanie zimowe (powierzchnia drog i parkingow: powyzej 1000)','CALC_UCNTPOUZ_1000','600','Wartosc',2,NULL,NULL,'2006-09-20 16:02:18',NULL,NULL),(20,'Energia na zewnatrz','CALC_ENERGIA_ZEWNATRZ','4','Wartosc',2,NULL,NULL,'2006-09-20 16:02:18',NULL,NULL),(21,'Energia w klatkach','CALC_ENERGIA_KLATKI','25','Wartosc',2,NULL,NULL,'2006-09-20 16:02:18',NULL,NULL),(22,'Naprawy i konserwacje, obowiazkowe przeglady nieruchomosci oraz instalacji i urzadzen (konserwacja: BDB)','CALC_NIKOPNOIIU_KONSERWACJA_BDB','0.1','Wartosc',2,NULL,NULL,'2006-09-20 16:02:18',NULL,NULL),(23,'Naprawy i konserwacje, obowiazkowe przeglady nieruchomosci oraz instalacji i urzadzen (konserwacja: DB)','CALC_NIKOPNOIIU_KONSERWACJA_DB','0.12','Wartosc',2,NULL,NULL,'2006-09-20 16:02:18',NULL,NULL),(24,'Naprawy i konserwacje, obowiazkowe przeglady nieruchomosci oraz instalacji i urzadzen (konserwacja: DST)','CALC_NIKOPNOIIU_KONSERWACJA_DST','0.15','Wartosc',2,NULL,NULL,'2006-09-20 16:02:18',NULL,NULL),(25,'Naprawy i konserwacje, obowiazkowe przeglady nieruchomosci oraz instalacji i urzadzen (konserwacja: ZLY)','CALC_NIKOPNOIIU_KONSERWACJA_ZLY','0','Wartosc',2,NULL,NULL,'2006-09-20 16:02:18',NULL,NULL),(26,'Naprawy i konserwacje, obowiazkowe przeglady nieruchomosci oraz instalacji i urzadzen (domofon)','CALC_NIKOPNOIIU_DOMOFON','2','Wartosc',2,NULL,NULL,'2006-09-20 16:02:18',NULL,NULL),(27,'Naprawy i konserwacje, obowiazkowe przeglady nieruchomosci oraz instalacji i urzadzen (domofon + gaz)','CALC_NIKOPNOIIU_DOMOFON_GAZ','10','Wartosc',2,NULL,NULL,'2006-09-20 16:02:18',NULL,NULL),(28,'Naprawy i konserwacje, obowiazkowe przeglady nieruchomosci oraz instalacji i urzadzen (windy, kondygnacje: 5)','CALC_NIKOPNOIIU_WINDY_KOND_5','600','Wartosc',2,NULL,NULL,'2006-09-20 16:02:18',NULL,NULL),(29,'Naprawy i konserwacje, obowiazkowe przeglady nieruchomosci oraz instalacji i urzadzen (windy, kondygnacje: 6)','CALC_NIKOPNOIIU_WINDY_KOND_6','700','Wartosc',2,NULL,NULL,'2006-09-20 16:02:18',NULL,NULL),(30,'Naprawy i konserwacje, obowiazkowe przeglady nieruchomosci oraz instalacji i urzadzen (windy, kondygnacje: 7)','CALC_NIKOPNOIIU_WINDY_KOND_7','800','Wartosc',2,NULL,NULL,'2006-09-20 16:02:18',NULL,NULL),(31,'Naprawy i konserwacje, obowiazkowe przeglady nieruchomosci oraz instalacji i urzadzen (windy, kondygnacje: 8)','CALC_NIKOPNOIIU_WINDY_KOND_8','900','Wartosc',2,NULL,NULL,'2006-09-20 16:02:18',NULL,NULL),(32,'Naprawy i konserwacje, obowiazkowe przeglady nieruchomosci oraz instalacji i urzadzen (windy, kondygnacje: reszta)','CALC_NIKOPNOIIU_WINDY_KOND_RESZTA','1000','Wartosc',2,NULL,NULL,'2006-09-20 16:02:18',NULL,NULL),(33,'Ubezpieczenie nieruchomosci od zdarzen losowych (przed 1939)','CALC_UNOZL_PRZED_1939','2000','Wartosc',2,NULL,NULL,'2006-09-20 16:02:18',NULL,NULL),(34,'Ubezpieczenie nieruchomosci od zdarzen losowych (1939-1970)','CALC_UNOZL_1939_1970','2200','Wartosc',2,NULL,NULL,'2006-09-20 16:02:18',NULL,NULL),(35,'Ubezpieczenie nieruchomosci od zdarzen losowych (1970-1999)','CALC_UNOZL_1970_1999','2400','Wartosc',2,NULL,NULL,'2006-09-20 16:02:18',NULL,NULL),(36,'Ubezpieczenie nieruchomosci od zdarzen losowych (po 1999)','CALC_UNOZL_PO_1999','2800','Wartosc',2,NULL,NULL,'2006-09-20 16:02:18',NULL,NULL),(37,'Ubezpieczenie nieruchomosci od zdarzen losowych (mnoznik)','CALC_UNOZL_MNOZNIK','0.0003','Wartosc',2,NULL,NULL,'2006-09-20 16:02:18',NULL,NULL),(38,'Ubezpieczenie OC właścicieli','CALC_UOCW','150','Wartosc',2,NULL,NULL,'2006-09-20 16:02:18',NULL,NULL),(39,'Wynagrodzenie zarzadcy (rok budowy: przed 1939)','CALC_WZ_ROK_BUDOWY_PRZED_1939','0.3','Wartosc',2,NULL,NULL,'2006-09-20 16:02:18',NULL,NULL),(40,'Wynagrodzenie zarzadcy (rok budowy: 1939-1970)','CALC_WZ_ROK_BUDOWY_1939_1970','0.28','Wartosc',2,NULL,NULL,'2006-09-20 16:02:18',NULL,NULL),(41,'Wynagrodzenie zarzadcy (rok budowy: 1970-1999)','CALC_WZ_ROK_BUDOWY_1970_1999','0.26','Wartosc',2,NULL,NULL,'2006-09-20 16:02:18',NULL,NULL),(42,'Wynagrodzenie zarzadcy (rok budowy: po 1999)','CALC_WZ_ROK_BUDOWY_PO_1999','0.24','Wartosc',2,NULL,NULL,'2006-09-20 16:02:18',NULL,NULL),(43,'Wynagrodzenie zarzadcy (stan techniczny: BDB)','CALC_WZ_STAN_TECHNICZNY_BDB','0.05','Wartosc',2,NULL,NULL,'2006-09-20 16:02:18',NULL,NULL),(44,'Wynagrodzenie zarzadcy (stan techniczny: DB)','CALC_WZ_STAN_TECHNICZNY_DB','0.07','Wartosc',2,NULL,NULL,'2006-09-20 16:02:18',NULL,NULL),(45,'Wynagrodzenie zarzadcy (stan techniczny: DST)','CALC_WZ_STAN_TECHNICZNY_DST','0.09','Wartosc',2,NULL,NULL,'2006-09-20 16:02:18',NULL,NULL),(46,'Wynagrodzenie zarzadcy (stan techniczny: ZLY)','CALC_WZ_STAN_TECHNICZNY_ZLY','0.11','Wartosc',2,NULL,NULL,'2006-09-20 16:02:18',NULL,NULL),(47,'Wynagrodzenie zarzadcy (naklady remontowe: znaczne)','CALC_WZ_NAKLADY_REMONTOWE_ZNACZNE','0.1','Wartosc',2,NULL,NULL,'2006-09-20 16:02:18',NULL,NULL),(48,'Wynagrodzenie zarzadcy (naklady remontowe: wystarczajace)','CALC_WZ_NAKLADY_REMONTOWE_WYSTARCZAJACE','0.2','Wartosc',2,NULL,NULL,'2006-09-20 16:02:18',NULL,NULL),(49,'Wynagrodzenie zarzadcy (naklady remontowe: znikome)','CALC_WZ_NAKLADY_REMONTOWE_ZNIKOME','0.3','Wartosc',2,NULL,NULL,'2006-09-20 16:02:18',NULL,NULL),(50,'Wynagrodzenie zarzadcy (cel: utrzymac)','CALC_WZ_CEL_ZARZADCY_UTRZYMAC','-0.03','Wartosc',2,NULL,NULL,'2006-09-20 16:02:18',NULL,NULL),(51,'Wynagrodzenie zarzadcy (cel: stopniowo poprawic)','CALC_WZ_CEL_ZARZADCY_STOPNIOWO_POPRAWIC','-0.02','Wartosc',2,NULL,NULL,'2006-09-20 16:02:18',NULL,NULL),(52,'Wynagrodzenie zarzadcy (cel: znacznie poprawic)','CALC_WZ_CEL_ZARZADCY_ZNACZNIE_POPRAWIC','-0.01','Wartosc',2,NULL,NULL,'2006-09-20 16:02:18',NULL,NULL),(53,'Wynagrodzenie zarzadcy (cel: intensywnie inwestowac)','CALC_WZ_CEL_ZARZADCY_INTENSYWNIE_INWESTOWAC','0','Wartosc',2,NULL,NULL,'2006-09-20 16:02:18',NULL,NULL),(54,'Sugerowany fundusz remontowy (stan techniczny: BDB)','CALC_SFR_STAN_TECHNICZNY_BDB','0.3','Wartosc',2,NULL,NULL,'2006-09-20 16:02:18',NULL,NULL),(55,'Sugerowany fundusz remontowy (stan techniczny: DB)','CALC_SFR_STAN_TECHNICZNY_DB','0.5','Wartosc',2,NULL,NULL,'2006-09-20 16:02:18',NULL,NULL),(56,'Sugerowany fundusz remontowy (stan techniczny: DST)','CALC_SFR_STAN_TECHNICZNY_DST','0.9','Wartosc',2,NULL,NULL,'2006-09-20 16:02:18',NULL,NULL),(57,'Sugerowany fundusz remontowy (stan techniczny: ZLY)','CALC_SFR_STAN_TECHNICZNY_ZLY','1.3','Wartosc',2,NULL,NULL,'2006-09-20 16:02:18',NULL,NULL),(58,'Sugerowany fundusz remontowy (cel: utrzymac)','CALC_SFR_CEL_ZARZADCY_UTRZYMAC','0','Wartosc',2,NULL,NULL,'2006-09-20 16:02:18',NULL,NULL),(59,'Sugerowany fundusz remontowy (cel: stopniowo poprawic)','CALC_SFR_CEL_ZARZADCY_STOPNIOWO_POPRAWIC','0.4','Wartosc',2,NULL,NULL,'2006-09-20 16:02:18',NULL,NULL),(60,'Sugerowany fundusz remontowy (cel: znacznie poprawic)','CALC_SFR_CEL_ZARZADCY_ZNACZNIE_POPRAWIC','0.6','Wartosc',2,NULL,NULL,'2006-09-20 16:02:18',NULL,NULL),(61,'Sugerowany fundusz remontowy (cel: intensywnie inwestowac)','CALC_SFR_CEL_ZARZADCY_INTENSYWNIE_INWESTOWAC','0.8','Wartosc',2,NULL,NULL,'2006-09-20 16:02:18',NULL,NULL),(62,'Utrzymanie czystosci w garazu (ilosc garazy: do 4)','CALC_UCWG_0_4','10','Wartosc',2,NULL,NULL,'2006-09-20 16:02:18',NULL,NULL),(63,'Utrzymanie czystosci w garazu (ilosc garazy: 4-10)','CALC_UCWG_4_10','8','Wartosc',2,NULL,NULL,'2006-09-20 16:02:18',NULL,NULL),(64,'Utrzymanie czystosci w garazu (ilosc garazy: 10-20)','CALC_UCWG_10_20','7','Wartosc',2,NULL,NULL,'2006-09-20 16:02:18',NULL,NULL),(65,'Utrzymanie czystosci w garazu (ilosc garazy: powyzej 20)','CALC_UCWG_20','6','Wartosc',2,NULL,NULL,'2006-09-20 16:02:18',NULL,NULL),(66,'Energia elektryczna dla potrzeb oswietlenia i wentylacji garazy','CALC_GEEDPOIW','5','Wartosc',2,NULL,NULL,'2006-09-20 16:02:19',NULL,NULL),(67,'Naprawy i konserwacje, obowiazkowe przeglady nieruchomosci oraz instalacji i urzadzen w garazach (ilosc garazy: do 4)','CALC_GNIKOPNOIIU_0_4','9','Wartosc',2,NULL,NULL,'2006-09-20 16:02:19',NULL,NULL),(68,'Naprawy i konserwacje, obowiazkowe przeglady nieruchomosci oraz instalacji i urzadzen w garazach (ilosc garazy: 4-10)','CALC_GNIKOPNOIIU_4_10','8','Wartosc',2,NULL,NULL,'2006-09-20 16:02:19',NULL,NULL),(69,'Naprawy i konserwacje, obowiazkowe przeglady nieruchomosci oraz instalacji i urzadzen w garazach (ilosc garazy: 10-20)','CALC_GNIKOPNOIIU_10_20','6','Wartosc',2,NULL,NULL,'2006-09-20 16:02:19',NULL,NULL),(70,'Naprawy i konserwacje, obowiazkowe przeglady nieruchomosci oraz instalacji i urzadzen w garazach (ilosc garazy: powyzej 20)','CALC_GNIKOPNOIIU_20','5','Wartosc',2,NULL,NULL,'2006-09-20 16:02:19',NULL,NULL),(71,'Ubezpieczenie nieruchomosci od zdarzeń losowych (garaze, liczba mniejsza (?!) )','CALC_GUNOZL_MNIEJSZA','0.0003','Wartosc',2,NULL,NULL,'2006-09-20 16:02:19',NULL,NULL),(72,'Ubezpieczenie nieruchomosci od zdarzeń losowych (garaze, liczba wieksza (?!) )','CALC_GUNOZL_WIEKSZA','30000','Wartosc',2,NULL,NULL,'2006-09-20 16:02:19',NULL,NULL),(73,'Ubezpieczenie OC wlascicieli garazy','CALC_GUOCW','100','Wartosc',2,NULL,NULL,'2006-09-20 16:02:19',NULL,NULL),(74,'Wynagrodzenie zarzadcy garazy (ilosc garazy: do 4)','CALC_GWZ_0_4','10','Wartosc',2,NULL,NULL,'2006-09-20 16:02:19',NULL,NULL),(75,'Wynagrodzenie zarzadcy garazy (ilosc garazy: 4-10)','CALC_GWZ_4_10','9','Wartosc',2,NULL,NULL,'2006-09-20 16:02:19',NULL,NULL),(76,'Wynagrodzenie zarzadcy garazy (ilosc garazy: 10-20)','CALC_GWZ_10_20','8','Wartosc',2,NULL,NULL,'2006-09-20 16:02:19',NULL,NULL),(77,'Wynagrodzenie zarzadcy garazy (ilosc garazy: powyzej 20)','CALC_GWZ_20','7','Wartosc',2,NULL,NULL,'2006-09-20 16:02:19',NULL,NULL),(78,'Sugerowany garazowy fundusz remontowy (ilosc garazy: do 4)','CALC_GSFR_0_4','12','Wartosc',2,NULL,NULL,'2006-09-20 16:02:19',NULL,NULL),(79,'Sugerowany garazowy fundusz remontowy (ilosc garazy: 4-10)','CALC_GSFR_4_10','11','Wartosc',2,NULL,NULL,'2006-09-20 16:02:19',NULL,NULL),(80,'Sugerowany garazowy fundusz remontowy (ilosc garazy: 10-20)','CALC_GSFR_10_20','10','Wartosc',2,NULL,NULL,'2006-09-20 16:02:19',NULL,NULL),(81,'Sugerowany garazowy fundusz remontowy (ilosc garazy: powyzej 20)','CALC_GSFR_20','9','Wartosc',2,NULL,NULL,'2006-09-20 16:02:19',NULL,NULL);

--
-- Table structure for table `osc_configuration_group`
--

CREATE TABLE `osc_configuration_group` (
  `configuration_group_id` int(8) NOT NULL auto_increment,
  `configuration_group_title` varchar(255) collate utf8_polish_ci NOT NULL default '',
  `configuration_group_description` varchar(255) collate utf8_polish_ci NOT NULL default '',
  `sort_order` int(8) default NULL,
  `visible` smallint(1) NOT NULL default '1',
  PRIMARY KEY  (`configuration_group_id`)
) ENGINE=MyISAM DEFAULT CHARSET=utf8 COLLATE=utf8_polish_ci;

--
-- Dumping data for table `osc_configuration_group`
--


INSERT INTO `osc_configuration_group` VALUES (1,'ACP configuration','Panel configuration',NULL,1),(2,'Kalkulator','Kalkulator',NULL,1);

--
-- Table structure for table `pages`
--

CREATE TABLE `pages` (
  `id` varchar(64) collate utf8_polish_ci NOT NULL default '',
  `cat_id` varchar(64) collate utf8_polish_ci NOT NULL default '0',
  `uri_name` varchar(255) collate utf8_polish_ci NOT NULL default '',
  `lang` varchar(2) collate utf8_polish_ci NOT NULL default '',
  `main_art` tinyint(1) NOT NULL default '0',
  `title` varchar(255) collate utf8_polish_ci NOT NULL default '',
  `content` text collate utf8_polish_ci NOT NULL,
  `show_print` tinyint(1) NOT NULL default '0',
  `show_pdf` tinyint(1) NOT NULL default '0',
  `image` varchar(255) collate utf8_polish_ci default NULL,
  `date` datetime NOT NULL default '0000-00-00 00:00:00',
  PRIMARY KEY  (`id`,`lang`)
) ENGINE=MyISAM DEFAULT CHARSET=utf8 COLLATE=utf8_polish_ci;

--
-- Dumping data for table `pages`
--


INSERT INTO `pages` VALUES ('id4513bdea83c2b','cid4513b74d803ff','Capital','en',1,'Capital','Witamy na stronach Capital. Lorem ipsum dolor sit amet, consectetuer adipiscing elit. Nunc malesuada, massa vitae porta egestas, mauris neque pellentesque magna, eget vehicula sem est sed orci. Duis nibh dui, volutpat egestas, elementum eget, rutrum ut, nisi. Praesent tincidunt ullamcorper nunc.',0,0,NULL,'2006-09-22 12:41:46'),('id4513bdea83c2b','cid4513b74d803ff','Capital','pl',1,'Capital','Witamy na stronach Capital. Lorem ipsum dolor sit amet, consectetuer adipiscing elit. Nunc malesuada, massa vitae porta egestas, mauris neque pellentesque magna, eget vehicula sem est sed orci. Duis nibh dui, volutpat egestas, elementum eget, rutrum ut, nisi. Praesent tincidunt ullamcorper nunc.',0,0,NULL,'2006-09-22 12:41:46');

--
-- Table structure for table `trans_items`
--

CREATE TABLE `trans_items` (
  `id` int(8) NOT NULL auto_increment,
  `page` varchar(255) collate utf8_polish_ci NOT NULL default '',
  `trans` varchar(255) collate utf8_polish_ci NOT NULL default '',
  `lang` smallint(6) NOT NULL default '0',
  `value` text collate utf8_polish_ci NOT NULL,
  PRIMARY KEY  (`id`)
) ENGINE=MyISAM DEFAULT CHARSET=utf8 COLLATE=utf8_polish_ci;

--
-- Dumping data for table `trans_items`
--


INSERT INTO `trans_items` VALUES (1,'CORE','Email',1,'E-mail'),(2,'CORE','Email',2,'E-mail');

--
-- Table structure for table `trans_langs`
--

CREATE TABLE `trans_langs` (
  `id` int(8) unsigned NOT NULL auto_increment,
  `name` varchar(255) collate utf8_polish_ci NOT NULL default '',
  `code` varchar(2) collate utf8_polish_ci NOT NULL default '0',
  `def` smallint(1) NOT NULL default '0',
  PRIMARY KEY  (`id`)
) ENGINE=MyISAM DEFAULT CHARSET=utf8 COLLATE=utf8_polish_ci;

--
-- Dumping data for table `trans_langs`
--


INSERT INTO `trans_langs` VALUES (1,'English','en',0),(2,'Polski','pl',1);


